(1858,349,1,'','2022-09-07 13:30:12',57,12472,'e6e372207718ae3f00fc5db26d7edb5e9544448a','{\"id\":349,\"asset_id\":\"1064\",\"title\":\"WeSAR \\u03a3\\u03cd\\u03c3\\u03c4\\u03b7\\u03bc\\u03b1 \\u0391\\u03bd\\u03b1\\u03b6\\u03ae\\u03c4\\u03b7\\u03c3\\u03b7\\u03c2 \\u03ba\\u03b1\\u03b9 \\u0394\\u03b9\\u03ac\\u03c3\\u03c9\\u03c3\\u03b7\\u03c2 \\u03b2\\u03b1\\u03c3\\u03b9\\u03c3\\u03bc\\u03ad\\u03bd\\u03bf \\u03c3\\u03b5 \\u03a6\\u03bf\\u03c1\\u03b7\\u03c4\\u03ad\\u03c2 \\u03a3\\u03c5\\u03c3\\u03ba\\u03b5\\u03c5\\u03ad\\u03c2\",\"alias\":\"wesar-systima-anazitisis-kai-diasosis-vasismeno-se-forites-syskeves\",\"introtext\":\"<table id=\\\"AutoNumber1\\\" style=\\\"width: 90%;\\\" border=\\\"0\\\" cellspacing=\\\"1\\\" cellpadding=\\\"2\\\">\\r\\n<tbody>\\r\\n<tr>\\r\\n<td bgcolor=\\\"#f0f0f0\\\" width=\\\"50%\\\">\\u00a0<\\/td>\\r\\n<\\/tr>\\r\\n<tr>\\r\\n<td bgcolor=\\\"#f0f0f0\\\" width=\\\"50%\\\"><b>\\u03a7\\u03c1\\u03b7\\u03bc\\u03b1\\u03c4\\u03bf\\u03b4\\u03cc\\u03c4\\u03b7\\u03c3\\u03b7:\\u00a0<\\/b>\\u03a4\\u03bf \\u03ad\\u03c1\\u03b3\\u03bf \\u03c7\\u03c1\\u03b7\\u03bc\\u03b1\\u03c4\\u03bf\\u03b4\\u03bf\\u03c4\\u03b5\\u03af\\u03c4\\u03b1\\u03b9 \\u03b1\\u03c0\\u03cc \\u03c4\\u03b7\\u03bd \\u0394\\u03a1\\u0391\\u03a3\\u0397 \\u0395\\u0398\\u039d\\u0399\\u039a\\u0397\\u03a3 \\u0395\\u039c\\u0392\\u0395\\u039b\\u0395\\u0399\\u0391\\u03a3: \\u00ab\\u0395\\u03a1\\u0395\\u03a5\\u039d\\u03a9-\\u0394\\u0397\\u039c\\u0399\\u039f\\u03a5\\u03a1\\u0393\\u03a9-\\u039a\\u0391\\u0399\\u039d\\u039f\\u03a4\\u039f\\u039c\\u03a9\\u00bb \\u03c4\\u03bf\\u03c5\\u00a0\\u0395\\u03c0\\u03b9\\u03c7\\u03b5\\u03b9\\u03c1\\u03b7\\u03c3\\u03b9\\u03b1\\u03ba\\u03bf\\u03cd \\u03a0\\u03c1\\u03bf\\u03b3\\u03c1\\u03ac\\u03bc\\u03bc\\u03b1\\u03c4\\u03bf\\u03c2 \\u0391\\u03bd\\u03c4\\u03b1\\u03b3\\u03c9\\u03bd\\u03b9\\u03c3\\u03c4\\u03b9\\u03ba\\u03cc\\u03c4\\u03b7\\u03c4\\u03b1 \\u0395\\u03c0\\u03b9\\u03c7\\u03b5\\u03b9\\u03c1\\u03b7\\u03bc\\u03b1\\u03c4\\u03b9\\u03ba\\u03cc\\u03c4\\u03b7\\u03c4\\u03b1 \\u03ba\\u03b1\\u03b9 \\u039a\\u03b1\\u03b9\\u03bd\\u03bf\\u03c4\\u03bf\\u03bc\\u03af\\u03b1.<\\/td>\\r\\n<\\/tr>\\r\\n<tr>\\r\\n<td bgcolor=\\\"#f0f0f0\\\" width=\\\"50%\\\"><b>\\u0388\\u03bd\\u03b1\\u03c1\\u03be\\u03b7:\\u00a0<\\/b>31\\/07\\/2018<\\/td>\\r\\n<\\/tr>\\r\\n<tr>\\r\\n<td bgcolor=\\\"#f0f0f0\\\" width=\\\"50%\\\"><b>\\u039b\\u03ae\\u03be\\u03b7: <\\/b>30\\/01\\/2021<\\/td>\\r\\n<\\/tr>\\r\\n<tr>\\r\\n<td bgcolor=\\\"#f0f0f0\\\" width=\\\"50%\\\"><b>\\u0399\\u03c3\\u03c4\\u03bf\\u03c3\\u03b5\\u03bb\\u03af\\u03b4\\u03b1: <\\/b><a href=\\\"https:\\/\\/www.wesar-project.upatras.gr\\\" target=\\\"_blank\\\" rel=\\\"noopener noreferrer\\\">https:\\/\\/www.wesar-project.upatras.gr<\\/a><\\/td>\\r\\n<\\/tr>\\r\\n<tr>\\r\\n<td bgcolor=\\\"#f0f0f0\\\" width=\\\"50%\\\">\\r\\n<p><b><br \\/>\\u0391\\u03bd\\u03b1\\u03bb\\u03c5\\u03c4\\u03b9\\u03ba\\u03ae \\u03a0\\u03b5\\u03c1\\u03b9\\u03b3\\u03c1\\u03b1\\u03c6\\u03ae: <\\/b><\\/p>\\r\\n<div>\\r\\n<p>\\u0391\\u03bd\\u03c4\\u03b9\\u03ba\\u03b5\\u03af\\u03bc\\u03b5\\u03bd\\u03bf \\u03c4\\u03bf\\u03c5 \\u03ad\\u03c1\\u03b3\\u03bf\\u03c5 \\u03b5\\u03af\\u03bd\\u03b1\\u03b9 \\u03b7 \\u03c3\\u03c7\\u03b5\\u03b4\\u03af\\u03b1\\u03c3\\u03b7 \\u03ba\\u03b1\\u03b9 \\u03b1\\u03bd\\u03ac\\u03c0\\u03c4\\u03c5\\u03be\\u03b7 \\u03b5\\u03bd\\u03cc\\u03c2 \\u03c3\\u03c5\\u03c3\\u03c4\\u03ae\\u03bc\\u03b1\\u03c4\\u03bf\\u03c2 \\u03b5\\u03bd\\u03c4\\u03bf\\u03c0\\u03b9\\u03c3\\u03bc\\u03bf\\u03cd \\u03ba\\u03b1\\u03b9 \\u03b4\\u03b9\\u03ac\\u03c3\\u03c9\\u03c3\\u03b7\\u03c2 \\u03b1\\u03c4\\u03cc\\u03bc\\u03c9\\u03bd, \\u03b9\\u03b4\\u03b9\\u03b1\\u03af\\u03c4\\u03b5\\u03c1\\u03b1 \\u03b5\\u03ba\\u03b5\\u03af\\u03bd\\u03c9\\u03bd \\u03c0\\u03bf\\u03c5 \\u03b1\\u03bd\\u03ae\\u03ba\\u03bf\\u03c5\\u03bd \\u03c3\\u03b5 \\u03bf\\u03bc\\u03ac\\u03b4\\u03b5\\u03c2 \\u03c0\\u03bb\\u03b7\\u03b8\\u03c5\\u03c3\\u03bc\\u03bf\\u03cd \\u03bc\\u03b5 \\u03b9\\u03b4\\u03b9\\u03b1\\u03af\\u03c4\\u03b5\\u03c1\\u03b7 \\u03bc\\u03b5\\u03b3\\u03ac\\u03bb\\u03b7 \\u03c0\\u03b9\\u03b8\\u03b1\\u03bd\\u03cc\\u03c4\\u03b7\\u03c4\\u03b1 \\u03bd\\u03b1 \\u03c7\\u03b1\\u03b8\\u03bf\\u03cd\\u03bd. \\u039a\\u03b5\\u03bd\\u03c4\\u03c1\\u03b9\\u03ba\\u03cc \\u03c4\\u03bc\\u03ae\\u03bc\\u03b1 \\u03c4\\u03bf\\u03c5 \\u03c3\\u03c5\\u03c3\\u03c4\\u03ae\\u03bc\\u03b1\\u03c4\\u03bf\\u03c2 \\u03b5\\u03af\\u03bd\\u03b1\\u03b9 \\u03bc\\u03b9\\u03b1 \\u03b1\\u03c1\\u03b8\\u03c1\\u03c9\\u03c4\\u03ae \\u201cwearable (\\u03c6\\u03bf\\u03c1\\u03b7\\u03c4\\u03ae\\u03c2)\\u201d \\u03c3\\u03c5\\u03c3\\u03ba\\u03b5\\u03c5\\u03ae, \\u03b5\\u03bd\\u03ce \\u03c3\\u03b7\\u03bc\\u03b1\\u03bd\\u03c4\\u03b9\\u03ba\\u03cc \\u03c1\\u03cc\\u03bb\\u03bf \\u03c3\\u03c4\\u03b7\\u03bd \\u03b1\\u03c0\\u03bf\\u03c4\\u03b5\\u03bb\\u03b5\\u03c3\\u03bc\\u03b1\\u03c4\\u03b9\\u03ba\\u03cc\\u03c4\\u03b7\\u03c4\\u03ac \\u03c4\\u03bf\\u03c5 \\u03b8\\u03b1 \\u03b4\\u03b9\\u03b1\\u03c4\\u03b5\\u03bb\\u03ad\\u03c3\\u03bf\\u03c5\\u03bd \\u03bf\\u03b9 \\u03b1\\u03bb\\u03b3\\u03cc\\u03c1\\u03b9\\u03b8\\u03bc\\u03bf\\u03b9 \\u03b5\\u03bd\\u03c4\\u03bf\\u03c0\\u03b9\\u03c3\\u03bc\\u03bf\\u03cd \\u03b8\\u03ad\\u03c3\\u03b7\\u03c2 \\u03ba\\u03b1\\u03b9 \\u03ba\\u03b1\\u03c4\\u03ac\\u03c3\\u03c4\\u03b1\\u03c3\\u03b7\\u03c2 \\u03c4\\u03bf\\u03c5 \\u03b1\\u03c4\\u03cc\\u03bc\\u03bf\\u03c5 \\u03c0\\u03bf\\u03c5 \\u03bc\\u03b5\\u03c4\\u03b1\\u03c6\\u03ad\\u03c1\\u03b5\\u03b9 \\u03c4\\u03b7 \\u03c3\\u03c5\\u03c3\\u03ba\\u03b5\\u03c5\\u03ae.<\\/p>\\r\\n<p>\\u0397 \\u03b2\\u03b1\\u03c3\\u03b9\\u03ba\\u03ae \\u03b9\\u03b4\\u03b9\\u03cc\\u03c4\\u03b7\\u03c4\\u03b1 \\u03c4\\u03b7\\u03c2 wearable \\u03c3\\u03c5\\u03c3\\u03ba\\u03b5\\u03c5\\u03ae\\u03c2 \\u03c4\\u03bf\\u03c5 \\u03c3\\u03c5\\u03c3\\u03c4\\u03ae\\u03bc\\u03b1\\u03c4\\u03bf\\u03c2 \\u03bc\\u03b5 \\u03c4\\u03b7\\u03bd \\u03ba\\u03c9\\u03b4\\u03b9\\u03ba\\u03ae \\u03bf\\u03bd\\u03bf\\u03bc\\u03b1\\u03c3\\u03af\\u03b1 WeSAR \\u03b5\\u03af\\u03bd\\u03b1\\u03b9 H \\u03b4\\u03c5\\u03bd\\u03b1\\u03c4\\u03cc\\u03c4\\u03b7\\u03c4\\u03b1 \\u03b5\\u03c0\\u03b9\\u03ba\\u03bf\\u03b9\\u03bd\\u03c9\\u03bd\\u03af\\u03b1\\u03c2 \\u03bc\\u03b5 \\u03c4\\u03bf\\u03c5\\u03c2 \\u03c3\\u03c4\\u03b1\\u03b8\\u03bc\\u03bf\\u03cd\\u03c2 \\u03b2\\u03ac\\u03c3\\u03b7\\u03c2 \\u03c0\\u03bf\\u03c5 \\u03bc\\u03c0\\u03bf\\u03c1\\u03b5\\u03af \\u03bd\\u03b1 \\u03b2\\u03c1\\u03af\\u03c3\\u03ba\\u03bf\\u03bd\\u03c4\\u03b1\\u03b9 \\u03c3\\u03b5 \\u03b1\\u03c0\\u03bf\\u03c3\\u03c4\\u03ac\\u03c3\\u03b5\\u03b9\\u03c2 \\u03b1\\u03ba\\u03cc\\u03bc\\u03b1 \\u03ba\\u03b1\\u03b9 \\u03b1\\u03c1\\u03ba\\u03b5\\u03c4\\u03ce\\u03bd \\u03c7\\u03b9\\u03bb\\u03b9\\u03bf\\u03bc\\u03ad\\u03c4\\u03c1\\u03c9\\u03bd \\u03b1\\u03c0\\u03cc \\u03c4\\u03bf \\u03c7\\u03ce\\u03c1\\u03bf \\u03c4\\u03b7\\u03c2 \\u03c3\\u03c5\\u03c3\\u03ba\\u03b5\\u03c5\\u03ae\\u03c2 (\\u03bc\\u03b5 \\u03c7\\u03c1\\u03ae\\u03c3\\u03b7 \\u03c0\\u03c1\\u03c9\\u03c4\\u03bf\\u03ba\\u03cc\\u03bb\\u03bb\\u03c9\\u03bd \\u03b5\\u03c0\\u03b9\\u03ba\\u03bf\\u03b9\\u03bd\\u03c9\\u03bd\\u03af\\u03b1\\u03c2 \\u03c7\\u03b1\\u03bc\\u03b7\\u03bb\\u03ae\\u03c2 \\u03ba\\u03b1\\u03c4\\u03b1\\u03bd\\u03ac\\u03bb\\u03c9\\u03c3\\u03b7\\u03c2 \\u03ba\\u03b1\\u03b9 \\u03bc\\u03b5\\u03b3\\u03ac\\u03bb\\u03b7\\u03c2 \\u03b5\\u03bc\\u03b2\\u03ad\\u03bb\\u03b5\\u03b9\\u03b1\\u03c2, \\u03b5\\u03bd\\u03b4\\u03b5\\u03b9\\u03ba\\u03c4\\u03b9\\u03ba\\u03ac LoRa, NB-IoT). \\u0395\\u03c0\\u03b9\\u03c0\\u03bb\\u03ad\\u03bf\\u03bd, \\u03bf\\u03b9 \\u03b2\\u03b1\\u03c3\\u03b9\\u03ba\\u03ad\\u03c2 \\u03c0\\u03b1\\u03c1\\u03ac\\u03bc\\u03b5\\u03c4\\u03c1\\u03bf\\u03b9 \\u03c4\\u03b7\\u03c2 \\u03b5\\u03c0\\u03b9\\u03ba\\u03bf\\u03b9\\u03bd\\u03c9\\u03bd\\u03af\\u03b1\\u03c2, \\u03cc\\u03c0\\u03c9\\u03c2 \\u03bf \\u03c1\\u03c5\\u03b8\\u03bc\\u03cc\\u03c2 \\u03ba\\u03b1\\u03b9 \\u03b7 \\u03b9\\u03c3\\u03c7\\u03cd\\u03c2 \\u03c4\\u03b7\\u03c2 \\u03b5\\u03ba\\u03c0\\u03bf\\u03bc\\u03c0\\u03ae\\u03c2 \\u03c4\\u03c9\\u03bd \\u03c0\\u03b1\\u03ba\\u03ad\\u03c4\\u03c9\\u03bd \\u03b4\\u03b5\\u03b4\\u03bf\\u03bc\\u03ad\\u03bd\\u03c9\\u03bd, \\u03b8\\u03b1 \\u03c0\\u03c1\\u03bf\\u03c3\\u03b1\\u03c1\\u03bc\\u03cc\\u03b6\\u03bf\\u03bd\\u03c4\\u03b1\\u03b9 \\u03c3\\u03c4\\u03b9\\u03c2 \\u03b9\\u03b4\\u03b9\\u03b1\\u03af\\u03c4\\u03b5\\u03c1\\u03b5\\u03c2 \\u03c3\\u03c5\\u03bd\\u03b8\\u03ae\\u03ba\\u03b5\\u03c2 \\u03b5\\u03c6\\u03b1\\u03c1\\u03bc\\u03bf\\u03b3\\u03ae\\u03c2 \\u03ce\\u03c3\\u03c4\\u03b5 \\u03bf \\u03c7\\u03c1\\u03cc\\u03bd\\u03bf\\u03c2 \\u03b6\\u03c9\\u03ae\\u03c2 \\u03c4\\u03b7\\u03c2 \\u03bc\\u03c0\\u03b1\\u03c4\\u03b1\\u03c1\\u03af\\u03b1\\u03c2 \\u03c4\\u03b7\\u03c2 \\u03c3\\u03c5\\u03c3\\u03ba\\u03b5\\u03c5\\u03ae\\u03c2 \\u03bd\\u03b1 \\u03b5\\u03af\\u03bd\\u03b1\\u03b9 \\u03c4\\u03b7\\u03c2 \\u03c4\\u03ac\\u03be\\u03b5\\u03c9\\u03c2 \\u03c4\\u03c9\\u03bd \\u03b1\\u03c1\\u03ba\\u03b5\\u03c4\\u03ce\\u03bd \\u03b7\\u03bc\\u03b5\\u03c1\\u03ce\\u03bd \\u03ba\\u03b1\\u03b9 \\u03b5\\u03b2\\u03b4\\u03bf\\u03bc\\u03ac\\u03b4\\u03c9\\u03bd.<\\/p>\\r\\n<p>\\u0391\\u03c0\\u03ce\\u03c4\\u03b5\\u03c1\\u03bf\\u03c2 \\u03c3\\u03c4\\u03cc\\u03c7\\u03bf\\u03c2, \\u03c0\\u03bf\\u03c5 \\u03b8\\u03b1 \\u03c3\\u03c4\\u03b7\\u03c1\\u03b9\\u03c7\\u03b8\\u03b5\\u03af \\u03c3\\u03c4\\u03b1 \\u03b1\\u03c0\\u03bf\\u03c4\\u03b5\\u03bb\\u03ad\\u03c3\\u03bc\\u03b1\\u03c4\\u03b1 \\u03c4\\u03bf\\u03c5 \\u03ad\\u03c1\\u03b3\\u03bf\\u03c5, \\u03b5\\u03af\\u03bd\\u03b1\\u03b9 \\u03bd\\u03b1 \\u03b4\\u03b7\\u03bc\\u03b9\\u03bf\\u03c5\\u03c1\\u03b3\\u03b7\\u03b8\\u03b5\\u03af \\u03bc\\u03b9\\u03b1 \\u03bf\\u03b9\\u03ba\\u03bf\\u03b3\\u03ad\\u03bd\\u03b5\\u03b9\\u03b1 wearable \\u03ba\\u03b1\\u03b9 tag \\u03b4\\u03b9\\u03b1\\u03c6\\u03cc\\u03c1\\u03c9\\u03bd \\u03c4\\u03cd\\u03c0\\u03c9\\u03bd (\\u03b5\\u03bd\\u03b4\\u03c5\\u03bc\\u03ac\\u03c4\\u03c9\\u03bd, wristband, badges) \\u03c7\\u03b1\\u03bc\\u03b7\\u03bb\\u03ae\\u03c2 \\u03ba\\u03b1\\u03c4\\u03b1\\u03bd\\u03ac\\u03bb\\u03c9\\u03c3\\u03b7\\u03c2 \\u03ba\\u03b1\\u03b9 \\u03bc\\u03b5\\u03b3\\u03ac\\u03bb\\u03b7\\u03c2 \\u03b5\\u03bc\\u03b2\\u03ad\\u03bb\\u03b5\\u03b9\\u03b1\\u03c2 \\u03b3\\u03b9\\u03b1 \\u03c0\\u03b1\\u03c1\\u03b1\\u03ba\\u03bf\\u03bb\\u03bf\\u03cd\\u03b8\\u03b7\\u03c3\\u03b7 \\u03ba\\u03b1\\u03b9 \\u03b4\\u03b9\\u03ac\\u03c3\\u03c9\\u03c3\\u03b7, \\u03bc\\u03b5 \\u03b4\\u03b5\\u03ba\\u03ac\\u03b4\\u03b5\\u03c2 \\u03b5\\u03c6\\u03b1\\u03c1\\u03bc\\u03bf\\u03b3\\u03ad\\u03c2 \\u03c3\\u03b5 \\u03b1\\u03c3\\u03c4\\u03b9\\u03ba\\u03cc \\u03ae \\u03bc\\u03b7 \\u03c0\\u03b5\\u03c1\\u03b9\\u03b2\\u03ac\\u03bb\\u03bb\\u03bf\\u03bd.<\\/p>\\r\\n<p>\\u03a4\\u03bf \\u03ad\\u03c1\\u03b3\\u03bf \\u03c7\\u03c1\\u03b7\\u03bc\\u03b1\\u03c4\\u03bf\\u03b4\\u03bf\\u03c4\\u03b5\\u03af\\u03c4\\u03b1\\u03b9 \\u03b1\\u03c0\\u03cc \\u03c4\\u03b7\\u03bd \\u0394\\u03a1\\u0391\\u03a3\\u0397 \\u0395\\u0398\\u039d\\u0399\\u039a\\u0397\\u03a3 \\u0395\\u039c\\u0392\\u0395\\u039b\\u0395\\u0399\\u0391\\u03a3: \\u00ab\\u0395\\u03a1\\u0395\\u03a5\\u039d\\u03a9-\\u0394\\u0397\\u039c\\u0399\\u039f\\u03a5\\u03a1\\u0393\\u03a9-\\u039a\\u0391\\u0399\\u039d\\u039f\\u03a4\\u039f\\u039c\\u03a9\\u00bb \\u03c4\\u03bf\\u03c5\\u00a0\\u0395\\u03c0\\u03b9\\u03c7\\u03b5\\u03b9\\u03c1\\u03b7\\u03c3\\u03b9\\u03b1\\u03ba\\u03bf\\u03cd \\u03a0\\u03c1\\u03bf\\u03b3\\u03c1\\u03ac\\u03bc\\u03bc\\u03b1\\u03c4\\u03bf\\u03c2 \\u0391\\u03bd\\u03c4\\u03b1\\u03b3\\u03c9\\u03bd\\u03b9\\u03c3\\u03c4\\u03b9\\u03ba\\u03cc\\u03c4\\u03b7\\u03c4\\u03b1 \\u0395\\u03c0\\u03b9\\u03c7\\u03b5\\u03b9\\u03c1\\u03b7\\u03bc\\u03b1\\u03c4\\u03b9\\u03ba\\u03cc\\u03c4\\u03b7\\u03c4\\u03b1 \\u03ba\\u03b1\\u03b9 \\u039a\\u03b1\\u03b9\\u03bd\\u03bf\\u03c4\\u03bf\\u03bc\\u03af\\u03b1.<\\/p>\\r\\n\\u03a4\\u03bf \\u03ad\\u03c1\\u03b3\\u03bf \\u03c3\\u03c5\\u03b3\\u03c7\\u03c1\\u03b7\\u03bc\\u03b1\\u03c4\\u03bf\\u03b4\\u03bf\\u03c4\\u03b5\\u03af\\u03c4\\u03b1\\u03b9 \\u03b1\\u03c0\\u03cc \\u03c4\\u03b7\\u03bd \\u0395\\u03bb\\u03bb\\u03b7\\u03bd\\u03b9\\u03ba\\u03ae \\u0394\\u03b7\\u03bc\\u03bf\\u03ba\\u03c1\\u03b1\\u03c4\\u03af\\u03b1 \\u03ba\\u03b1\\u03b9 \\u03c4\\u03b7\\u03bd \\u0395\\u03c5\\u03c1\\u03c9\\u03c0\\u03b1\\u03ca\\u03ba\\u03ae \\u0388\\u03bd\\u03c9\\u03c3\\u03b7<\\/div>\\r\\n<div>\\u00a0<\\/div>\\r\\n<div><img style=\\\"display: block; margin-left: auto; margin-right: auto;\\\" src=\\\"images\\/LogosGR-650pxWidth.png\\\" alt=\\\"\\\" width=\\\"650\\\" height=\\\"97\\\" \\/><\\/div>\\r\\n<div>\\u00a0<\\/div>\\r\\n<\\/td>\\r\\n<\\/tr>\\r\\n<\\/tbody>\\r\\n<\\/table>\\r\\n<p>\\u00a0<\\/p>\",\"fulltext\":\"\",\"state\":1,\"catid\":\"12\",\"created\":\"2012-07-06 06:29:49\",\"created_by\":\"57\",\"created_by_alias\":\"\",\"modified\":\"2022-09-07 13:30:12\",\"modified_by\":\"57\",\"checked_out\":\"57\",\"checked_out_time\":\"2022-09-07 13:29:18\",\"publish_up\":\"2012-07-06 06:29:49\",\"publish_down\":\"0000-00-00 00:00:00\",\"images\":\"{\\\"image_intro\\\":\\\"\\\",\\\"float_intro\\\":\\\"\\\",\\\"image_intro_alt\\\":\\\"\\\",\\\"image_intro_caption\\\":\\\"\\\",\\\"image_fulltext\\\":\\\"\\\",\\\"float_fulltext\\\":\\\"\\\",\\\"image_fulltext_alt\\\":\\\"\\\",\\\"image_fulltext_caption\\\":\\\"\\\"}\",\"urls\":\"{\\\"urla\\\":false,\\\"urlatext\\\":\\\"\\\",\\\"targeta\\\":\\\"\\\",\\\"urlb\\\":false,\\\"urlbtext\\\":\\\"\\\",\\\"targetb\\\":\\\"\\\",\\\"urlc\\\":false,\\\"urlctext\\\":\\\"\\\",\\\"targetc\\\":\\\"\\\"}\",\"attribs\":\"{\\\"article_layout\\\":\\\"\\\",\\\"show_title\\\":\\\"\\\",\\\"link_titles\\\":\\\"\\\",\\\"show_tags\\\":\\\"\\\",\\\"show_intro\\\":\\\"\\\",\\\"info_block_position\\\":\\\"\\\",\\\"info_block_show_title\\\":\\\"\\\",\\\"show_category\\\":\\\"\\\",\\\"link_category\\\":\\\"\\\",\\\"show_parent_category\\\":\\\"\\\",\\\"link_parent_category\\\":\\\"\\\",\\\"show_associations\\\":\\\"\\\",\\\"show_author\\\":\\\"\\\",\\\"link_author\\\":\\\"\\\",\\\"show_create_date\\\":\\\"\\\",\\\"show_modify_date\\\":\\\"\\\",\\\"show_publish_date\\\":\\\"\\\",\\\"show_item_navigation\\\":\\\"\\\",\\\"show_icons\\\":\\\"\\\",\\\"show_print_icon\\\":\\\"\\\",\\\"show_email_icon\\\":\\\"\\\",\\\"show_vote\\\":\\\"\\\",\\\"show_hits\\\":\\\"\\\",\\\"show_noauth\\\":\\\"\\\",\\\"urls_position\\\":\\\"\\\",\\\"alternative_readmore\\\":\\\"\\\",\\\"article_page_title\\\":\\\"\\\",\\\"show_publishing_options\\\":\\\"\\\",\\\"show_article_options\\\":\\\"\\\",\\\"show_urls_images_backend\\\":\\\"\\\",\\\"show_urls_images_frontend\\\":\\\"\\\",\\\"helix_ultimate_image\\\":\\\"\\\",\\\"helix_ultimate_article_format\\\":\\\"standard\\\",\\\"helix_ultimate_audio\\\":\\\"\\\",\\\"helix_ultimate_gallery\\\":\\\"\\\",\\\"helix_ultimate_video\\\":\\\"\\\"}\",\"version\":10,\"ordering\":\"8\",\"metakey\":\"\",\"metadesc\":\"\",\"access\":\"1\",\"hits\":\"611\",\"metadata\":\"{\\\"robots\\\":\\\"\\\",\\\"author\\\":\\\"\\\",\\\"rights\\\":\\\"\\\",\\\"xreference\\\":\\\"\\\"}\",\"featured\":\"0\",\"language\":\"el-GR\",\"xreference\":\"\",\"note\":\"\"}',0),(1859,134,1,'','2023-03-30 10:15:16',57,25900,'ce6d2da1a1341233ec56abac13d0c04a043e664e','{\"id\":134,\"asset_id\":\"827\",\"title\":\"\\u0394\\u03c1. \\u039c\\u03b9\\u03c7\\u03ac\\u03bb\\u03b7\\u03c2 \\u03a0\\u03b1\\u03c1\\u03b1\\u03c3\\u03ba\\u03b5\\u03c5\\u03ac\\u03c2\",\"alias\":\"2011-07-18-08-13-10\",\"introtext\":\"<table style=\\\"width: 100%;\\\" border=\\\"0\\\" cellspacing=\\\"6\\\" align=\\\"CENTER\\\">\\r\\n<tbody>\\r\\n<tr>\\r\\n<td width=\\\"20%\\\"><span style=\\\"color: #000000; font-size: 13px; text-align: -webkit-auto;\\\"><img src=\\\"images\\/mparask.jpg\\\" alt=\\\"\\\" width=\\\"130\\\" height=\\\"131\\\" \\/><\\/span><\\/td>\\r\\n<td>\\u0391\\u03bd\\u03b1\\u03c0\\u03bb\\u03b7\\u03c1\\u03c9\\u03c4\\u03ae\\u03c2 \\u039a\\u03b1\\u03b8\\u03b7\\u03b3\\u03b7\\u03c4\\u03ae\\u03c2 \\u03a4\\u03bc\\u03ae\\u03bc\\u03b1\\u03c4\\u03bf\\u03c2 \\u0397\\u03bb\\u03b5\\u03ba\\u03c4\\u03c1\\u03bf\\u03bb\\u03cc\\u03b3\\u03c9\\u03bd \\u039c\\u03b7\\u03c7\\u03b1\\u03bd\\u03b9\\u03ba\\u03ce\\u03bd \\u03ba\\u03b1\\u03b9 \\u039c\\u03b7\\u03c7\\u03b1\\u03bd\\u03b9\\u03ba\\u03ce\\u03bd \\u03a5\\u03c0\\u03bf\\u03bb\\u03bf\\u03b3\\u03b9\\u03c3\\u03c4\\u03ce\\u03bd, \\u03a0\\u03b1\\u03bd\\u03b5\\u03c0\\u03b9\\u03c3\\u03c4\\u03b7\\u03bc\\u03af\\u03bf\\u03c5 \\u03a0\\u03b5\\u03bb\\u03bf\\u03c0\\u03bf\\u03bd\\u03bd\\u03ae\\u03c3\\u03bf\\u03c5<br \\/>\\u03a4\\u03b7\\u03bb. +30 2610 960368 <br \\/>email: mparask @ cti.gr<br \\/><a href=\\\"https:\\/\\/paraskevas.ece.uop.gr\\/?lang=el\\\">https:\\/\\/paraskevas.ece.uop.gr\\/?lang=el<\\/a><br \\/>\\u00a0<\\/td>\\r\\n<\\/tr>\\r\\n<\\/tbody>\\r\\n<\\/table>\\r\\n<div>\\r\\n<div>\\u00a0<\\/div>\\r\\n<div>\\u039f\\u00a0\\u039c\\u03b9\\u03c7\\u03ac\\u03bb\\u03b7\\u03c2 \\u03a0\\u03b1\\u03c1\\u03b1\\u03c3\\u03ba\\u03b5\\u03c5\\u03ac\\u03c2\\u00a0\\u03b1\\u03c0\\u03bf\\u03c6\\u03bf\\u03af\\u03c4\\u03b7\\u03c3\\u03b5 \\u03b1\\u03c0\\u03cc \\u03c4\\u03bf\\u00a0<a href=\\\"http:\\/\\/www.ece.upatras.gr\\/\\\" target=\\\"_blank\\\" rel=\\\"noopener noreferrer\\\">\\u03a4\\u03bc\\u03ae\\u03bc\\u03b1 \\u0397\\u03bb\\u03b5\\u03ba\\u03c4\\u03c1\\u03bf\\u03bb\\u03cc\\u03b3\\u03c9\\u03bd \\u039c\\u03b7\\u03c7\\u03b1\\u03bd\\u03b9\\u03ba\\u03ce\\u03bd \\u03ba\\u03b1\\u03b9 \\u03a4\\u03b5\\u03c7\\u03bd\\u03bf\\u03bb\\u03bf\\u03b3\\u03af\\u03b1\\u03c2 \\u03a5\\u03c0\\u03bf\\u03bb\\u03bf\\u03b3\\u03b9\\u03c3\\u03c4\\u03ce\\u03bd<\\/a>\\u00a0\\u03c4\\u03bf\\u03c5\\u00a0<a href=\\\"http:\\/\\/www.upatras.gr\\/\\\" target=\\\"_blank\\\" rel=\\\"noopener noreferrer\\\">\\u03a0\\u03b1\\u03bd\\u03b5\\u03c0\\u03b9\\u03c3\\u03c4\\u03b7\\u03bc\\u03af\\u03bf\\u03c5 \\u03a0\\u03b1\\u03c4\\u03c1\\u03ce\\u03bd<\\/a>\\u00a0\\u03c4\\u03bf\\u00a01989, \\u03c3\\u03c4\\u03bf \\u03bf\\u03c0\\u03bf\\u03af\\u03bf \\u03b5\\u03ba\\u03c0\\u03cc\\u03bd\\u03b7\\u03c3\\u03b5 \\u03ba\\u03b1\\u03b9 \\u03c4\\u03b7 <a title=\\\"\\u0394\\u0399\\u0391\\u03a6\\u039f\\u03a1\\u0399\\u039a\\u0397 \\u03a5\\u03a0\\u039f\\u039a\\u0395\\u0399\\u039c\\u0395\\u039d\\u0399\\u039a\\u0397 \\u0391\\u039a\\u039f\\u03a5\\u03a3\\u03a4\\u0399\\u039a\\u0397 \\u039a\\u03a9\\u0394\\u0399\\u039a\\u039f\\u03a0\\u039f\\u0399\\u0397\\u03a3\\u0397 (\\u0394\\u03a5\\u0391\\u039a): \\u039c\\u0399\\u0391 \\u0392\\u0395\\u039b\\u03a4\\u0399\\u03a9\\u039c\\u0395\\u039d\\u0397 \\u03a4\\u0395\\u03a7\\u039d\\u0399\\u039a\\u0397 \\u0397\\u03a7\\u0397\\u03a4\\u0399\\u039a\\u0397\\u03a3 \\u039a\\u03a9\\u0394\\u0399\\u039a\\u039f\\u03a0\\u039f\\u0399\\u0397\\u03a3\\u0397\\u03a3\\\" href=\\\"http:\\/\\/phdtheses.ekt.gr\\/eadd\\/handle\\/10442\\/4959\\\" target=\\\"_blank\\\" rel=\\\"noopener noreferrer\\\">\\u03b4\\u03b9\\u03b4\\u03b1\\u03ba\\u03c4\\u03bf\\u03c1\\u03b9\\u03ba\\u03ae \\u03c4\\u03bf\\u03c5 \\u03b4\\u03b9\\u03b1\\u03c4\\u03c1\\u03b9\\u03b2\\u03ae<\\/a> (1995) \\u03c3\\u03c4\\u03b7\\u03bd \\u03c0\\u03b5\\u03c1\\u03b9\\u03bf\\u03c7\\u03ae \\u03c4\\u03b7\\u03c2 \\u03c8\\u03b7\\u03c6\\u03b9\\u03b1\\u03ba\\u03ae\\u03c2 \\u03b5\\u03c0\\u03b5\\u03be\\u03b5\\u03c1\\u03b3\\u03b1\\u03c3\\u03af\\u03b1\\u03c2 \\u03c3\\u03b7\\u03bc\\u03ac\\u03c4\\u03c9\\u03bd.<\\/div>\\r\\n<div>\\u00a0<\\/div>\\r\\n<div>\\u0394\\u03b9\\u03b1\\u03b8\\u03ad\\u03c4\\u03b5\\u03b9 \\u03c4\\u03c1\\u03b9\\u03b1\\u03ba\\u03bf\\u03bd\\u03c4\\u03b1\\u03b5\\u03c4\\u03ae \\u03b5\\u03be\\u03b5\\u03b9\\u03b4\\u03b9\\u03ba\\u03b5\\u03c5\\u03bc\\u03ad\\u03bd\\u03b7 \\u03b5\\u03c0\\u03b1\\u03b3\\u03b3\\u03b5\\u03bb\\u03bc\\u03b1\\u03c4\\u03b9\\u03ba\\u03ae \\u03b5\\u03bc\\u03c0\\u03b5\\u03b9\\u03c1\\u03af\\u03b1 \\u03c3\\u03b5 \\u03b8\\u03ad\\u03bc\\u03b1\\u03c4\\u03b1 \\u03c3\\u03c7\\u03b5\\u03b4\\u03b9\\u03b1\\u03c3\\u03bc\\u03bf\\u03cd, \\u03c5\\u03bb\\u03bf\\u03c0\\u03bf\\u03af\\u03b7\\u03c3\\u03b7\\u03c2 \\u03ba\\u03b1\\u03b9 \\u03bb\\u03b5\\u03b9\\u03c4\\u03bf\\u03c5\\u03c1\\u03b3\\u03af\\u03b1\\u03c2 \\u03b4\\u03b9\\u03ba\\u03c4\\u03cd\\u03c9\\u03bd \\u03b5\\u03c5\\u03c1\\u03b5\\u03af\\u03b1\\u03c2 \\u03ba\\u03bb\\u03af\\u03bc\\u03b1\\u03ba\\u03b1\\u03c2, \\u03c4\\u03b7\\u03bb\\u03b5\\u03c0\\u03b9\\u03ba\\u03bf\\u03b9\\u03bd\\u03c9\\u03bd\\u03b9\\u03b1\\u03ba\\u03ce\\u03bd \\u03c3\\u03c5\\u03c3\\u03c4\\u03b7\\u03bc\\u03ac\\u03c4\\u03c9\\u03bd, \\u03c5\\u03c0\\u03b7\\u03c1\\u03b5\\u03c3\\u03b9\\u03ce\\u03bd \\u03b7\\u03bb\\u03b5\\u03ba\\u03c4\\u03c1\\u03bf\\u03bd\\u03b9\\u03ba\\u03ae\\u03c2 \\u03b4\\u03b9\\u03b1\\u03ba\\u03c5\\u03b2\\u03ad\\u03c1\\u03bd\\u03b7\\u03c3\\u03b7\\u03c2 \\u03ba\\u03b1\\u03b9 \\u03b7\\u03bb\\u03b5\\u03ba\\u03c4\\u03c1\\u03bf\\u03bd\\u03b9\\u03ba\\u03ae\\u03c2 \\u03bc\\u03ac\\u03b8\\u03b7\\u03c3\\u03b7\\u03c2 \\u03ba\\u03b1\\u03b9 \\u03b4\\u03b9\\u03b5\\u03c5\\u03b8\\u03cd\\u03bd\\u03b5\\u03b9 \\u03b1\\u03bd\\u03c4\\u03af\\u03c3\\u03c4\\u03bf\\u03b9\\u03c7\\u03b1 \\u03b1\\u03bd\\u03b1\\u03c0\\u03c4\\u03c5\\u03be\\u03b9\\u03b1\\u03ba\\u03ac \\u03ba\\u03b1\\u03b9 \\u03b5\\u03c1\\u03b5\\u03c5\\u03bd\\u03b7\\u03c4\\u03b9\\u03ba\\u03ac \\u03ad\\u03c1\\u03b3\\u03b1, \\u03c4\\u03b1 \\u03bf\\u03c0\\u03bf\\u03af\\u03b1 \\u03ad\\u03c7\\u03bf\\u03c5\\u03bd \\u03b4\\u03b5\\u03c7\\u03b8\\u03b5\\u03af \\u03b5\\u03b8\\u03bd\\u03b9\\u03ba\\u03ad\\u03c2 \\u03ba\\u03b1\\u03b9 \\u03b4\\u03b9\\u03b5\\u03b8\\u03bd\\u03b5\\u03af\\u03c2 \\u03b4\\u03b9\\u03b1\\u03ba\\u03c1\\u03af\\u03c3\\u03b5\\u03b9\\u03c2.<\\/div>\\r\\n<div><br \\/>\\u03a4\\u03b1 \\u03b5\\u03c1\\u03b5\\u03c5\\u03bd\\u03b7\\u03c4\\u03b9\\u03ba\\u03ac \\u03c4\\u03bf\\u03c5 \\u03b5\\u03bd\\u03b4\\u03b9\\u03b1\\u03c6\\u03ad\\u03c1\\u03bf\\u03bd\\u03c4\\u03b1 \\u03b1\\u03c6\\u03bf\\u03c1\\u03bf\\u03cd\\u03bd \\u03c3\\u03b5 \\u03c8\\u03b7\\u03c6\\u03b9\\u03b1\\u03ba\\u03ae \\u03b1\\u03bd\\u03ac\\u03bb\\u03c5\\u03c3\\u03b7 \\u03ba\\u03b1\\u03b9 \\u03b5\\u03c0\\u03b5\\u03be\\u03b5\\u03c1\\u03b3\\u03b1\\u03c3\\u03af\\u03b1 \\u03c3\\u03b7\\u03bc\\u03ac\\u03c4\\u03c9\\u03bd, \\u03b8\\u03b5\\u03c9\\u03c1\\u03af\\u03b1 \\u03c0\\u03bb\\u03b7\\u03c1\\u03bf\\u03c6\\u03bf\\u03c1\\u03b9\\u03ce\\u03bd, \\u03b8\\u03b5\\u03c9\\u03c1\\u03af\\u03b1 \\u03b1\\u03bd\\u03af\\u03c7\\u03bd\\u03b5\\u03c5\\u03c3\\u03b7\\u03c2 \\u03ba\\u03b1\\u03b9 \\u03b5\\u03ba\\u03c4\\u03af\\u03bc\\u03b7\\u03c3\\u03b7\\u03c2, \\u03b5\\u03c5\\u03c1\\u03c5\\u03b6\\u03c9\\u03bd\\u03b9\\u03ba\\u03ac \\u03b4\\u03af\\u03ba\\u03c4\\u03c5\\u03b1, \\u03b4\\u03af\\u03ba\\u03c4\\u03c5\\u03b1 \\u03bd\\u03ad\\u03b1\\u03c2 \\u03b3\\u03b5\\u03bd\\u03b9\\u03ac\\u03c2, \\u03c8\\u03b7\\u03c6\\u03b9\\u03b1\\u03ba\\u03ad\\u03c2 \\u03b5\\u03c0\\u03b9\\u03ba\\u03bf\\u03b9\\u03bd\\u03c9\\u03bd\\u03af\\u03b5\\u03c2 \\u03ba\\u03b1\\u03b9 \\u03ba\\u03c9\\u03b4\\u03b9\\u03ba\\u03bf\\u03c0\\u03bf\\u03af\\u03b7\\u03c3\\u03b7, \\u03b5\\u03c6\\u03b1\\u03c1\\u03bc\\u03bf\\u03b3\\u03ad\\u03c2 \\u03bc\\u03b7\\u03c7\\u03b1\\u03bd\\u03b9\\u03ba\\u03ae\\u03c2 \\u03bc\\u03ac\\u03b8\\u03b7\\u03c3\\u03b7\\u03c2 \\u03c3\\u03b5 \\u03b5\\u03c0\\u03b5\\u03be\\u03b5\\u03c1\\u03b3\\u03b1\\u03c3\\u03af\\u03b1 \\u03b5\\u03b9\\u03ba\\u03cc\\u03bd\\u03b1\\u03c2 \\u03ba\\u03b1\\u03b9 \\u03c6\\u03c5\\u03c3\\u03b9\\u03ba\\u03ae\\u03c2 \\u03b3\\u03bb\\u03ce\\u03c3\\u03c3\\u03b1\\u03c2, \\u03c8\\u03b7\\u03c6\\u03b9\\u03b1\\u03ba\\u03cc\\u03c2 \\u03bc\\u03b5\\u03c4\\u03b1\\u03c3\\u03c7\\u03b7\\u03bc\\u03b1\\u03c4\\u03b9\\u03c3\\u03bc\\u03cc\\u03c2, \\u03c4\\u03b7\\u03bb\\u03b5\\u03bc\\u03b1\\u03c4\\u03b9\\u03ba\\u03ad\\u03c2 \\u03c5\\u03c0\\u03b7\\u03c1\\u03b5\\u03c3\\u03af\\u03b5\\u03c2, \\u03c5\\u03c0\\u03b7\\u03c1\\u03b5\\u03c3\\u03af\\u03b5\\u03c2 \\u03b7\\u03bb\\u03b5\\u03ba\\u03c4\\u03c1\\u03bf\\u03bd\\u03b9\\u03ba\\u03ae\\u03c2 \\u03bc\\u03ac\\u03b8\\u03b7\\u03c3\\u03b7\\u03c2, \\u03b5\\u03b9\\u03c3\\u03b1\\u03b3\\u03c9\\u03b3\\u03ae \\u03c4\\u03c9\\u03bd \\u03a4\\u03a0\\u0395 \\u03c3\\u03c4\\u03b7\\u03bd \\u0395\\u03ba\\u03c0\\u03b1\\u03af\\u03b4\\u03b5\\u03c5\\u03c3\\u03b7 \\u03ba\\u03b1\\u03b9 \\u03c3\\u03b5 \\u03b5\\u03c6\\u03b1\\u03c1\\u03bc\\u03bf\\u03b3\\u03ad\\u03c2 \\u03b7\\u03bb\\u03b5\\u03ba\\u03c4\\u03c1\\u03bf\\u03bd\\u03b9\\u03ba\\u03ae\\u03c2 \\u03b4\\u03b9\\u03b1\\u03ba\\u03c5\\u03b2\\u03ad\\u03c1\\u03bd\\u03b7\\u03c3\\u03b7\\u03c2.<\\/div>\\r\\n<div><br \\/>\\u0388\\u03c7\\u03b5\\u03b9 \\u03b4\\u03b7\\u03bc\\u03bf\\u03c3\\u03b9\\u03b5\\u03cd\\u03c3\\u03b5\\u03b9 \\u03c0\\u03b5\\u03c1\\u03b9\\u03c3\\u03c3\\u03cc\\u03c4\\u03b5\\u03c1\\u03b5\\u03c2 \\u03b1\\u03c0\\u03cc 75 \\u03b5\\u03c1\\u03b3\\u03b1\\u03c3\\u03af\\u03b5\\u03c2 \\u03c3\\u03b5 \\u03b4\\u03b9\\u03b5\\u03b8\\u03bd\\u03ae \\u03c0\\u03b5\\u03c1\\u03b9\\u03bf\\u03b4\\u03b9\\u03ba\\u03ac \\u03ba\\u03b1\\u03b9 \\u03c3\\u03c5\\u03bd\\u03ad\\u03b4\\u03c1\\u03b9\\u03b1, \\u03ad\\u03c7\\u03b5\\u03b9 \\u03c3\\u03c5\\u03b3\\u03b3\\u03c1\\u03ac\\u03c8\\u03b5\\u03b9 3 \\u03c0\\u03b1\\u03bd\\u03b5\\u03c0\\u03b9\\u03c3\\u03c4\\u03b7\\u03bc\\u03b9\\u03b1\\u03ba\\u03ac \\u03c3\\u03c5\\u03b3\\u03b3\\u03c1\\u03ac\\u03bc\\u03bc\\u03b1\\u03c4\\u03b1, \\u03ad\\u03c7\\u03b5\\u03b9 \\u03c3\\u03c5\\u03bc\\u03bc\\u03b5\\u03c4\\u03ac\\u03c3\\u03c7\\u03b5\\u03b9 \\u03c3\\u03c4\\u03b7 \\u03c3\\u03c5\\u03b3\\u03b3\\u03c1\\u03b1\\u03c6\\u03ae 2 \\u03c3\\u03c5\\u03bb\\u03bb\\u03bf\\u03b3\\u03b9\\u03ba\\u03ce\\u03bd \\u03c4\\u03cc\\u03bc\\u03c9\\u03bd, \\u03ad\\u03c7\\u03b5\\u03b9 \\u03c3\\u03c5\\u03bc\\u03bc\\u03b5\\u03c4\\u03ac\\u03c3\\u03c7\\u03b5\\u03b9 \\u03c3\\u03c4\\u03b7 \\u03b4\\u03b9\\u03bf\\u03c1\\u03b3\\u03ac\\u03bd\\u03c9\\u03c3\\u03b7 2 \\u03b4\\u03b9\\u03b5\\u03b8\\u03bd\\u03ce\\u03bd \\u03ba\\u03b1\\u03b9 5 \\u03b5\\u03bb\\u03bb\\u03b7\\u03bd\\u03b9\\u03ba\\u03ce\\u03bd \\u03b5\\u03c0\\u03b9\\u03c3\\u03c4\\u03b7\\u03bc\\u03bf\\u03bd\\u03b9\\u03ba\\u03ce\\u03bd \\u03c3\\u03c5\\u03bd\\u03b5\\u03b4\\u03c1\\u03af\\u03c9\\u03bd, \\u03ad\\u03c7\\u03b5\\u03b9 \\u03c3\\u03c5\\u03bc\\u03bc\\u03b5\\u03c4\\u03ac\\u03c3\\u03c7\\u03b5\\u03b9 \\u03c3\\u03b5 \\u03c0\\u03b5\\u03c1\\u03b9\\u03c3\\u03c3\\u03cc\\u03c4\\u03b5\\u03c1\\u03b5\\u03c2 \\u03b1\\u03c0\\u03cc 45 \\u03b5\\u03c0\\u03b9\\u03c4\\u03c1\\u03bf\\u03c0\\u03ad\\u03c2 \\u03b4\\u03b9\\u03b5\\u03b8\\u03bd\\u03ce\\u03bd \\u03c0\\u03b5\\u03c1\\u03b9\\u03bf\\u03b4\\u03b9\\u03ba\\u03ce\\u03bd \\u03ba\\u03b1\\u03b9 \\u03c3\\u03c5\\u03bd\\u03b5\\u03b4\\u03c1\\u03af\\u03c9\\u03bd \\u03ba\\u03b1\\u03b9 \\u03c4\\u03bf \\u03b4\\u03b7\\u03bc\\u03bf\\u03c3\\u03b9\\u03b5\\u03c5\\u03bc\\u03ad\\u03bd\\u03bf \\u03ad\\u03c1\\u03b3\\u03bf \\u03c4\\u03bf\\u03c5 \\u03ad\\u03c7\\u03b5\\u03b9 \\u03c3\\u03c5\\u03bb\\u03bb\\u03ad\\u03be\\u03b5\\u03b9 \\u03c0\\u03b5\\u03c1\\u03b9\\u03c3\\u03c3\\u03cc\\u03c4\\u03b5\\u03c1\\u03b5\\u03c2 \\u03b1\\u03c0\\u03cc 510 \\u03b5\\u03c4\\u03b5\\u03c1\\u03bf\\u03b1\\u03bd\\u03b1\\u03c6\\u03bf\\u03c1\\u03ad\\u03c2 \\u03ba\\u03b1\\u03b9 \\u03ad\\u03c7\\u03b5\\u03b9 \\u03b1\\u03bd\\u03b1\\u03c6\\u03b5\\u03c1\\u03b8\\u03b5\\u03af \\u03c3\\u03b5 \\u03c0\\u03b5\\u03c1\\u03b9\\u03c3\\u03c3\\u03cc\\u03c4\\u03b5\\u03c1\\u03b5\\u03c2 \\u03b1\\u03c0\\u03cc 70 \\u03b5\\u03c5\\u03c1\\u03b5\\u03c3\\u03b9\\u03c4\\u03b5\\u03c7\\u03bd\\u03af\\u03b5\\u03c2.<\\/div>\\r\\n<div>\\u00a0<\\/div>\\r\\n<div>\\u0395\\u03af\\u03bd\\u03b1\\u03b9 \\u03c0\\u03c1\\u03cc\\u03b5\\u03b4\\u03c1\\u03bf\\u03c2 \\u03c4\\u03bf\\u03c5 \\u03a4\\u03bc\\u03ae\\u03bc\\u03b1\\u03c4\\u03bf\\u03c2 \\u0397\\u03bb\\u03b5\\u03ba\\u03c4\\u03c1\\u03bf\\u03bb\\u03cc\\u03b3\\u03c9\\u03bd \\u039c\\u03b7\\u03c7\\u03b1\\u03bd\\u03b9\\u03ba\\u03ce\\u03bd \\u03ba\\u03b1\\u03b9 \\u039c\\u03b7\\u03c7\\u03b1\\u03bd\\u03b9\\u03ba\\u03ce\\u03bd \\u03a5\\u03c0\\u03bf\\u03bb\\u03bf\\u03b3\\u03b9\\u03c3\\u03c4\\u03ce\\u03bd \\u03c4\\u03bf\\u03c5 \\u03a0\\u03b1\\u03bd\\u03b5\\u03c0\\u03b9\\u03c3\\u03c4\\u03b7\\u03bc\\u03af\\u03bf\\u03c5 \\u03a0\\u03b5\\u03bb\\u03bf\\u03c0\\u03bf\\u03bd\\u03bd\\u03ae\\u03c3\\u03bf\\u03c5 \\u03ba\\u03b1\\u03b9 \\u03b4\\u03b9\\u03b5\\u03c5\\u03b8\\u03c5\\u03bd\\u03c4\\u03ae\\u03c2 \\u03c4\\u03bf\\u03c5 \\u03b5\\u03c1\\u03b3\\u03b1\\u03c3\\u03c4\\u03b7\\u03c1\\u03af\\u03bf\\u03c5 \\u201c<a href=\\\"https:\\/\\/dmlab.edu.gr\\/\\\" target=\\\"_blank\\\" rel=\\\"noopener noreferrer\\\">\\u0394\\u03b5\\u03b4\\u03bf\\u03bc\\u03ad\\u03bd\\u03c9\\u03bd \\u03ba\\u03b1\\u03b9 \\u039c\\u03ad\\u03c3\\u03c9\\u03bd<\\/a>\\u201d \\u03c4\\u03bf\\u03c5 \\u03af\\u03b4\\u03b9\\u03bf\\u03c5 \\u03c4\\u03bc\\u03ae\\u03bc\\u03b1\\u03c4\\u03bf\\u03c2.<\\/div>\\r\\n<div>\\u00a0<\\/div>\\r\\n<div>\\u03a5\\u03c0\\u03b7\\u03c1\\u03ad\\u03c4\\u03b7\\u03c3\\u03b5 \\u03c3\\u03c4\\u03bf\\u00a0<a href=\\\"http:\\/\\/www.tesyd.teimes.gr\\/\\\" target=\\\"_blank\\\" rel=\\\"noopener noreferrer\\\">\\u03a4\\u03bc\\u03ae\\u03bc\\u03b1 \\u039c\\u03b7\\u03c7\\u03b1\\u03bd\\u03b9\\u03ba\\u03ce\\u03bd \\u03a0\\u03bb\\u03b7\\u03c1\\u03bf\\u03c6\\u03bf\\u03c1\\u03b9\\u03ba\\u03ae\\u03c2 \\u03a4.\\u0395. <\\/a>\\u00a0\\u03c4\\u03bf\\u03c5\\u00a0<a href=\\\"http:\\/\\/www.teiwest.gr\\/\\\" target=\\\"_blank\\\" rel=\\\"noopener noreferrer\\\">\\u03a4\\u0395\\u0399 \\u0394\\u03c5\\u03c4\\u03b9\\u03ba\\u03ae\\u03c2 \\u0395\\u03bb\\u03bb\\u03ac\\u03b4\\u03b1\\u03c2<\\/a> \\u03b1\\u03c0\\u03cc \\u03c4\\u03bf\\u03bd \\u03a3\\u03b5\\u03c0\\u03c4\\u03ad\\u03bc\\u03b2\\u03c1\\u03b9\\u03bf 2011 \\u03bc\\u03ad\\u03c7\\u03c1\\u03b9 \\u03c4\\u03bf\\u03bd \\u039c\\u03ac\\u03b9\\u03bf 2019 \\u03ba\\u03b1\\u03b9 \\u03ae\\u03c4\\u03b1\\u03bd \\u03bc\\u03ad\\u03bb\\u03bf\\u03c2 \\u03c4\\u03bf\\u03c5 \\u03b5\\u03c1\\u03b5\\u03c5\\u03bd\\u03b7\\u03c4\\u03b9\\u03ba\\u03bf\\u03cd \\u03b5\\u03c1\\u03b3\\u03b1\\u03c3\\u03c4\\u03b7\\u03c1\\u03af\\u03bf\\u03c5 \\u201c\\u03a4\\u03b7\\u03bb\\u03b5\\u03c0\\u03b9\\u03ba\\u03bf\\u03b9\\u03bd\\u03c9\\u03bd\\u03b9\\u03ce\\u03bd, \\u0394\\u03b9\\u03ba\\u03c4\\u03cd\\u03c9\\u03bd \\u03ba\\u03b1\\u03b9 \\u03a3\\u03c5\\u03c3\\u03c4\\u03b7\\u03bc\\u03ac\\u03c4\\u03c9\\u03bd \\u03a8\\u03b7\\u03c6\\u03b9\\u03b1\\u03ba\\u03ae\\u03c2 \\u0395\\u03c0\\u03b5\\u03be\\u03b5\\u03c1\\u03b3\\u03b1\\u03c3\\u03af\\u03b1\\u03c2 \\u03a3\\u03b7\\u03bc\\u03ac\\u03c4\\u03c9\\u03bd\\u201d <a href=\\\"http:\\/\\/condis.cied.teiwest.gr\\/\\\" target=\\\"_blank\\\" rel=\\\"noopener noreferrer\\\">ConDIS Group<\\/a>. \\u0394\\u03af\\u03b4\\u03b1\\u03be\\u03b5 \\u03c4\\u03b1 \\u03c0\\u03c1\\u03bf\\u03c0\\u03c4\\u03c5\\u03c7\\u03b9\\u03b1\\u03ba\\u03ac \\u03bc\\u03b1\\u03b8\\u03ae\\u03bc\\u03b1\\u03c4\\u03b1 \\u00ab\\u03a3\\u03ae\\u03bc\\u03b1\\u03c4\\u03b1 \\u03ba\\u03b1\\u03b9 \\u03a3\\u03c5\\u03c3\\u03c4\\u03ae\\u03bc\\u03b1\\u03c4\\u03b1\\u00bb, \\u00ab\\u03a8\\u03b7\\u03c6\\u03b9\\u03b1\\u03ba\\u03ae \\u0395\\u03c0\\u03b5\\u03be\\u03b5\\u03c1\\u03b3\\u03b1\\u03c3\\u03af\\u03b1 \\u03a3\\u03b7\\u03bc\\u03ac\\u03c4\\u03c9\\u03bd\\u00bb, \\u00ab\\u03a4\\u03b7\\u03bb\\u03b5\\u03c0\\u03b9\\u03ba\\u03bf\\u03b9\\u03bd\\u03c9\\u03bd\\u03b9\\u03b1\\u03ba\\u03ac \\u03a3\\u03c5\\u03c3\\u03c4\\u03ae\\u03bc\\u03b1\\u03c4\\u03b1 \\u0399\\u00bb, \\u00ab\\u03a4\\u03b7\\u03bb\\u03b5\\u03c0\\u03b9\\u03ba\\u03bf\\u03b9\\u03bd\\u03c9\\u03bd\\u03b9\\u03b1\\u03ba\\u03ac \\u03a3\\u03c5\\u03c3\\u03c4\\u03ae\\u03bc\\u03b1\\u03c4\\u03b1 \\u0399\\u0399\\u00bb, \\u00ab\\u0398\\u03b5\\u03c9\\u03c1\\u03af\\u03b1 \\u03a0\\u03bb\\u03b7\\u03c1\\u03bf\\u03c6\\u03bf\\u03c1\\u03af\\u03b1\\u03c2\\u00bb, \\u00ab\\u039a\\u03bf\\u03b9\\u03bd\\u03c9\\u03bd\\u03af\\u03b1 \\u03c4\\u03b7\\u03c2 \\u03a0\\u03bb\\u03b7\\u03c1\\u03bf\\u03c6\\u03bf\\u03c1\\u03af\\u03b1\\u03c2\\u00bb (2004-2011) \\u03ba\\u03b1\\u03b9 \\u00ab\\u0392\\u03ac\\u03c3\\u03b5\\u03b9\\u03c2 \\u0394\\u03b5\\u03b4\\u03bf\\u03bc\\u03ad\\u03bd\\u03c9\\u03bd\\u00bb (\\u03b5\\u03c1\\u03b3\\u03b1\\u03c3\\u03c4\\u03ae\\u03c1\\u03b9\\u03bf, 2011-2013). \\u039a\\u03b1\\u03c4\\u03ac \\u03c4\\u03bf \\u03b4\\u03b9\\u03ac\\u03c3\\u03c4\\u03b7\\u03bc\\u03b1 2013-2018 \\u03c3\\u03c5\\u03bd\\u03c4\\u03cc\\u03bd\\u03b9\\u03c3\\u03b5 \\u03c4\\u03bf \\u03a0\\u03c1\\u03cc\\u03b3\\u03c1\\u03b1\\u03bc\\u03bc\\u03b1 \\u039c\\u03b5\\u03c4\\u03b1\\u03c0\\u03c4\\u03c5\\u03c7\\u03b9\\u03b1\\u03ba\\u03ce\\u03bd \\u03a3\\u03c0\\u03bf\\u03c5\\u03b4\\u03ce\\u03bd <a href=\\\"http:\\/\\/www.msc.cied.teiwest.gr\\/msc\\/\\\" target=\\\"_blank\\\" rel=\\\"noopener noreferrer\\\">\\u201c\\u03a4\\u03b5\\u03c7\\u03bd\\u03bf\\u03bb\\u03bf\\u03b3\\u03af\\u03b5\\u03c2 \\u03ba\\u03b1\\u03b9 \\u03a3\\u03c5\\u03c3\\u03c4\\u03ae\\u03bc\\u03b1\\u03c4\\u03b1 \\u0395\\u03c5\\u03c1\\u03c5\\u03b6\\u03c9\\u03bd\\u03b9\\u03ba\\u03ce\\u03bd \\u0395\\u03c6\\u03b1\\u03c1\\u03bc\\u03bf\\u03b3\\u03ce\\u03bd \\u03ba\\u03b1\\u03b9 \\u03a5\\u03c0\\u03b7\\u03c1\\u03b5\\u03c3\\u03b9\\u03ce\\u03bd\\u201d<\\/a> \\u03ba\\u03b1\\u03b9 \\u03c3\\u03c5\\u03bc\\u03bc\\u03b5\\u03c4\\u03b5\\u03af\\u03c7\\u03b5 \\u03c3\\u03c4\\u03b7 \\u03b4\\u03b9\\u03b4\\u03b1\\u03c3\\u03ba\\u03b1\\u03bb\\u03af\\u03b1 \\u03c4\\u03c9\\u03bd \\u03bc\\u03b1\\u03b8\\u03b7\\u03bc\\u03ac\\u03c4\\u03c9\\u03bd \\u201c\\u03a3\\u03c5\\u03c3\\u03c4\\u03ae\\u03bc\\u03b1\\u03c4\\u03b1 \\u03a8\\u03b7\\u03c6\\u03b9\\u03b1\\u03ba\\u03ce\\u03bd \\u0395\\u03c0\\u03b9\\u03ba\\u03bf\\u03b9\\u03bd\\u03c9\\u03bd\\u03b9\\u03ce\\u03bd\\u201d \\u03ba\\u03b1\\u03b9 \\u201c\\u0395\\u03c0\\u03b5\\u03be\\u03b5\\u03c1\\u03b3\\u03b1\\u03c3\\u03af\\u03b1 \\u03a8\\u03b7\\u03c6\\u03b9\\u03b1\\u03ba\\u03bf\\u03cd \\u03a3\\u03ae\\u03bc\\u03b1\\u03c4\\u03bf\\u03c2 \\u03ba\\u03b1\\u03b9 \\u03a3\\u03c7\\u03b5\\u03b4\\u03b9\\u03b1\\u03c3\\u03bc\\u03cc\\u03c2 \\u03a5\\u03bb\\u03b9\\u03ba\\u03bf\\u03cd\\u201d. \\u03a3\\u03ae\\u03bc\\u03b5\\u03c1\\u03b1, \\u03c3\\u03c5\\u03bc\\u03bc\\u03b5\\u03c4\\u03ad\\u03c7\\u03b5\\u03b9 \\u03c3\\u03c4\\u03bf \\u03bd\\u03ad\\u03bf \\u03a0\\u03c1\\u03cc\\u03b3\\u03c1\\u03b1\\u03bc\\u03bc\\u03b1 \\u039c\\u03b5\\u03c4\\u03b1\\u03c0\\u03c4\\u03c5\\u03c7\\u03b9\\u03b1\\u03ba\\u03ce\\u03bd \\u03a3\\u03c0\\u03bf\\u03c5\\u03b4\\u03ce\\u03bd \\u201c<a href=\\\"http:\\/\\/smart-ict.ece.uop.gr\\/\\\" target=\\\"_blank\\\" rel=\\\"noopener noreferrer\\\">\\u03a4\\u03b5\\u03c7\\u03bd\\u03bf\\u03bb\\u03bf\\u03b3\\u03af\\u03b5\\u03c2 \\u03ba\\u03b1\\u03b9 \\u03a5\\u03c0\\u03b7\\u03c1\\u03b5\\u03c3\\u03af\\u03b5\\u03c2 \\u0395\\u03c5\\u03c6\\u03c5\\u03ce\\u03bd \\u03a3\\u03c5\\u03c3\\u03c4\\u03b7\\u03bc\\u03ac\\u03c4\\u03c9\\u03bd \\u03a0\\u03bb\\u03b7\\u03c1\\u03bf\\u03c6\\u03bf\\u03c1\\u03b9\\u03ba\\u03ae\\u03c2 \\u03ba\\u03b1\\u03b9 \\u0395\\u03c0\\u03b9\\u03ba\\u03bf\\u03b9\\u03bd\\u03c9\\u03bd\\u03b9\\u03ce\\u03bd<\\/a>\\u201d \\u03c4\\u03bf\\u03c5 \\u03af\\u03b4\\u03b9\\u03bf\\u03c5 \\u03a4\\u03bc\\u03ae\\u03bc\\u03b1\\u03c4\\u03bf\\u03c2 \\u0397\\u03bb\\u03b5\\u03ba\\u03c4\\u03c1\\u03bf\\u03bb\\u03cc\\u03b3\\u03c9\\u03bd \\u039c\\u03b7\\u03c7\\u03b1\\u03bd\\u03b9\\u03ba\\u03ce\\u03bd \\u03ba\\u03b1\\u03b9 \\u039c\\u03b7\\u03c7\\u03b1\\u03bd\\u03b9\\u03ba\\u03ce\\u03bd \\u03a5\\u03c0\\u03bf\\u03bb\\u03bf\\u03b3\\u03b9\\u03c3\\u03c4\\u03ce\\u03bd, \\u03a0\\u03b1\\u03bd\\u03b5\\u03c0\\u03b9\\u03c3\\u03c4\\u03b7\\u03bc\\u03af\\u03bf\\u03c5 \\u03a0\\u03b5\\u03bb\\u03bf\\u03c0\\u03bf\\u03bd\\u03bd\\u03ae\\u03c3\\u03bf\\u03c5. \\u03a3\\u03c5\\u03bc\\u03bc\\u03b5\\u03c4\\u03ad\\u03c7\\u03b5\\u03b9 \\u03b5\\u03c0\\u03af\\u03c3\\u03b7\\u03c2 \\u03c9\\u03c2 \\u03b4\\u03b9\\u03b4\\u03ac\\u03c3\\u03ba\\u03c9\\u03bd \\u03c3\\u03c4\\u03bf \\u03bc\\u03ac\\u03b8\\u03b7\\u03bc\\u03b1 \\u201c\\u0395\\u03c6\\u03b1\\u03c1\\u03bc\\u03bf\\u03b3\\u03ad\\u03c2 \\u03c4\\u03c9\\u03bd \\u03bd\\u03ad\\u03c9\\u03bd \\u03c4\\u03b5\\u03c7\\u03bd\\u03bf\\u03bb\\u03bf\\u03b3\\u03b9\\u03ce\\u03bd \\u03c3\\u03c4\\u03b7\\u03bd \\u03b5\\u03ba\\u03c0\\u03b1\\u03b9\\u03b4\\u03b5\\u03c5\\u03c4\\u03b9\\u03ba\\u03ae \\u03c0\\u03c1\\u03ac\\u03be\\u03b7 \\u03ba\\u03b1\\u03b9 \\u03c3\\u03c4\\u03b7 \\u03b4\\u03b9\\u03bf\\u03af\\u03ba\\u03b7\\u03c3\\u03b7 \\u03c4\\u03b7\\u03c2 \\u03b5\\u03ba\\u03c0\\u03b1\\u03af\\u03b4\\u03b5\\u03c5\\u03c3\\u03b7\\u03c2\\u201d \\u03c4\\u03bf\\u03c5 \\u03a0\\u039c\\u03a3 \\u201c<a href=\\\"http:\\/\\/www.pre.uth.gr\\/new\\/el\\/content\\/616-pms-organosi-kai-dioikisi-tis-ekpaideysis\\\">\\u039f\\u03c1\\u03b3\\u03ac\\u03bd\\u03c9\\u03c3\\u03b7 \\u03ba\\u03b1\\u03b9 \\u0394\\u03b9\\u03bf\\u03af\\u03ba\\u03b7\\u03c3\\u03b7 \\u03c4\\u03b7\\u03c2 \\u0395\\u03ba\\u03c0\\u03b1\\u03af\\u03b4\\u03b5\\u03c5\\u03c3\\u03b7\\u03c2<\\/a>\\u201d \\u03c4\\u03bf\\u03c5 \\u03a0\\u03b1\\u03b9\\u03b4\\u03b1\\u03b3\\u03c9\\u03b3\\u03b9\\u03ba\\u03bf\\u03cd \\u03a4\\u03bc\\u03ae\\u03bc\\u03b1\\u03c4\\u03bf\\u03c2 \\u0394\\u03b7\\u03bc\\u03bf\\u03c4\\u03b9\\u03ba\\u03ae\\u03c2 \\u0395\\u03ba\\u03c0\\u03b1\\u03af\\u03b4\\u03b5\\u03c5\\u03c3\\u03b7\\u03c2 \\u03c4\\u03bf\\u03c5 \\u03a0\\u03b1\\u03bd\\u03b5\\u03c0\\u03b9\\u03c3\\u03c4\\u03b7\\u03bc\\u03af\\u03bf\\u03c5 \\u0398\\u03b5\\u03c3\\u03c3\\u03b1\\u03bb\\u03af\\u03b1\\u03c2.<\\/div>\\r\\n<div>\\u00a0<\\/div>\\r\\n<div>\\u03a3\\u03c5\\u03bd\\u03b5\\u03c1\\u03b3\\u03ac\\u03b6\\u03b5\\u03c4\\u03b1\\u03b9 \\u03bc\\u03b5 \\u03c4\\u03bf \\u0399\\u03bd\\u03c3\\u03c4\\u03b9\\u03c4\\u03bf\\u03cd\\u03c4\\u03bf \\u03a4\\u03b5\\u03c7\\u03bd\\u03bf\\u03bb\\u03bf\\u03b3\\u03af\\u03b1\\u03c2 \\u03a5\\u03c0\\u03bf\\u03bb\\u03bf\\u03b3\\u03b9\\u03c3\\u03c4\\u03ce\\u03bd \\u03ba\\u03b1\\u03b9 \\u0395\\u03ba\\u03b4\\u03cc\\u03c3\\u03b5\\u03c9\\u03bd <a href=\\\"https:\\/\\/www.cti.gr\\\" target=\\\"_blank\\\" rel=\\\"noopener noreferrer\\\">\\u0394\\u0399\\u039f\\u03a6\\u0391\\u039d\\u03a4\\u039f\\u03a3<\\/a> \\u03b1\\u03c0\\u03cc \\u03c4\\u03bf 1999 \\u03c3\\u03c4\\u03b7\\u03bd \\u03c0\\u03c1\\u03bf\\u03c3\\u03ad\\u03bb\\u03ba\\u03c5\\u03c3\\u03b7 \\u03ba\\u03b1\\u03b9 \\u03b4\\u03b9\\u03b5\\u03cd\\u03b8\\u03c5\\u03bd\\u03c3\\u03b7 \\u03b1\\u03bd\\u03b1\\u03c0\\u03c4\\u03c5\\u03be\\u03b9\\u03b1\\u03ba\\u03ce\\u03bd \\u03ba\\u03b1\\u03b9 \\u03b5\\u03c1\\u03b5\\u03c5\\u03bd\\u03b7\\u03c4\\u03b9\\u03ba\\u03ce\\u03bd \\u03ad\\u03c1\\u03b3\\u03c9\\u03bd \\u03ba\\u03b1\\u03b9 \\u03b4\\u03b9\\u03b1\\u03c4\\u03b5\\u03bb\\u03b5\\u03af \\u03b5\\u03c0\\u03b9\\u03c3\\u03c4\\u03b7\\u03bc\\u03bf\\u03bd\\u03b9\\u03ba\\u03cc\\u03c2 \\u03c5\\u03c0\\u03b5\\u03cd\\u03b8\\u03c5\\u03bd\\u03bf\\u03c2 \\u03b5\\u03c1\\u03b5\\u03c5\\u03bd\\u03b7\\u03c4\\u03b9\\u03ba\\u03ce\\u03bd \\u03ba\\u03b1\\u03b9 \\u03b1\\u03bd\\u03b1\\u03c0\\u03c4\\u03c5\\u03be\\u03b9\\u03b1\\u03ba\\u03ce\\u03bd \\u03ad\\u03c1\\u03b3\\u03c9\\u03bd, \\u03c7\\u03c1\\u03b7\\u03bc\\u03b1\\u03c4\\u03bf\\u03b4\\u03bf\\u03cd\\u03bc\\u03b5\\u03bdvn \\u03b1\\u03c0\\u03cc \\u03b5\\u03b8\\u03bd\\u03b9\\u03ba\\u03bf\\u03cd\\u03c2 \\u03ae\\/\\u03ba\\u03b1\\u03b9 \\u03b4\\u03b9\\u03b5\\u03b8\\u03bd\\u03b5\\u03af\\u03c2 \\u03c0\\u03cc\\u03c1\\u03bf\\u03c5\\u03c2. \\u0394\\u03b9\\u03b5\\u03c4\\u03ad\\u03bb\\u03b5\\u03c3\\u03b5 \\u0391\\u03bd\\u03b1\\u03c0\\u03bb\\u03b7\\u03c1\\u03c9\\u03c4\\u03ae\\u03c2 \\u0394\\u03b9\\u03b5\\u03c5\\u03b8\\u03c5\\u03bd\\u03c4\\u03ae\\u03c2 \\u03c4\\u03bf\\u03c5 \\u03a4\\u03bf\\u03bc\\u03ad\\u03b1 \\u0394\\u03b9\\u03ba\\u03c4\\u03c5\\u03b1\\u03ba\\u03ce\\u03bd \\u03a4\\u03b5\\u03c7\\u03bd\\u03bf\\u03bb\\u03bf\\u03b3\\u03b9\\u03ce\\u03bd \\u03b1\\u03c0\\u03cc \\u03c4\\u03bf 1999 \\u03bc\\u03ad\\u03c7\\u03c1\\u03b9 \\u03c4\\u03bf 2011. \\u0391\\u03c0\\u03cc \\u03c4\\u03bf\\u03bd \\u0399\\u03bf\\u03cd\\u03bb\\u03b9\\u03bf 2011 \\u03bc\\u03ad\\u03c7\\u03c1\\u03b9 \\u03c4\\u03bf\\u03bd \\u0391\\u03c0\\u03c1\\u03af\\u03bb\\u03b9\\u03bf 2019 \\u03ac\\u03c3\\u03ba\\u03b7\\u03c3\\u03b5 \\u03c4\\u03b1 \\u03ba\\u03b1\\u03b8\\u03ae\\u03ba\\u03bf\\u03bd\\u03c4\\u03b1 \\u03c4\\u03bf\\u03c5 \\u0394\\u03b9\\u03b5\\u03c5\\u03b8\\u03c5\\u03bd\\u03c4\\u03ae \\u03c4\\u03b7\\u03c2 <a href=\\\"http:\\/\\/nts.cti.gr\\/\\\" target=\\\"_blank\\\" rel=\\\"noopener noreferrer\\\">\\u0394\\u03b9\\u03b5\\u03cd\\u03b8\\u03c5\\u03bd\\u03c3\\u03b7\\u03c2 \\u03a0\\u03b1\\u03bd\\u03b5\\u03bb\\u03bb\\u03ae\\u03bd\\u03b9\\u03bf\\u03c5 \\u03a3\\u03c7\\u03bf\\u03bb\\u03b9\\u03ba\\u03bf\\u03cd \\u0394\\u03b9\\u03ba\\u03c4\\u03cd\\u03bf\\u03c5 \\u03ba\\u03b1\\u03b9 \\u0394\\u03b9\\u03ba\\u03c4\\u03c5\\u03b1\\u03ba\\u03ce\\u03bd \\u03a4\\u03b5\\u03c7\\u03bd\\u03bf\\u03bb\\u03bf\\u03b3\\u03b9\\u03ce\\u03bd<\\/a> \\u03c4\\u03bf\\u03c5 <a href=\\\"http:\\/\\/www.cti.gr\\\" target=\\\"_blank\\\" rel=\\\"noopener noreferrer\\\">\\u0399\\u03a4\\u03a5\\u0395 \\u0394\\u03b9\\u03cc\\u03c6\\u03b1\\u03bd\\u03c4\\u03bf\\u03c2<\\/a>. \\u03a3\\u03ae\\u03bc\\u03b5\\u03c1\\u03b1 \\u03b5\\u03af\\u03bd\\u03b1\\u03b9 \\u03bf \\u03a3\\u03c5\\u03bd\\u03c4\\u03bf\\u03bd\\u03b9\\u03c3\\u03c4\\u03ae\\u03c2 \\u03c4\\u03bf\\u03c5 <a href=\\\"https:\\/\\/www.sch.gr\\\" target=\\\"_blank\\\" rel=\\\"noopener noreferrer\\\">\\u03a0\\u03b1\\u03bd\\u03b5\\u03bb\\u03bb\\u03ae\\u03bd\\u03b9\\u03bf\\u03c5 \\u03a3\\u03c7\\u03bf\\u03bb\\u03b9\\u03ba\\u03bf\\u03cd \\u0394\\u03b9\\u03ba\\u03c4\\u03cd\\u03bf\\u03c5<\\/a>.<\\/div>\\r\\n<div>\\r\\n<p>\\u0388\\u03c7\\u03b5\\u03b9 \\u03c5\\u03c0\\u03ac\\u03c1\\u03be\\u03b5\\u03b9 \\u03b4\\u03b9\\u03b4\\u03ac\\u03c3\\u03ba\\u03c9\\u03bd \\u03a0\\u0394 407\\/80 \\u03c4\\u03c9\\u03bd <a href=\\\"http:\\/\\/www.ceid.upatras.gr\\\" target=\\\"_blank\\\" rel=\\\"noopener noreferrer\\\">\\u03a4\\u03bc\\u03b7\\u03bc\\u03ac\\u03c4\\u03c9\\u03bd \\u039c\\u03b7\\u03c7\\u03b1\\u03bd\\u03b9\\u03ba\\u03ce\\u03bd \\u0397\\/\\u03a5 \\u03ba\\u03b1\\u03b9 \\u03a0\\u03bb\\u03b7\\u03c1\\u03bf\\u03c6\\u03bf\\u03c1\\u03b9\\u03ba\\u03ae\\u03c2<\\/a> (2002-2008) \\u03ba\\u03b1\\u03b9 <a href=\\\"http:\\/\\/www.ece.upatras.gr\\\" target=\\\"_blank\\\" rel=\\\"noopener noreferrer\\\">\\u0397\\u03bb\\u03b5\\u03ba\\u03c4\\u03c1\\u03bf\\u03bb\\u03cc\\u03b3\\u03c9\\u03bd \\u039c\\u03b7\\u03c7\\u03b1\\u03bd\\u03b9\\u03ba\\u03ce\\u03bd \\u03ba\\u03b1\\u03b9 \\u03a4\\u03b5\\u03c7\\u03bd\\u03bf\\u03bb\\u03bf\\u03b3\\u03af\\u03b1\\u03c2 \\u03a5\\u03c0\\u03bf\\u03bb\\u03bf\\u03b3\\u03b9\\u03c3\\u03c4\\u03ce\\u03bd<\\/a> (2001-2002) \\u03c4\\u03bf\\u03c5 \\u03a0\\u03b1\\u03bd\\u03b5\\u03c0\\u03b9\\u03c3\\u03c4\\u03b7\\u03bc\\u03af\\u03bf\\u03c5 \\u03a0\\u03b1\\u03c4\\u03c1\\u03ce\\u03bd \\u03ba\\u03b1\\u03b9 \\u03b5\\u03af\\u03bd\\u03b1\\u03b9 \\u03bc\\u03ad\\u03bb\\u03bf\\u03c2 \\u03a3\\u0395\\u03a0 \\u03c4\\u03bf\\u03c5 <a href=\\\"https:\\/\\/www.eap.gr\\/\\\" target=\\\"_blank\\\" rel=\\\"noopener noreferrer\\\">\\u0395\\u03bb\\u03bb\\u03b7\\u03bd\\u03b9\\u03ba\\u03bf\\u03cd \\u0391\\u03bd\\u03bf\\u03b9\\u03ba\\u03c4\\u03bf\\u03cd \\u03a0\\u03b1\\u03bd\\u03b5\\u03c0\\u03b9\\u03c3\\u03c4\\u03b7\\u03bc\\u03af\\u03bf\\u03c5<\\/a> \\u03c3\\u03c4\\u03b9\\u03c2 \\u03b8\\u03b5\\u03bc\\u03b1\\u03c4\\u03b9\\u03ba\\u03ad\\u03c2 \\u03b5\\u03bd\\u03cc\\u03c4\\u03b7\\u03c4\\u03b5\\u03c2 \\u00ab\\u03a0\\u039b\\u039711-\\u0391\\u03c1\\u03c7\\u03ad\\u03c2 \\u03a4\\u03b5\\u03c7\\u03bd\\u03bf\\u03bb\\u03bf\\u03b3\\u03af\\u03b1\\u03c2 \\u039b\\u03bf\\u03b3\\u03b9\\u03c3\\u03bc\\u03b9\\u03ba\\u03bf\\u03cd\\u00bb (2001-2017) \\u03ba\\u03b1\\u03b9 \\u00ab\\u03a0\\u039b\\u039723-\\u03a4\\u03b7\\u03bb\\u03b5\\u03bc\\u03b1\\u03c4\\u03b9\\u03ba\\u03ae, \\u0394\\u03b9\\u03b1\\u03b4\\u03af\\u03ba\\u03c4\\u03c5\\u03b1 \\u03ba\\u03b1\\u03b9 \\u039a\\u03bf\\u03b9\\u03bd\\u03c9\\u03bd\\u03af\\u03b1\\u00bb (2017-2018).<\\/p>\\r\\n<p>\\u0395\\u03af\\u03bd\\u03b1\\u03b9 \\u03bc\\u03ad\\u03bb\\u03bf\\u03c2 \\u03c4\\u03c9\\u03bd \\u03a4\\u0395\\u0395, \\u0399\\u0395\\u0395\\u0395 \\u03ba\\u03b1\\u03b9 AES.<\\/p>\\r\\n<\\/div>\\r\\n<div>\\u00a0<\\/div>\\r\\n<\\/div>\",\"fulltext\":\"\",\"state\":1,\"catid\":\"28\",\"created\":\"2011-07-18 08:12:45\",\"created_by\":\"57\",\"created_by_alias\":\"\",\"modified\":\"2023-03-30 10:15:16\",\"modified_by\":\"57\",\"checked_out\":\"57\",\"checked_out_time\":\"2023-03-30 10:15:04\",\"publish_up\":\"2011-07-18 08:12:45\",\"publish_down\":\"0000-00-00 00:00:00\",\"images\":\"{\\\"image_intro\\\":\\\"\\\",\\\"float_intro\\\":\\\"\\\",\\\"image_intro_alt\\\":\\\"\\\",\\\"image_intro_caption\\\":\\\"\\\",\\\"image_fulltext\\\":\\\"\\\",\\\"float_fulltext\\\":\\\"\\\",\\\"image_fulltext_alt\\\":\\\"\\\",\\\"image_fulltext_caption\\\":\\\"\\\"}\",\"urls\":\"{\\\"urla\\\":false,\\\"urlatext\\\":\\\"\\\",\\\"targeta\\\":\\\"\\\",\\\"urlb\\\":false,\\\"urlbtext\\\":\\\"\\\",\\\"targetb\\\":\\\"\\\",\\\"urlc\\\":false,\\\"urlctext\\\":\\\"\\\",\\\"targetc\\\":\\\"\\\"}\",\"attribs\":\"{\\\"article_layout\\\":\\\"\\\",\\\"show_title\\\":\\\"\\\",\\\"link_titles\\\":\\\"\\\",\\\"show_tags\\\":\\\"\\\",\\\"show_intro\\\":\\\"\\\",\\\"info_block_position\\\":\\\"\\\",\\\"info_block_show_title\\\":\\\"\\\",\\\"show_category\\\":\\\"\\\",\\\"link_category\\\":\\\"\\\",\\\"show_parent_category\\\":\\\"\\\",\\\"link_parent_category\\\":\\\"\\\",\\\"show_associations\\\":\\\"\\\",\\\"show_author\\\":\\\"\\\",\\\"link_author\\\":\\\"\\\",\\\"show_create_date\\\":\\\"\\\",\\\"show_modify_date\\\":\\\"\\\",\\\"show_publish_date\\\":\\\"\\\",\\\"show_item_navigation\\\":\\\"\\\",\\\"show_icons\\\":\\\"\\\",\\\"show_print_icon\\\":\\\"\\\",\\\"show_email_icon\\\":\\\"\\\",\\\"show_vote\\\":\\\"\\\",\\\"show_hits\\\":\\\"\\\",\\\"show_noauth\\\":\\\"\\\",\\\"urls_position\\\":\\\"\\\",\\\"alternative_readmore\\\":\\\"\\\",\\\"article_page_title\\\":\\\"\\\",\\\"show_publishing_options\\\":\\\"\\\",\\\"show_article_options\\\":\\\"\\\",\\\"show_urls_images_backend\\\":\\\"\\\",\\\"show_urls_images_frontend\\\":\\\"\\\",\\\"helix_ultimate_image\\\":\\\"\\\",\\\"helix_ultimate_article_format\\\":\\\"standard\\\",\\\"helix_ultimate_audio\\\":\\\"\\\",\\\"helix_ultimate_gallery\\\":\\\"\\\",\\\"helix_ultimate_video\\\":\\\"\\\"}\",\"version\":30,\"ordering\":\"1\",\"metakey\":\"\",\"metadesc\":\"\",\"access\":\"1\",\"hits\":\"4915\",\"metadata\":\"{\\\"robots\\\":\\\"\\\",\\\"author\\\":\\\"\\\",\\\"rights\\\":\\\"\\\",\\\"xreference\\\":\\\"\\\"}\",\"featured\":\"0\",\"language\":\"el-GR\",\"xreference\":\"\",\"note\":\"\"}',0),(1860,296,1,'','2023-03-30 10:15:43',57,24270,'b763358d56430223c1b85d850c3d13c2a6e1a621','{\"id\":296,\"asset_id\":\"990\",\"title\":\"Dr. Michael Paraskevas\",\"alias\":\"michael-paraskevas-director\",\"introtext\":\"<table style=\\\"width: 100%;\\\" border=\\\"0\\\" cellspacing=\\\"6\\\" align=\\\"CENTER\\\">\\r\\n<tbody>\\r\\n<tr>\\r\\n<td width=\\\"20%\\\"><span style=\\\"color: #000000; font-size: 13px; text-align: -webkit-auto;\\\"><img src=\\\"images\\/mparask.jpg\\\" alt=\\\"\\\" width=\\\"131\\\" height=\\\"132\\\" \\/><\\/span><\\/td>\\r\\n<td>\\r\\n<div>\\u00a0<\\/div>\\r\\n<div>Associate Professor of Electrical and Computers Engineering Department of University of Peloponnese, Greece.<br \\/> PhD Electrical Engineer and Computer Technology<br \\/> +30 2610 960368<br \\/> mparask @ cti.gr<br \\/><a href=\\\"https:\\/\\/paraskevas.ece.uop.gr\\/?lang=en\\\">https:\\/\\/paraskevas.ece.uop.gr\\/?lang=en<\\/a><\\/div>\\r\\n<\\/td>\\r\\n<\\/tr>\\r\\n<\\/tbody>\\r\\n<\\/table>\\r\\n<div>\\r\\n<p>\\u00a0<\\/p>\\r\\n<p style=\\\"text-align: left;\\\">Dr. Paraskevas received an electrical engineering degree from the University of Patras, Greece in 1989. In 1995 he received the PhD degree in audio compression techniques using perceptual model of human hearing. His current research interests are in digital signal processing techniques, signal theory, analogue and digital communications, next generation networks and e-government services, as well as in the exploiting the ICTs in the education. He has published more than 70 papers in international journals and conferences, has authored two books and 2 book chapters, he has participated in more than 35 committees of international journals and conferences and his published work has collected more than 400 citations and has been reported in 70 patents.<\\/p>\\r\\n<p style=\\\"text-align: left;\\\">He teaches the courses of Signal and Systems, Digital Signal Processing, Analogue Communications, Digital Communications, Information Society at the undergraduate program (<a href=\\\"http:\\/\\/www.cied.teiwest.gr\\/\\\" target=\\\"_blank\\\" rel=\\\"noopener noreferrer\\\">http:\\/\\/www.cied.teiwest.gr\\/<\\/a>) as also as Digital Communications systems and DSP and Hardware Design courses at postraduate programm of Technologies and Infrastructures for Broadband Applications and Services (<a href=\\\"http:\\/\\/www.msc.cied.teiwest.gr\\/mscen\\/\\\" target=\\\"_blank\\\" rel=\\\"noopener noreferrer\\\">http:\\/\\/msc.cied.teiwest.gr\\/mscen\\/<\\/a>). He is a member of <a href=\\\"http:\\/\\/condis.cied.teiwest.gr\\/\\\" target=\\\"_blank\\\" rel=\\\"noopener noreferrer\\\">ConDIS Group<\\/a>.<\\/p>\\r\\n<p style=\\\"text-align: left;\\\">He has extensive professional experience on issues regarding planning and implementation of large scale network infrastructures, electronic services and exploitation of ICTs in education and manages a large number of corresponding development projects.<\\/p>\\r\\nHe was the Director of the Directorate of Greek School Network (<a href=\\\"http:\\/\\/nts.cti.gr\\/\\\" target=\\\"_blank\\\" rel=\\\"noopener noreferrer\\\">http:\\/\\/nts.cti.gr\\/<\\/a>) (2011-2019) at Computer Technology Institute and Press \\u201cDiophantus\\u201d (<a href=\\\"http:\\/\\/www.cti.gr\\/en\\\" target=\\\"_blank\\\" rel=\\\"noopener noreferrer\\\">www.cti.gr\\/en<\\/a>).\\u00a0He is also a consultant teacher of the Hellenic Open University (<a href=\\\"http:\\/\\/www.eap.gr\\/en\\/\\\" target=\\\"_blank\\\" rel=\\\"noopener noreferrer\\\">http:\\/\\/www.eap.gr\\/en\\/<\\/a>) as well as the Electronic and Computer Engineer Department of the University of Patras (<a href=\\\"http:\\/\\/www.ceid.upatras.gr\\/en\\\" target=\\\"_blank\\\" rel=\\\"noopener noreferrer\\\">www.ceid.upatras.gr\\/en<\\/a>) (2002-2008).\\u00a0He is a member of the Technical Chamber of Greece, IEEE and the Audio Engineering Society.<\\/div>\\r\\n<p>\\u00a0<\\/p>\\r\\n<!-- [if gte mso 9]>\\r\\n\\t\\t<xml>\\r\\n\\t\\t\\t<w:LatentStyles DefLockedState=\\\"false\\\" DefUnhideWhenUsed=\\\"true\\\" DefSemiHidden=\\\"true\\\" DefQFormat=\\\"false\\\" DefPriority=\\\"99\\\" LatentStyleCount=\\\"267\\\">  \\r\\n\\t\\t\\t\\t<w:LsdException Locked=\\\"false\\\" Priority=\\\"0\\\" SemiHidden=\\\"false\\\" UnhideWhenUsed=\\\"false\\\" QFormat=\\\"true\\\" Name=\\\"Normal\\\" \\/>  \\r\\n\\t\\t\\t\\t<w:LsdException Locked=\\\"false\\\" Priority=\\\"9\\\" SemiHidden=\\\"false\\\" UnhideWhenUsed=\\\"false\\\" QFormat=\\\"true\\\" Name=\\\"heading 1\\\" \\/>  \\r\\n\\t\\t\\t\\t<w:LsdException Locked=\\\"false\\\" Priority=\\\"9\\\" QFormat=\\\"true\\\" Name=\\\"heading 2\\\" \\/>  \\r\\n\\t\\t\\t\\t<w:LsdException Locked=\\\"false\\\" Priority=\\\"9\\\" QFormat=\\\"true\\\" Name=\\\"heading 3\\\" \\/>  \\r\\n\\t\\t\\t\\t<w:LsdException Locked=\\\"false\\\" Priority=\\\"9\\\" QFormat=\\\"true\\\" Name=\\\"heading 4\\\" \\/>  \\r\\n\\t\\t\\t\\t<w:LsdException Locked=\\\"false\\\" Priority=\\\"9\\\" QFormat=\\\"true\\\" Name=\\\"heading 5\\\" \\/>  \\r\\n\\t\\t\\t\\t<w:LsdException Locked=\\\"false\\\" Priority=\\\"9\\\" QFormat=\\\"true\\\" Name=\\\"heading 6\\\" \\/>  \\r\\n\\t\\t\\t\\t<w:LsdException Locked=\\\"false\\\" Priority=\\\"9\\\" QFormat=\\\"true\\\" Name=\\\"heading 7\\\" \\/>  \\r\\n\\t\\t\\t\\t<w:LsdException Locked=\\\"false\\\" Priority=\\\"9\\\" QFormat=\\\"true\\\" Name=\\\"heading 8\\\" \\/>  \\r\\n\\t\\t\\t\\t<w:LsdException Locked=\\\"false\\\" Priority=\\\"9\\\" QFormat=\\\"true\\\" Name=\\\"heading 9\\\" \\/>  \\r\\n\\t\\t\\t\\t<w:LsdException Locked=\\\"false\\\" Priority=\\\"39\\\" Name=\\\"toc 1\\\" \\/>  \\r\\n\\t\\t\\t\\t<w:LsdException Locked=\\\"false\\\" Priority=\\\"39\\\" Name=\\\"toc 2\\\" \\/>  \\r\\n\\t\\t\\t\\t<w:LsdException Locked=\\\"false\\\" Priority=\\\"39\\\" Name=\\\"toc 3\\\" \\/>  \\r\\n\\t\\t\\t\\t<w:LsdException Locked=\\\"false\\\" Priority=\\\"39\\\" Name=\\\"toc 4\\\" \\/>  \\r\\n\\t\\t\\t\\t<w:LsdException Locked=\\\"false\\\" Priority=\\\"39\\\" Name=\\\"toc 5\\\" \\/>  \\r\\n\\t\\t\\t\\t<w:LsdException Locked=\\\"false\\\" Priority=\\\"39\\\" Name=\\\"toc 6\\\" \\/>  \\r\\n\\t\\t\\t\\t<w:LsdException Locked=\\\"false\\\" Priority=\\\"39\\\" Name=\\\"toc 7\\\" \\/>  \\r\\n\\t\\t\\t\\t<w:LsdException Locked=\\\"false\\\" Priority=\\\"39\\\" Name=\\\"toc 8\\\" \\/>  \\r\\n\\t\\t\\t\\t<w:LsdException Locked=\\\"false\\\" Priority=\\\"39\\\" Name=\\\"toc 9\\\" \\/>  \\r\\n\\t\\t\\t\\t<w:LsdException Locked=\\\"false\\\" Priority=\\\"35\\\" QFormat=\\\"true\\\" Name=\\\"caption\\\" \\/>  \\r\\n\\t\\t\\t\\t<w:LsdException Locked=\\\"false\\\" Priority=\\\"10\\\" SemiHidden=\\\"false\\\" UnhideWhenUsed=\\\"false\\\" QFormat=\\\"true\\\" Name=\\\"Title\\\" \\/>  \\r\\n\\t\\t\\t\\t<w:LsdException Locked=\\\"false\\\" Priority=\\\"1\\\" Name=\\\"Default Paragraph Font\\\" \\/>  \\r\\n\\t\\t\\t\\t<w:LsdException Locked=\\\"false\\\" Priority=\\\"11\\\" SemiHidden=\\\"false\\\" UnhideWhenUsed=\\\"false\\\" QFormat=\\\"true\\\" Name=\\\"Subtitle\\\" \\/>  \\r\\n\\t\\t\\t\\t<w:LsdException Locked=\\\"false\\\" Priority=\\\"22\\\" SemiHidden=\\\"false\\\" UnhideWhenUsed=\\\"false\\\" QFormat=\\\"true\\\" Name=\\\"Strong\\\" \\/>  \\r\\n\\t\\t\\t\\t<w:LsdException Locked=\\\"false\\\" Priority=\\\"20\\\" SemiHidden=\\\"false\\\" UnhideWhenUsed=\\\"false\\\" QFormat=\\\"true\\\" Name=\\\"Emphasis\\\" \\/>  \\r\\n\\t\\t\\t\\t<w:LsdException Locked=\\\"false\\\" Priority=\\\"59\\\" SemiHidden=\\\"false\\\" UnhideWhenUsed=\\\"false\\\" Name=\\\"Table Grid\\\" \\/>  \\r\\n\\t\\t\\t\\t<w:LsdException Locked=\\\"false\\\" UnhideWhenUsed=\\\"false\\\" Name=\\\"Placeholder Text\\\" \\/>  \\r\\n\\t\\t\\t\\t<w:LsdException Locked=\\\"false\\\" Priority=\\\"1\\\" SemiHidden=\\\"false\\\" UnhideWhenUsed=\\\"false\\\" QFormat=\\\"true\\\" Name=\\\"No Spacing\\\" \\/>  \\r\\n\\t\\t\\t\\t<w:LsdException Locked=\\\"false\\\" Priority=\\\"60\\\" SemiHidden=\\\"false\\\" UnhideWhenUsed=\\\"false\\\" Name=\\\"Light Shading\\\" \\/>  \\r\\n\\t\\t\\t\\t<w:LsdException Locked=\\\"false\\\" Priority=\\\"61\\\" SemiHidden=\\\"false\\\" UnhideWhenUsed=\\\"false\\\" Name=\\\"Light List\\\" \\/>  \\r\\n\\t\\t\\t\\t<w:LsdException Locked=\\\"false\\\" Priority=\\\"62\\\" SemiHidden=\\\"false\\\" UnhideWhenUsed=\\\"false\\\" Name=\\\"Light Grid\\\" \\/>  \\r\\n\\t\\t\\t\\t<w:LsdException Locked=\\\"false\\\" Priority=\\\"63\\\" SemiHidden=\\\"false\\\" UnhideWhenUsed=\\\"false\\\" Name=\\\"Medium Shading 1\\\" \\/>  \\r\\n\\t\\t\\t\\t<w:LsdException Locked=\\\"false\\\" Priority=\\\"64\\\" SemiHidden=\\\"false\\\" UnhideWhenUsed=\\\"false\\\" Name=\\\"Medium Shading 2\\\" \\/>  \\r\\n\\t\\t\\t\\t<w:LsdException Locked=\\\"false\\\" Priority=\\\"65\\\" SemiHidden=\\\"false\\\" UnhideWhenUsed=\\\"false\\\" Name=\\\"Medium List 1\\\" \\/>  \\r\\n\\t\\t\\t\\t<w:LsdException Locked=\\\"false\\\" Priority=\\\"66\\\" SemiHidden=\\\"false\\\" UnhideWhenUsed=\\\"false\\\" Name=\\\"Medium List 2\\\" \\/>  \\r\\n\\t\\t\\t\\t<w:LsdException Locked=\\\"false\\\" Priority=\\\"67\\\" SemiHidden=\\\"false\\\" UnhideWhenUsed=\\\"false\\\" Name=\\\"Medium Grid 1\\\" \\/>  \\r\\n\\t\\t\\t\\t<w:LsdException Locked=\\\"false\\\" Priority=\\\"68\\\" SemiHidden=\\\"false\\\" UnhideWhenUsed=\\\"false\\\" Name=\\\"Medium Grid 2\\\" \\/>  \\r\\n\\t\\t\\t\\t<w:LsdException Locked=\\\"false\\\" Priority=\\\"69\\\" SemiHidden=\\\"false\\\" UnhideWhenUsed=\\\"false\\\" Name=\\\"Medium Grid 3\\\" \\/>  \\r\\n\\t\\t\\t\\t<w:LsdException Locked=\\\"false\\\" Priority=\\\"70\\\" SemiHidden=\\\"false\\\" UnhideWhenUsed=\\\"false\\\" Name=\\\"Dark List\\\" \\/>  \\r\\n\\t\\t\\t\\t<w:LsdException Locked=\\\"false\\\" Priority=\\\"71\\\" SemiHidden=\\\"false\\\" UnhideWhenUsed=\\\"false\\\" Name=\\\"Colorful Shading\\\" \\/>  \\r\\n\\t\\t\\t\\t<w:LsdException Locked=\\\"false\\\" Priority=\\\"72\\\" SemiHidden=\\\"false\\\" UnhideWhenUsed=\\\"false\\\" Name=\\\"Colorful List\\\" \\/>  \\r\\n\\t\\t\\t\\t<w:LsdException Locked=\\\"false\\\" Priority=\\\"73\\\" SemiHidden=\\\"false\\\" UnhideWhenUsed=\\\"false\\\" Name=\\\"Colorful Grid\\\" \\/>  \\r\\n\\t\\t\\t\\t<w:LsdException Locked=\\\"false\\\" Priority=\\\"60\\\" SemiHidden=\\\"false\\\" UnhideWhenUsed=\\\"false\\\" Name=\\\"Light Shading Accent 1\\\" \\/>  \\r\\n\\t\\t\\t\\t<w:LsdException Locked=\\\"false\\\" Priority=\\\"61\\\" SemiHidden=\\\"false\\\" UnhideWhenUsed=\\\"false\\\" Name=\\\"Light List Accent 1\\\" \\/>  \\r\\n\\t\\t\\t\\t<w:LsdException Locked=\\\"false\\\" Priority=\\\"62\\\" SemiHidden=\\\"false\\\" UnhideWhenUsed=\\\"false\\\" Name=\\\"Light Grid Accent 1\\\" \\/>  \\r\\n\\t\\t\\t\\t<w:LsdException Locked=\\\"false\\\" Priority=\\\"63\\\" SemiHidden=\\\"false\\\" UnhideWhenUsed=\\\"false\\\" Name=\\\"Medium Shading 1 Accent 1\\\" \\/>  \\r\\n\\t\\t\\t\\t<w:LsdException Locked=\\\"false\\\" Priority=\\\"64\\\" SemiHidden=\\\"false\\\" UnhideWhenUsed=\\\"false\\\" Name=\\\"Medium Shading 2 Accent 1\\\" \\/>  \\r\\n\\t\\t\\t\\t<w:LsdException Locked=\\\"false\\\" Priority=\\\"65\\\" SemiHidden=\\\"false\\\" UnhideWhenUsed=\\\"false\\\" Name=\\\"Medium List 1 Accent 1\\\" \\/>  \\r\\n\\t\\t\\t\\t<w:LsdException Locked=\\\"false\\\" UnhideWhenUsed=\\\"false\\\" Name=\\\"Revision\\\" \\/>  \\r\\n\\t\\t\\t\\t<w:LsdException Locked=\\\"false\\\" Priority=\\\"34\\\" SemiHidden=\\\"false\\\" UnhideWhenUsed=\\\"false\\\" QFormat=\\\"true\\\" Name=\\\"List Paragraph\\\" \\/>  \\r\\n\\t\\t\\t\\t<w:LsdException Locked=\\\"false\\\" Priority=\\\"29\\\" SemiHidden=\\\"false\\\" UnhideWhenUsed=\\\"false\\\" QFormat=\\\"true\\\" Name=\\\"Quote\\\" \\/>  \\r\\n\\t\\t\\t\\t<w:LsdException Locked=\\\"false\\\" Priority=\\\"30\\\" SemiHidden=\\\"false\\\" UnhideWhenUsed=\\\"false\\\" QFormat=\\\"true\\\" Name=\\\"Intense Quote\\\" \\/>  \\r\\n\\t\\t\\t\\t<w:LsdException Locked=\\\"false\\\" Priority=\\\"66\\\" SemiHidden=\\\"false\\\" UnhideWhenUsed=\\\"false\\\" Name=\\\"Medium List 2 Accent 1\\\" \\/>  \\r\\n\\t\\t\\t\\t<w:LsdException Locked=\\\"false\\\" Priority=\\\"67\\\" SemiHidden=\\\"false\\\" UnhideWhenUsed=\\\"false\\\" Name=\\\"Medium Grid 1 Accent 1\\\" \\/>  \\r\\n\\t\\t\\t\\t<w:LsdException Locked=\\\"false\\\" Priority=\\\"68\\\" SemiHidden=\\\"false\\\" UnhideWhenUsed=\\\"false\\\" Name=\\\"Medium Grid 2 Accent 1\\\" \\/>  \\r\\n\\t\\t\\t\\t<w:LsdException Locked=\\\"false\\\" Priority=\\\"69\\\" SemiHidden=\\\"false\\\" UnhideWhenUsed=\\\"false\\\" Name=\\\"Medium Grid 3 Accent 1\\\" \\/>  \\r\\n\\t\\t\\t\\t<w:LsdException Locked=\\\"false\\\" Priority=\\\"70\\\" SemiHidden=\\\"false\\\" UnhideWhenUsed=\\\"false\\\" Name=\\\"Dark List Accent 1\\\" \\/>  \\r\\n\\t\\t\\t\\t<w:LsdException Locked=\\\"false\\\" Priority=\\\"71\\\" SemiHidden=\\\"false\\\" UnhideWhenUsed=\\\"false\\\" Name=\\\"Colorful Shading Accent 1\\\" \\/>  \\r\\n\\t\\t\\t\\t<w:LsdException Locked=\\\"false\\\" Priority=\\\"72\\\" SemiHidden=\\\"false\\\" UnhideWhenUsed=\\\"false\\\" Name=\\\"Colorful List Accent 1\\\" \\/>  \\r\\n\\t\\t\\t\\t<w:LsdException Locked=\\\"false\\\" Priority=\\\"73\\\" SemiHidden=\\\"false\\\" UnhideWhenUsed=\\\"false\\\" Name=\\\"Colorful Grid Accent 1\\\" \\/>  \\r\\n\\t\\t\\t\\t<w:LsdException Locked=\\\"false\\\" Priority=\\\"60\\\" SemiHidden=\\\"false\\\" UnhideWhenUsed=\\\"false\\\" Name=\\\"Light Shading Accent 2\\\" \\/>  \\r\\n\\t\\t\\t\\t<w:LsdException Locked=\\\"false\\\" Priority=\\\"61\\\" SemiHidden=\\\"false\\\" UnhideWhenUsed=\\\"false\\\" Name=\\\"Light List Accent 2\\\" \\/>  \\r\\n\\t\\t\\t\\t<w:LsdException Locked=\\\"false\\\" Priority=\\\"62\\\" SemiHidden=\\\"false\\\" UnhideWhenUsed=\\\"false\\\" Name=\\\"Light Grid Accent 2\\\" \\/>  \\r\\n\\t\\t\\t\\t<w:LsdException Locked=\\\"false\\\" Priority=\\\"63\\\" SemiHidden=\\\"false\\\" UnhideWhenUsed=\\\"false\\\" Name=\\\"Medium Shading 1 Accent 2\\\" \\/>  \\r\\n\\t\\t\\t\\t<w:LsdException Locked=\\\"false\\\" Priority=\\\"64\\\" SemiHidden=\\\"false\\\" UnhideWhenUsed=\\\"false\\\" Name=\\\"Medium Shading 2 Accent 2\\\" \\/>  \\r\\n\\t\\t\\t\\t<w:LsdException Locked=\\\"false\\\" Priority=\\\"65\\\" SemiHidden=\\\"false\\\" UnhideWhenUsed=\\\"false\\\" Name=\\\"Medium List 1 Accent 2\\\" \\/>  \\r\\n\\t\\t\\t\\t<w:LsdException Locked=\\\"false\\\" Priority=\\\"66\\\" SemiHidden=\\\"false\\\" UnhideWhenUsed=\\\"false\\\" Name=\\\"Medium List 2 Accent 2\\\" \\/>  \\r\\n\\t\\t\\t\\t<w:LsdException Locked=\\\"false\\\" Priority=\\\"67\\\" SemiHidden=\\\"false\\\" UnhideWhenUsed=\\\"false\\\" Name=\\\"Medium Grid 1 Accent 2\\\" \\/>  \\r\\n\\t\\t\\t\\t<w:LsdException Locked=\\\"false\\\" Priority=\\\"68\\\" SemiHidden=\\\"false\\\" UnhideWhenUsed=\\\"false\\\" Name=\\\"Medium Grid 2 Accent 2\\\" \\/>  \\r\\n\\t\\t\\t\\t<w:LsdException Locked=\\\"false\\\" Priority=\\\"69\\\" SemiHidden=\\\"false\\\" UnhideWhenUsed=\\\"false\\\" Name=\\\"Medium Grid 3 Accent 2\\\" \\/>  \\r\\n\\t\\t\\t\\t<w:LsdException Locked=\\\"false\\\" Priority=\\\"70\\\" SemiHidden=\\\"false\\\" UnhideWhenUsed=\\\"false\\\" Name=\\\"Dark List Accent 2\\\" \\/>  \\r\\n\\t\\t\\t\\t<w:LsdException Locked=\\\"false\\\" Priority=\\\"71\\\" SemiHidden=\\\"false\\\" UnhideWhenUsed=\\\"false\\\" Name=\\\"Colorful Shading Accent 2\\\" \\/>  \\r\\n\\t\\t\\t\\t<w:LsdException Locked=\\\"false\\\" Priority=\\\"72\\\" SemiHidden=\\\"false\\\" UnhideWhenUsed=\\\"false\\\" Name=\\\"Colorful List Accent 2\\\" \\/>  \\r\\n\\t\\t\\t\\t<w:LsdException Locked=\\\"false\\\" Priority=\\\"73\\\" SemiHidden=\\\"false\\\" UnhideWhenUsed=\\\"false\\\" Name=\\\"Colorful Grid Accent 2\\\" \\/>  \\r\\n\\t\\t\\t\\t<w:LsdException Locked=\\\"false\\\" Priority=\\\"60\\\" SemiHidden=\\\"false\\\" UnhideWhenUsed=\\\"false\\\" Name=\\\"Light Shading Accent 3\\\" \\/>  \\r\\n\\t\\t\\t\\t<w:LsdException Locked=\\\"false\\\" Priority=\\\"61\\\" SemiHidden=\\\"false\\\" UnhideWhenUsed=\\\"false\\\" Name=\\\"Light List Accent 3\\\" \\/>  \\r\\n\\t\\t\\t\\t<w:LsdException Locked=\\\"false\\\" Priority=\\\"62\\\" SemiHidden=\\\"false\\\" UnhideWhenUsed=\\\"false\\\" Name=\\\"Light Grid Accent 3\\\" \\/>  \\r\\n\\t\\t\\t\\t<w:LsdException Locked=\\\"false\\\" Priority=\\\"63\\\" SemiHidden=\\\"false\\\" UnhideWhenUsed=\\\"false\\\" Name=\\\"Medium Shading 1 Accent 3\\\" \\/>  \\r\\n\\t\\t\\t\\t<w:LsdException Locked=\\\"false\\\" Priority=\\\"64\\\" SemiHidden=\\\"false\\\" UnhideWhenUsed=\\\"false\\\" Name=\\\"Medium Shading 2 Accent 3\\\" \\/>  \\r\\n\\t\\t\\t\\t<w:LsdException Locked=\\\"false\\\" Priority=\\\"65\\\" SemiHidden=\\\"false\\\" UnhideWhenUsed=\\\"false\\\" Name=\\\"Medium List 1 Accent 3\\\" \\/>  \\r\\n\\t\\t\\t\\t<w:LsdException Locked=\\\"false\\\" Priority=\\\"66\\\" SemiHidden=\\\"false\\\" UnhideWhenUsed=\\\"false\\\" Name=\\\"Medium List 2 Accent 3\\\" \\/>  \\r\\n\\t\\t\\t\\t<w:LsdException Locked=\\\"false\\\" Priority=\\\"67\\\" SemiHidden=\\\"false\\\" UnhideWhenUsed=\\\"false\\\" Name=\\\"Medium Grid 1 Accent 3\\\" \\/>  \\r\\n\\t\\t\\t\\t<w:LsdException Locked=\\\"false\\\" Priority=\\\"68\\\" SemiHidden=\\\"false\\\" UnhideWhenUsed=\\\"false\\\" Name=\\\"Medium Grid 2 Accent 3\\\" \\/>  \\r\\n\\t\\t\\t\\t<w:LsdException Locked=\\\"false\\\" Priority=\\\"69\\\" SemiHidden=\\\"false\\\" UnhideWhenUsed=\\\"false\\\" Name=\\\"Medium Grid 3 Accent 3\\\" \\/>  \\r\\n\\t\\t\\t\\t<w:LsdException Locked=\\\"false\\\" Priority=\\\"70\\\" SemiHidden=\\\"false\\\" UnhideWhenUsed=\\\"false\\\" Name=\\\"Dark List Accent 3\\\" \\/>  \\r\\n\\t\\t\\t\\t<w:LsdException Locked=\\\"false\\\" Priority=\\\"71\\\" SemiHidden=\\\"false\\\" UnhideWhenUsed=\\\"false\\\" Name=\\\"Colorful Shading Accent 3\\\" \\/>  \\r\\n\\t\\t\\t\\t<w:LsdException Locked=\\\"false\\\" Priority=\\\"72\\\" SemiHidden=\\\"false\\\" UnhideWhenUsed=\\\"false\\\" Name=\\\"Colorful List Accent 3\\\" \\/>  \\r\\n\\t\\t\\t\\t<w:LsdException Locked=\\\"false\\\" Priority=\\\"73\\\" SemiHidden=\\\"false\\\" UnhideWhenUsed=\\\"false\\\" Name=\\\"Colorful Grid Accent 3\\\" \\/>  \\r\\n\\t\\t\\t\\t<w:LsdException Locked=\\\"false\\\" Priority=\\\"60\\\" SemiHidden=\\\"false\\\" UnhideWhenUsed=\\\"false\\\" Name=\\\"Light Shading Accent 4\\\" \\/>  \\r\\n\\t\\t\\t\\t<w:LsdException Locked=\\\"false\\\" Priority=\\\"61\\\" SemiHidden=\\\"false\\\" UnhideWhenUsed=\\\"false\\\" Name=\\\"Light List Accent 4\\\" \\/>  \\r\\n\\t\\t\\t\\t<w:LsdException Locked=\\\"false\\\" Priority=\\\"62\\\" SemiHidden=\\\"false\\\" UnhideWhenUsed=\\\"false\\\" Name=\\\"Light Grid Accent 4\\\" \\/>  \\r\\n\\t\\t\\t\\t<w:LsdException Locked=\\\"false\\\" Priority=\\\"63\\\" SemiHidden=\\\"false\\\" UnhideWhenUsed=\\\"false\\\" Name=\\\"Medium Shading 1 Accent 4\\\" \\/>  \\r\\n\\t\\t\\t\\t<w:LsdException Locked=\\\"false\\\" Priority=\\\"64\\\" SemiHidden=\\\"false\\\" UnhideWhenUsed=\\\"false\\\" Name=\\\"Medium Shading 2 Accent 4\\\" \\/>  \\r\\n\\t\\t\\t\\t<w:LsdException Locked=\\\"false\\\" Priority=\\\"65\\\" SemiHidden=\\\"false\\\" UnhideWhenUsed=\\\"false\\\" Name=\\\"Medium List 1 Accent 4\\\" \\/>  \\r\\n\\t\\t\\t\\t<w:LsdException Locked=\\\"false\\\" Priority=\\\"66\\\" SemiHidden=\\\"false\\\" UnhideWhenUsed=\\\"false\\\" Name=\\\"Medium List 2 Accent 4\\\" \\/>  \\r\\n\\t\\t\\t\\t<w:LsdException Locked=\\\"false\\\" Priority=\\\"67\\\" SemiHidden=\\\"false\\\" UnhideWhenUsed=\\\"false\\\" Name=\\\"Medium Grid 1 Accent 4\\\" \\/>  \\r\\n\\t\\t\\t\\t<w:LsdException Locked=\\\"false\\\" Priority=\\\"68\\\" SemiHidden=\\\"false\\\" UnhideWhenUsed=\\\"false\\\" Name=\\\"Medium Grid 2 Accent 4\\\" \\/>  \\r\\n\\t\\t\\t\\t<w:LsdException Locked=\\\"false\\\" Priority=\\\"69\\\" SemiHidden=\\\"false\\\" UnhideWhenUsed=\\\"false\\\" Name=\\\"Medium Grid 3 Accent 4\\\" \\/>  \\r\\n\\t\\t\\t\\t<w:LsdException Locked=\\\"false\\\" Priority=\\\"70\\\" SemiHidden=\\\"false\\\" UnhideWhenUsed=\\\"false\\\" Name=\\\"Dark List Accent 4\\\" \\/>  \\r\\n\\t\\t\\t\\t<w:LsdException Locked=\\\"false\\\" Priority=\\\"71\\\" SemiHidden=\\\"false\\\" UnhideWhenUsed=\\\"false\\\" Name=\\\"Colorful Shading Accent 4\\\" \\/>  \\r\\n\\t\\t\\t\\t<w:LsdException Locked=\\\"false\\\" Priority=\\\"72\\\" SemiHidden=\\\"false\\\" UnhideWhenUsed=\\\"false\\\" Name=\\\"Colorful List Accent 4\\\" \\/>  \\r\\n\\t\\t\\t\\t<w:LsdException Locked=\\\"false\\\" Priority=\\\"73\\\" SemiHidden=\\\"false\\\" UnhideWhenUsed=\\\"false\\\" Name=\\\"Colorful Grid Accent 4\\\" \\/>  \\r\\n\\t\\t\\t\\t<w:LsdException Locked=\\\"false\\\" Priority=\\\"60\\\" SemiHidden=\\\"false\\\" UnhideWhenUsed=\\\"false\\\" Name=\\\"Light Shading Accent 5\\\" \\/>  \\r\\n\\t\\t\\t\\t<w:LsdException Locked=\\\"false\\\" Priority=\\\"61\\\" SemiHidden=\\\"false\\\" UnhideWhenUsed=\\\"false\\\" Name=\\\"Light List Accent 5\\\" \\/>  \\r\\n\\t\\t\\t\\t<w:LsdException Locked=\\\"false\\\" Priority=\\\"62\\\" SemiHidden=\\\"false\\\" UnhideWhenUsed=\\\"false\\\" Name=\\\"Light Grid Accent 5\\\" \\/>  \\r\\n\\t\\t\\t\\t<w:LsdException Locked=\\\"false\\\" Priority=\\\"63\\\" SemiHidden=\\\"false\\\" UnhideWhenUsed=\\\"false\\\" Name=\\\"Medium Shading 1 Accent 5\\\" \\/>  \\r\\n\\t\\t\\t\\t<w:LsdException Locked=\\\"false\\\" Priority=\\\"64\\\" SemiHidden=\\\"false\\\" UnhideWhenUsed=\\\"false\\\" Name=\\\"Medium Shading 2 Accent 5\\\" \\/>  \\r\\n\\t\\t\\t\\t<w:LsdException Locked=\\\"false\\\" Priority=\\\"65\\\" SemiHidden=\\\"false\\\" UnhideWhenUsed=\\\"false\\\" Name=\\\"Medium List 1 Accent 5\\\" \\/>  \\r\\n\\t\\t\\t\\t<w:LsdException Locked=\\\"false\\\" Priority=\\\"66\\\" SemiHidden=\\\"false\\\" UnhideWhenUsed=\\\"false\\\" Name=\\\"Medium List 2 Accent 5\\\" \\/>  \\r\\n\\t\\t\\t\\t<w:LsdException Locked=\\\"false\\\" Priority=\\\"67\\\" SemiHidden=\\\"false\\\" UnhideWhenUsed=\\\"false\\\" Name=\\\"Medium Grid 1 Accent 5\\\" \\/>  \\r\\n\\t\\t\\t\\t<w:LsdException Locked=\\\"false\\\" Priority=\\\"68\\\" SemiHidden=\\\"false\\\" UnhideWhenUsed=\\\"false\\\" Name=\\\"Medium Grid 2 Accent 5\\\" \\/>  \\r\\n\\t\\t\\t\\t<w:LsdException Locked=\\\"false\\\" Priority=\\\"69\\\" SemiHidden=\\\"false\\\" UnhideWhenUsed=\\\"false\\\" Name=\\\"Medium Grid 3 Accent 5\\\" \\/>  \\r\\n\\t\\t\\t\\t<w:LsdException Locked=\\\"false\\\" Priority=\\\"70\\\" SemiHidden=\\\"false\\\" UnhideWhenUsed=\\\"false\\\" Name=\\\"Dark List Accent 5\\\" \\/>  \\r\\n\\t\\t\\t\\t<w:LsdException Locked=\\\"false\\\" Priority=\\\"71\\\" SemiHidden=\\\"false\\\" UnhideWhenUsed=\\\"false\\\" Name=\\\"Colorful Shading Accent 5\\\" \\/>  \\r\\n\\t\\t\\t\\t<w:LsdException Locked=\\\"false\\\" Priority=\\\"72\\\" SemiHidden=\\\"false\\\" UnhideWhenUsed=\\\"false\\\" Name=\\\"Colorful List Accent 5\\\" \\/>  \\r\\n\\t\\t\\t\\t<w:LsdException Locked=\\\"false\\\" Priority=\\\"73\\\" SemiHidden=\\\"false\\\" UnhideWhenUsed=\\\"false\\\" Name=\\\"Colorful Grid Accent 5\\\" \\/>  \\r\\n\\t\\t\\t\\t<w:LsdException Locked=\\\"false\\\" Priority=\\\"60\\\" SemiHidden=\\\"false\\\" UnhideWhenUsed=\\\"false\\\" Name=\\\"Light Shading Accent 6\\\" \\/>  \\r\\n\\t\\t\\t\\t<w:LsdException Locked=\\\"false\\\" Priority=\\\"61\\\" SemiHidden=\\\"false\\\" UnhideWhenUsed=\\\"false\\\" Name=\\\"Light List Accent 6\\\" \\/>  \\r\\n\\t\\t\\t\\t<w:LsdException Locked=\\\"false\\\" Priority=\\\"62\\\" SemiHidden=\\\"false\\\" UnhideWhenUsed=\\\"false\\\" Name=\\\"Light Grid Accent 6\\\" \\/>  \\r\\n\\t\\t\\t\\t<w:LsdException Locked=\\\"false\\\" Priority=\\\"63\\\" SemiHidden=\\\"false\\\" UnhideWhenUsed=\\\"false\\\" Name=\\\"Medium Shading 1 Accent 6\\\" \\/>  \\r\\n\\t\\t\\t\\t<w:LsdException Locked=\\\"false\\\" Priority=\\\"64\\\" SemiHidden=\\\"false\\\" UnhideWhenUsed=\\\"false\\\" Name=\\\"Medium Shading 2 Accent 6\\\" \\/>  \\r\\n\\t\\t\\t\\t<w:LsdException Locked=\\\"false\\\" Priority=\\\"65\\\" SemiHidden=\\\"false\\\" UnhideWhenUsed=\\\"false\\\" Name=\\\"Medium List 1 Accent 6\\\" \\/>  \\r\\n\\t\\t\\t\\t<w:LsdException Locked=\\\"false\\\" Priority=\\\"66\\\" SemiHidden=\\\"false\\\" UnhideWhenUsed=\\\"false\\\" Name=\\\"Medium List 2 Accent 6\\\" \\/>  \\r\\n\\t\\t\\t\\t<w:LsdException Locked=\\\"false\\\" Priority=\\\"67\\\" SemiHidden=\\\"false\\\" UnhideWhenUsed=\\\"false\\\" Name=\\\"Medium Grid 1 Accent 6\\\" \\/>  \\r\\n\\t\\t\\t\\t<w:LsdException Locked=\\\"false\\\" Priority=\\\"68\\\" SemiHidden=\\\"false\\\" UnhideWhenUsed=\\\"false\\\" Name=\\\"Medium Grid 2 Accent 6\\\" \\/>  \\r\\n\\t\\t\\t\\t<w:LsdException Locked=\\\"false\\\" Priority=\\\"69\\\" SemiHidden=\\\"false\\\" UnhideWhenUsed=\\\"false\\\" Name=\\\"Medium Grid 3 Accent 6\\\" \\/>  \\r\\n\\t\\t\\t\\t<w:LsdException Locked=\\\"false\\\" Priority=\\\"70\\\" SemiHidden=\\\"false\\\" UnhideWhenUsed=\\\"false\\\" Name=\\\"Dark List Accent 6\\\" \\/>  \\r\\n\\t\\t\\t\\t<w:LsdException Locked=\\\"false\\\" Priority=\\\"71\\\" SemiHidden=\\\"false\\\" UnhideWhenUsed=\\\"false\\\" Name=\\\"Colorful Shading Accent 6\\\" \\/>  \\r\\n\\t\\t\\t\\t<w:LsdException Locked=\\\"false\\\" Priority=\\\"72\\\" SemiHidden=\\\"false\\\" UnhideWhenUsed=\\\"false\\\" Name=\\\"Colorful List Accent 6\\\" \\/>  \\r\\n\\t\\t\\t\\t<w:LsdException Locked=\\\"false\\\" Priority=\\\"73\\\" SemiHidden=\\\"false\\\" UnhideWhenUsed=\\\"false\\\" Name=\\\"Colorful Grid Accent 6\\\" \\/>  \\r\\n\\t\\t\\t\\t<w:LsdException Locked=\\\"false\\\" Priority=\\\"19\\\" SemiHidden=\\\"false\\\" UnhideWhenUsed=\\\"false\\\" QFormat=\\\"true\\\" Name=\\\"Subtle Emphasis\\\" \\/>  \\r\\n\\t\\t\\t\\t<w:LsdException Locked=\\\"false\\\" Priority=\\\"21\\\" SemiHidden=\\\"false\\\" UnhideWhenUsed=\\\"false\\\" QFormat=\\\"true\\\" Name=\\\"Intense Emphasis\\\" \\/>  \\r\\n\\t\\t\\t\\t<w:LsdException Locked=\\\"false\\\" Priority=\\\"31\\\" SemiHidden=\\\"false\\\" UnhideWhenUsed=\\\"false\\\" QFormat=\\\"true\\\" Name=\\\"Subtle Reference\\\" \\/>  \\r\\n\\t\\t\\t\\t<w:LsdException Locked=\\\"false\\\" Priority=\\\"32\\\" SemiHidden=\\\"false\\\" UnhideWhenUsed=\\\"false\\\" QFormat=\\\"true\\\" Name=\\\"Intense Reference\\\" \\/>  \\r\\n\\t\\t\\t\\t<w:LsdException Locked=\\\"false\\\" Priority=\\\"33\\\" SemiHidden=\\\"false\\\" UnhideWhenUsed=\\\"false\\\" QFormat=\\\"true\\\" Name=\\\"Book Title\\\" \\/>  \\r\\n\\t\\t\\t\\t<w:LsdException Locked=\\\"false\\\" Priority=\\\"37\\\" Name=\\\"Bibliography\\\" \\/>  \\r\\n\\t\\t\\t\\t<w:LsdException Locked=\\\"false\\\" Priority=\\\"39\\\" QFormat=\\\"true\\\" Name=\\\"TOC Heading\\\" \\/> <\\/w:LatentStyles>\\r\\n\\t\\t<\\/xml>\\r\\n\\t<![endif]-->\\r\\n<p>\\u00a0<\\/p>\\r\\n<!-- [if gte mso 10]>\\r\\n\\t<![endif]-->\\r\\n<p>\\u00a0<\\/p>\",\"fulltext\":\"\",\"state\":1,\"catid\":\"67\",\"created\":\"2019-04-08 09:44:44\",\"created_by\":\"57\",\"created_by_alias\":\"\",\"modified\":\"2023-03-30 10:15:43\",\"modified_by\":\"57\",\"checked_out\":\"57\",\"checked_out_time\":\"2023-03-30 10:15:38\",\"publish_up\":\"2019-04-08 09:44:44\",\"publish_down\":\"0000-00-00 00:00:00\",\"images\":\"{\\\"image_intro\\\":\\\"\\\",\\\"float_intro\\\":\\\"\\\",\\\"image_intro_alt\\\":\\\"\\\",\\\"image_intro_caption\\\":\\\"\\\",\\\"image_fulltext\\\":\\\"\\\",\\\"float_fulltext\\\":\\\"\\\",\\\"image_fulltext_alt\\\":\\\"\\\",\\\"image_fulltext_caption\\\":\\\"\\\"}\",\"urls\":\"{\\\"urla\\\":false,\\\"urlatext\\\":\\\"\\\",\\\"targeta\\\":\\\"\\\",\\\"urlb\\\":false,\\\"urlbtext\\\":\\\"\\\",\\\"targetb\\\":\\\"\\\",\\\"urlc\\\":false,\\\"urlctext\\\":\\\"\\\",\\\"targetc\\\":\\\"\\\"}\",\"attribs\":\"{\\\"article_layout\\\":\\\"\\\",\\\"show_title\\\":\\\"\\\",\\\"link_titles\\\":\\\"\\\",\\\"show_tags\\\":\\\"\\\",\\\"show_intro\\\":\\\"\\\",\\\"info_block_position\\\":\\\"\\\",\\\"info_block_show_title\\\":\\\"\\\",\\\"show_category\\\":\\\"\\\",\\\"link_category\\\":\\\"\\\",\\\"show_parent_category\\\":\\\"\\\",\\\"link_parent_category\\\":\\\"\\\",\\\"show_associations\\\":\\\"\\\",\\\"show_author\\\":\\\"\\\",\\\"link_author\\\":\\\"\\\",\\\"show_create_date\\\":\\\"\\\",\\\"show_modify_date\\\":\\\"\\\",\\\"show_publish_date\\\":\\\"\\\",\\\"show_item_navigation\\\":\\\"\\\",\\\"show_icons\\\":\\\"\\\",\\\"show_print_icon\\\":\\\"\\\",\\\"show_email_icon\\\":\\\"\\\",\\\"show_vote\\\":\\\"\\\",\\\"show_hits\\\":\\\"\\\",\\\"show_noauth\\\":\\\"\\\",\\\"urls_position\\\":\\\"\\\",\\\"alternative_readmore\\\":\\\"\\\",\\\"article_page_title\\\":\\\"\\\",\\\"show_publishing_options\\\":\\\"\\\",\\\"show_article_options\\\":\\\"\\\",\\\"show_urls_images_backend\\\":\\\"\\\",\\\"show_urls_images_frontend\\\":\\\"\\\",\\\"helix_ultimate_image\\\":\\\"\\\",\\\"helix_ultimate_article_format\\\":\\\"standard\\\",\\\"helix_ultimate_audio\\\":\\\"\\\",\\\"helix_ultimate_gallery\\\":\\\"\\\",\\\"helix_ultimate_video\\\":\\\"\\\"}\",\"version\":6,\"ordering\":\"0\",\"metakey\":\"\",\"metadesc\":\"\",\"access\":\"1\",\"hits\":\"855\",\"metadata\":\"{\\\"robots\\\":\\\"\\\",\\\"author\\\":\\\"\\\",\\\"rights\\\":\\\"\\\",\\\"xreference\\\":\\\"\\\"}\",\"featured\":\"0\",\"language\":\"en-GB\",\"xreference\":\"\",\"note\":\"\"}',0),(1861,346,1,'','2023-03-30 10:19:35',57,3624,'2b9fb3fe900c93d9e07dd245f5d9d83f5cd7e5c0','{\"id\":346,\"asset_id\":\"1041\",\"title\":\"Contact\",\"alias\":\"contact\",\"introtext\":\"<p class=\\\"dfContactInfoText\\\">You may contact us in the next address:<\\/p>\\r\\n<form id=\\\"dfContactForm\\\" action=\\\"\\\" method=\\\"post\\\" name=\\\"dfContactForm\\\">\\r\\n<table class=\\\"dfContactTable\\\" border=\\\"0\\\" cellspacing=\\\"0\\\" cellpadding=\\\"0\\\">\\r\\n<tbody>\\r\\n<tr>\\r\\n<th valign=\\\"top\\\">\\u00a0<\\/th>\\r\\n<td valign=\\\"top\\\">Computer Technology Institute and Press \\\"Diophantus\\\"<\\/td>\\r\\n<\\/tr>\\r\\n<tr>\\r\\n<th valign=\\\"top\\\">\\u00a0<\\/th>\\r\\n<td valign=\\\"top\\\">Greek School Network and Networking Technologies Directorate<\\/td>\\r\\n<\\/tr>\\r\\n<tr>\\r\\n<th valign=\\\"top\\\">\\u00a0<\\/th>\\r\\n<td valign=\\\"top\\\">N. Kazantzaki Str Campus of University of Patras<\\/td>\\r\\n<\\/tr>\\r\\n<tr>\\r\\n<th valign=\\\"top\\\">\\u00a0<\\/th>\\r\\n<td valign=\\\"top\\\">PC 26504, Rio<\\/td>\\r\\n<\\/tr>\\r\\n<tr>\\r\\n<th valign=\\\"top\\\">\\u00a0<\\/th>\\r\\n<td valign=\\\"top\\\">Greece<\\/td>\\r\\n<\\/tr>\\r\\n<tr>\\r\\n<td>\\u00a0<\\/td>\\r\\n<td>\\u00a0<\\/td>\\r\\n<\\/tr>\\r\\n<tr>\\r\\n<th style=\\\"text-align: left;\\\" valign=\\\"top\\\">Coordinates<\\/th>\\r\\n<td valign=\\\"top\\\">38.29111936114403, 21.79659653146361<\\/td>\\r\\n<\\/tr>\\r\\n<tr>\\r\\n<td style=\\\"text-align: left;\\\">\\u00a0<\\/td>\\r\\n<td>\\u00a0<\\/td>\\r\\n<\\/tr>\\r\\n<tr>\\r\\n<th style=\\\"text-align: left;\\\" valign=\\\"top\\\">Telephone<\\/th>\\r\\n<td valign=\\\"top\\\">+30 2610 960368<\\/td>\\r\\n<\\/tr>\\r\\n<tr>\\r\\n<th style=\\\"text-align: left;\\\" valign=\\\"top\\\">Fax<\\/th>\\r\\n<td valign=\\\"top\\\">+30 2610 960350<\\/td>\\r\\n<\\/tr>\\r\\n<tr>\\r\\n<td style=\\\"text-align: left;\\\">\\u00a0<\\/td>\\r\\n<td>\\u00a0<\\/td>\\r\\n<\\/tr>\\r\\n<tr>\\r\\n<th style=\\\"text-align: left;\\\" valign=\\\"top\\\">Email<\\/th>\\r\\n<td valign=\\\"top\\\"><a href=\\\"mailto:nts-info@cti.gr\\\">nts-info@cti.gr<\\/a><\\/td>\\r\\n<\\/tr>\\r\\n<\\/tbody>\\r\\n<\\/table>\\r\\n<\\/form>\",\"fulltext\":\"\",\"state\":1,\"catid\":\"59\",\"created\":\"2019-04-08 10:42:21\",\"created_by\":\"57\",\"created_by_alias\":\"\",\"modified\":\"2023-03-30 10:19:35\",\"modified_by\":\"57\",\"checked_out\":\"57\",\"checked_out_time\":\"2023-03-30 10:19:23\",\"publish_up\":\"2019-04-08 10:42:21\",\"publish_down\":\"0000-00-00 00:00:00\",\"images\":\"{\\\"image_intro\\\":\\\"\\\",\\\"float_intro\\\":\\\"\\\",\\\"image_intro_alt\\\":\\\"\\\",\\\"image_intro_caption\\\":\\\"\\\",\\\"image_fulltext\\\":\\\"\\\",\\\"float_fulltext\\\":\\\"\\\",\\\"image_fulltext_alt\\\":\\\"\\\",\\\"image_fulltext_caption\\\":\\\"\\\"}\",\"urls\":\"{\\\"urla\\\":false,\\\"urlatext\\\":\\\"\\\",\\\"targeta\\\":\\\"\\\",\\\"urlb\\\":false,\\\"urlbtext\\\":\\\"\\\",\\\"targetb\\\":\\\"\\\",\\\"urlc\\\":false,\\\"urlctext\\\":\\\"\\\",\\\"targetc\\\":\\\"\\\"}\",\"attribs\":\"{\\\"article_layout\\\":\\\"\\\",\\\"show_title\\\":\\\"\\\",\\\"link_titles\\\":\\\"\\\",\\\"show_tags\\\":\\\"\\\",\\\"show_intro\\\":\\\"\\\",\\\"info_block_position\\\":\\\"\\\",\\\"info_block_show_title\\\":\\\"\\\",\\\"show_category\\\":\\\"\\\",\\\"link_category\\\":\\\"\\\",\\\"show_parent_category\\\":\\\"\\\",\\\"link_parent_category\\\":\\\"\\\",\\\"show_associations\\\":\\\"\\\",\\\"show_author\\\":\\\"\\\",\\\"link_author\\\":\\\"\\\",\\\"show_create_date\\\":\\\"\\\",\\\"show_modify_date\\\":\\\"\\\",\\\"show_publish_date\\\":\\\"\\\",\\\"show_item_navigation\\\":\\\"\\\",\\\"show_icons\\\":\\\"\\\",\\\"show_print_icon\\\":\\\"\\\",\\\"show_email_icon\\\":\\\"\\\",\\\"show_vote\\\":\\\"\\\",\\\"show_hits\\\":\\\"\\\",\\\"show_noauth\\\":\\\"\\\",\\\"urls_position\\\":\\\"\\\",\\\"alternative_readmore\\\":\\\"\\\",\\\"article_page_title\\\":\\\"\\\",\\\"show_publishing_options\\\":\\\"\\\",\\\"show_article_options\\\":\\\"\\\",\\\"show_urls_images_backend\\\":\\\"\\\",\\\"show_urls_images_frontend\\\":\\\"\\\",\\\"helix_ultimate_image\\\":\\\"\\\",\\\"helix_ultimate_article_format\\\":\\\"standard\\\",\\\"helix_ultimate_audio\\\":\\\"\\\",\\\"helix_ultimate_gallery\\\":\\\"\\\",\\\"helix_ultimate_video\\\":\\\"\\\"}\",\"version\":3,\"ordering\":\"0\",\"metakey\":\"\",\"metadesc\":\"\",\"access\":\"1\",\"hits\":\"2328\",\"metadata\":\"{\\\"robots\\\":\\\"\\\",\\\"author\\\":\\\"\\\",\\\"rights\\\":\\\"\\\",\\\"xreference\\\":\\\"\\\"}\",\"featured\":\"0\",\"language\":\"en-GB\",\"xreference\":\"\",\"note\":\"\"}',0),(1862,271,1,'','2023-03-30 10:19:57',57,4851,'27f3fcee710ae1b0b45b7118d6e92831e93b5230','{\"id\":271,\"asset_id\":\"928\",\"title\":\"\\u0395\\u03c0\\u03b9\\u03ba\\u03bf\\u03b9\\u03bd\\u03c9\\u03bd\\u03af\\u03b1\",\"alias\":\"2019-04-05-13-17-45\",\"introtext\":\"<p class=\\\"dfContactInfoText\\\">\\u0395\\u03c0\\u03b9\\u03ba\\u03bf\\u03b9\\u03bd\\u03c9\\u03bd\\u03ae\\u03c3\\u03c4\\u03b5 \\u03bc\\u03b1\\u03b6\\u03af \\u03bc\\u03b1\\u03c2 \\u03c3\\u03c4\\u03b7 \\u03b4\\u03b9\\u03b5\\u03cd\\u03b8\\u03c5\\u03bd\\u03c3\\u03b7:<\\/p>\\r\\n<form id=\\\"dfContactForm\\\" action=\\\"\\\" method=\\\"post\\\" name=\\\"dfContactForm\\\">\\r\\n<table class=\\\"dfContactTable\\\" border=\\\"0\\\" cellspacing=\\\"0\\\" cellpadding=\\\"0\\\">\\r\\n<tbody>\\r\\n<tr>\\r\\n<th valign=\\\"top\\\">\\u00a0<\\/th>\\r\\n<td valign=\\\"top\\\">\\u0399\\u03bd\\u03c3\\u03c4\\u03b9\\u03c4\\u03bf\\u03cd\\u03c4\\u03bf \\u03a4\\u03b5\\u03c7\\u03bd\\u03bf\\u03bb\\u03bf\\u03b3\\u03af\\u03b1\\u03c2 \\u03a5\\u03c0\\u03bf\\u03bb\\u03bf\\u03b3\\u03b9\\u03c3\\u03c4\\u03ce\\u03bd \\u03ba\\u03b1\\u03b9 \\u0395\\u03ba\\u03b4\\u03cc\\u03c3\\u03b5\\u03c9\\u03bd \\u00ab\\u0394\\u0399\\u039f\\u03a6\\u0391\\u039d\\u03a4\\u039f\\u03a3\\u00bb<\\/td>\\r\\n<\\/tr>\\r\\n<tr>\\r\\n<th valign=\\\"top\\\">\\u00a0<\\/th>\\r\\n<td valign=\\\"top\\\">\\u0394\\u03b9\\u03b5\\u03cd\\u03b8\\u03c5\\u03bd\\u03c3\\u03b7 \\u03a0\\u03b1\\u03bd\\u03b5\\u03bb\\u03bb\\u03ae\\u03bd\\u03b9\\u03bf\\u03c5 \\u03a3\\u03c7\\u03bf\\u03bb\\u03b9\\u03ba\\u03bf\\u03cd \\u0394\\u03b9\\u03ba\\u03c4\\u03cd\\u03bf\\u03c5 \\u03ba\\u03b1\\u03b9 \\u0394\\u03b9\\u03ba\\u03c4\\u03c5\\u03b1\\u03ba\\u03ce\\u03bd \\u03a4\\u03b5\\u03c7\\u03bd\\u03bf\\u03bb\\u03bf\\u03b3\\u03b9\\u03ce\\u03bd<\\/td>\\r\\n<\\/tr>\\r\\n<tr>\\r\\n<th valign=\\\"top\\\">\\u00a0<\\/th>\\r\\n<td valign=\\\"top\\\">\\u039f\\u03b4\\u03cc\\u03c2 \\u039d. \\u039a\\u03b1\\u03b6\\u03b1\\u03bd\\u03c4\\u03b6\\u03ac\\u03ba\\u03b7 \\u03a0\\u03b1\\u03bd\\u03b5\\u03c0\\u03b9\\u03c3\\u03c4\\u03b7\\u03bc\\u03b9\\u03bf\\u03cd\\u03c0\\u03bf\\u03bb\\u03b7 \\u03a0\\u03b1\\u03bd\\/\\u03bc\\u03af\\u03bf\\u03c5 \\u03a0\\u03b1\\u03c4\\u03c1\\u03ce\\u03bd<\\/td>\\r\\n<\\/tr>\\r\\n<tr>\\r\\n<th valign=\\\"top\\\">\\u00a0<\\/th>\\r\\n<td valign=\\\"top\\\">\\u03a4\\u039a 26504, \\u03a1\\u03af\\u03bf<\\/td>\\r\\n<\\/tr>\\r\\n<tr>\\r\\n<th valign=\\\"top\\\">\\u00a0<\\/th>\\r\\n<td valign=\\\"top\\\">\\u0395\\u03bb\\u03bb\\u03ac\\u03b4\\u03b1<\\/td>\\r\\n<\\/tr>\\r\\n<tr>\\r\\n<td>\\u00a0<\\/td>\\r\\n<td>\\u00a0<\\/td>\\r\\n<\\/tr>\\r\\n<tr>\\r\\n<th style=\\\"text-align: left;\\\" valign=\\\"top\\\">\\u03a3\\u03c5\\u03bd\\u03c4\\u03b5\\u03c4\\u03b1\\u03b3\\u03bc\\u03ad\\u03bd\\u03b5\\u03c2\\u00a0<\\/th>\\r\\n<td valign=\\\"top\\\">38.29111936114403, 21.79659653146361<\\/td>\\r\\n<\\/tr>\\r\\n<tr>\\r\\n<td style=\\\"text-align: left;\\\">\\u00a0<\\/td>\\r\\n<td>\\u00a0<\\/td>\\r\\n<\\/tr>\\r\\n<tr>\\r\\n<th style=\\\"text-align: left;\\\" valign=\\\"top\\\">\\u03a4\\u03b7\\u03bb\\u03ad\\u03c6\\u03c9\\u03bd\\u03bf\\u00a0<\\/th>\\r\\n<td valign=\\\"top\\\">+30 2610 960368<\\/td>\\r\\n<\\/tr>\\r\\n<tr>\\r\\n<th style=\\\"text-align: left;\\\" valign=\\\"top\\\">\\u03a6\\u03b1\\u03be\\u00a0<\\/th>\\r\\n<td valign=\\\"top\\\">+30 2610 960350<\\/td>\\r\\n<\\/tr>\\r\\n<tr>\\r\\n<td style=\\\"text-align: left;\\\">\\u00a0<\\/td>\\r\\n<td>\\u00a0<\\/td>\\r\\n<\\/tr>\\r\\n<tr>\\r\\n<th style=\\\"text-align: left;\\\" valign=\\\"top\\\">Email\\u00a0<\\/th>\\r\\n<td valign=\\\"top\\\"><a href=\\\"mailto:nts-info@cti.gr\\\">nts-info@cti.gr<\\/a><\\/td>\\r\\n<\\/tr>\\r\\n<\\/tbody>\\r\\n<\\/table>\\r\\n<\\/form>\",\"fulltext\":\"\",\"state\":1,\"catid\":\"58\",\"created\":\"2019-04-05 13:17:45\",\"created_by\":\"57\",\"created_by_alias\":\"\",\"modified\":\"2023-03-30 10:19:57\",\"modified_by\":\"57\",\"checked_out\":\"57\",\"checked_out_time\":\"2023-03-30 10:19:51\",\"publish_up\":\"2019-04-05 13:17:45\",\"publish_down\":\"0000-00-00 00:00:00\",\"images\":\"{\\\"image_intro\\\":\\\"\\\",\\\"float_intro\\\":\\\"\\\",\\\"image_intro_alt\\\":\\\"\\\",\\\"image_intro_caption\\\":\\\"\\\",\\\"image_fulltext\\\":\\\"\\\",\\\"float_fulltext\\\":\\\"\\\",\\\"image_fulltext_alt\\\":\\\"\\\",\\\"image_fulltext_caption\\\":\\\"\\\"}\",\"urls\":\"{\\\"urla\\\":false,\\\"urlatext\\\":\\\"\\\",\\\"targeta\\\":\\\"\\\",\\\"urlb\\\":false,\\\"urlbtext\\\":\\\"\\\",\\\"targetb\\\":\\\"\\\",\\\"urlc\\\":false,\\\"urlctext\\\":\\\"\\\",\\\"targetc\\\":\\\"\\\"}\",\"attribs\":\"{\\\"article_layout\\\":\\\"\\\",\\\"show_title\\\":\\\"\\\",\\\"link_titles\\\":\\\"\\\",\\\"show_tags\\\":\\\"\\\",\\\"show_intro\\\":\\\"\\\",\\\"info_block_position\\\":\\\"\\\",\\\"info_block_show_title\\\":\\\"\\\",\\\"show_category\\\":\\\"\\\",\\\"link_category\\\":\\\"\\\",\\\"show_parent_category\\\":\\\"\\\",\\\"link_parent_category\\\":\\\"\\\",\\\"show_associations\\\":\\\"\\\",\\\"show_author\\\":\\\"\\\",\\\"link_author\\\":\\\"\\\",\\\"show_create_date\\\":\\\"\\\",\\\"show_modify_date\\\":\\\"\\\",\\\"show_publish_date\\\":\\\"\\\",\\\"show_item_navigation\\\":\\\"\\\",\\\"show_icons\\\":\\\"\\\",\\\"show_print_icon\\\":\\\"\\\",\\\"show_email_icon\\\":\\\"\\\",\\\"show_vote\\\":\\\"\\\",\\\"show_hits\\\":\\\"\\\",\\\"show_noauth\\\":\\\"\\\",\\\"urls_position\\\":\\\"\\\",\\\"alternative_readmore\\\":\\\"\\\",\\\"article_page_title\\\":\\\"\\\",\\\"show_publishing_options\\\":\\\"\\\",\\\"show_article_options\\\":\\\"\\\",\\\"show_urls_images_backend\\\":\\\"\\\",\\\"show_urls_images_frontend\\\":\\\"\\\",\\\"helix_ultimate_image\\\":\\\"\\\",\\\"helix_ultimate_article_format\\\":\\\"standard\\\",\\\"helix_ultimate_audio\\\":\\\"\\\",\\\"helix_ultimate_gallery\\\":\\\"\\\",\\\"helix_ultimate_video\\\":\\\"\\\"}\",\"version\":4,\"ordering\":\"0\",\"metakey\":\"\",\"metadesc\":\"\",\"access\":\"1\",\"hits\":\"2993\",\"metadata\":\"{\\\"robots\\\":\\\"\\\",\\\"author\\\":\\\"\\\",\\\"rights\\\":\\\"\\\",\\\"xreference\\\":\\\"\\\"}\",\"featured\":\"0\",\"language\":\"el-GR\",\"xreference\":\"\",\"note\":\"\"}',0),(1863,314,1,'','2023-06-09 07:44:44',57,3661,'4426cc92443703116f12b895dc165f437e93cbba','{\"id\":314,\"asset_id\":\"1008\",\"title\":\"Perikos Isidoros\",\"alias\":\"perikos-isidoros\",\"introtext\":\"<table style=\\\"width: 100%;\\\" border=\\\"0\\\" cellspacing=\\\"6\\\" align=\\\"CENTER\\\">\\r\\n<tbody>\\r\\n<tr>\\r\\n<td width=\\\"20%\\\"><span style=\\\"color: #000000; font-size: 13px; text-align: -webkit-auto;\\\">Education:<\\/span><\\/td>\\r\\n<td>\\r\\n<p align=\\\"left\\\">PhD in Computer Engineering and Informatics, Department of Computer Engineering and Informatics, University of Patras.<\\/p>\\r\\n<\\/td>\\r\\n<\\/tr>\\r\\n<tr>\\r\\n<td width=\\\"20%\\\"><span style=\\\"font-size: 10pt;\\\">\\u00a0<\\/span><\\/td>\\r\\n<td>\\u00a0<\\/td>\\r\\n<\\/tr>\\r\\n<tr>\\r\\n<td width=\\\"20%\\\"><span style=\\\"font-size: 10pt;\\\">Tel:<\\/span><\\/td>\\r\\n<td><span style=\\\"font-size: 10pt;\\\">\\u00a0<\\/span><\\/td>\\r\\n<\\/tr>\\r\\n<tr>\\r\\n<td width=\\\"20%\\\"><span style=\\\"font-size: 10pt;\\\">e-mail:<\\/span><\\/td>\\r\\n<td><span style=\\\"font-size: 10pt;\\\"><a href=\\\"mailto:perikos@cti.gr\\\">perikos@cti.gr<\\/a><\\/span><\\/td>\\r\\n<\\/tr>\\r\\n<tr>\\r\\n<td width=\\\"20%\\\">\\u00a0<\\/td>\\r\\n<td>\\u00a0<\\/td>\\r\\n<\\/tr>\\r\\n<\\/tbody>\\r\\n<\\/table>\\r\\n<div>\\r\\n<p>\\u00a0<\\/p>\\r\\nDr. Isidoros Perikos holds a PhD in Artificial Intelligence, an MSc in Computer Science and a Diploma in Computer Engineering and Informatics from the University of Patras. His main research interests include artificial intelligence, deep learning, natural language processing, data science and learning technologies. He has published over 100 papers in international conferences, journals and workshops. He is a member of the Greek School Network and Networking Technologies Directorate at the Computer Technology Institute and Press \\u201cDiophantus\\u201d. He has participated in several European R&amp;D projects.<\\/div>\\r\\n<div id=\\\"s3gt_translate_tooltip\\\" style=\\\"left: 5px; top: 149px;\\\">\\u00a0<\\/div>\",\"fulltext\":\"\",\"state\":1,\"catid\":\"69\",\"created\":\"2019-04-08 10:01:48\",\"created_by\":\"57\",\"created_by_alias\":\"\",\"modified\":\"2023-06-09 07:44:44\",\"modified_by\":\"57\",\"checked_out\":\"57\",\"checked_out_time\":\"2023-06-09 07:44:14\",\"publish_up\":\"2019-04-08 10:01:48\",\"publish_down\":\"0000-00-00 00:00:00\",\"images\":\"{\\\"image_intro\\\":\\\"\\\",\\\"float_intro\\\":\\\"\\\",\\\"image_intro_alt\\\":\\\"\\\",\\\"image_intro_caption\\\":\\\"\\\",\\\"image_fulltext\\\":\\\"\\\",\\\"float_fulltext\\\":\\\"\\\",\\\"image_fulltext_alt\\\":\\\"\\\",\\\"image_fulltext_caption\\\":\\\"\\\"}\",\"urls\":\"{\\\"urla\\\":false,\\\"urlatext\\\":\\\"\\\",\\\"targeta\\\":\\\"\\\",\\\"urlb\\\":false,\\\"urlbtext\\\":\\\"\\\",\\\"targetb\\\":\\\"\\\",\\\"urlc\\\":false,\\\"urlctext\\\":\\\"\\\",\\\"targetc\\\":\\\"\\\"}\",\"attribs\":\"{\\\"article_layout\\\":\\\"\\\",\\\"show_title\\\":\\\"\\\",\\\"link_titles\\\":\\\"\\\",\\\"show_tags\\\":\\\"\\\",\\\"show_intro\\\":\\\"\\\",\\\"info_block_position\\\":\\\"\\\",\\\"info_block_show_title\\\":\\\"\\\",\\\"show_category\\\":\\\"\\\",\\\"link_category\\\":\\\"\\\",\\\"show_parent_category\\\":\\\"\\\",\\\"link_parent_category\\\":\\\"\\\",\\\"show_associations\\\":\\\"\\\",\\\"show_author\\\":\\\"\\\",\\\"link_author\\\":\\\"\\\",\\\"show_create_date\\\":\\\"\\\",\\\"show_modify_date\\\":\\\"\\\",\\\"show_publish_date\\\":\\\"\\\",\\\"show_item_navigation\\\":\\\"\\\",\\\"show_icons\\\":\\\"\\\",\\\"show_print_icon\\\":\\\"\\\",\\\"show_email_icon\\\":\\\"\\\",\\\"show_vote\\\":\\\"\\\",\\\"show_hits\\\":\\\"\\\",\\\"show_noauth\\\":\\\"\\\",\\\"urls_position\\\":\\\"\\\",\\\"alternative_readmore\\\":\\\"\\\",\\\"article_page_title\\\":\\\"\\\",\\\"show_publishing_options\\\":\\\"\\\",\\\"show_article_options\\\":\\\"\\\",\\\"show_urls_images_backend\\\":\\\"\\\",\\\"show_urls_images_frontend\\\":\\\"\\\",\\\"helix_ultimate_image\\\":\\\"\\\",\\\"helix_ultimate_article_format\\\":\\\"standard\\\",\\\"helix_ultimate_audio\\\":\\\"\\\",\\\"helix_ultimate_gallery\\\":\\\"\\\",\\\"helix_ultimate_video\\\":\\\"\\\"}\",\"version\":2,\"ordering\":\"32\",\"metakey\":\"\",\"metadesc\":\"\",\"access\":\"1\",\"hits\":\"1589\",\"metadata\":\"{\\\"robots\\\":\\\"\\\",\\\"author\\\":\\\"\\\",\\\"rights\\\":\\\"\\\",\\\"xreference\\\":\\\"\\\"}\",\"featured\":\"0\",\"language\":\"en-GB\",\"xreference\":\"\",\"note\":\"\"}',0),(1864,357,1,'','2023-11-03 10:07:35',57,3612,'20c75b66871365c333209341a35c3ce3a428b820','{\"id\":357,\"asset_id\":1076,\"title\":\"EmpowerED\",\"alias\":\"empowered\",\"introtext\":\"<table id=\\\"AutoNumber1\\\" style=\\\"width: 90%;\\\" border=\\\"0\\\" cellspacing=\\\"1\\\" cellpadding=\\\"2\\\">\\r\\n<tbody>\\r\\n<tr>\\r\\n<td width=\\\"50%\\\">\\u00a0<\\/td>\\r\\n<\\/tr>\\r\\n<tr>\\r\\n<td width=\\\"50%\\\"><b>Funding:\\u00a0<\\/b>Digital Europe<\\/td>\\r\\n<\\/tr>\\r\\n<tr>\\r\\n<td width=\\\"50%\\\"><b><b>Start date:\\u00a0<\\/b><\\/b>01\\/01\\/2023<\\/td>\\r\\n<\\/tr>\\r\\n<tr>\\r\\n<td width=\\\"50%\\\"><b>End date:\\u00a0<\\/b>31\\/12\\/2025<\\/td>\\r\\n<\\/tr>\\r\\n<tr>\\r\\n<td width=\\\"50%\\\"><b>Website: \\u00a0<\\/b><a href=\\\"https:\\/\\/www.empowerededtech.eu\\/\\\" target=\\\"_blank\\\" rel=\\\"noopener noreferrer\\\">https:\\/\\/www.empowerededtech.eu\\/<\\/a><\\/td>\\r\\n<\\/tr>\\r\\n<tr>\\r\\n<td width=\\\"50%\\\">\\r\\n<div><b>Description: <\\/b><\\/div>\\r\\n<div>\\r\\n<div>EmpowerED, running from 2023 to 2025, aims to establish a pan-European network and platform for exchanges between European EdTech initiatives, support organisations, practitioners, and policymakers. The project will map the EdTech landscape in Europe to reflect the current state of play in the sector. This will provide insight into trends linked to new schooling models and innovative education solutions. EmpowerED will provide policymakers with a clearer understanding of how they can better support, and work with, start-ups and SMEs in the fast-expanding EdTech ecosystem. The project will help consolidate and amplify the work of current EdTech organisations and will directly provide support to start-ups and SMEs, for example by offering training and capacity-building opportunities. EmpowerED will create a thriving EdTech ecosystem for better learning across the EU.<\\/div>\\r\\n<\\/div>\\r\\n<div>\\u00a0<\\/div>\\r\\n<\\/td>\\r\\n<\\/tr>\\r\\n<\\/tbody>\\r\\n<\\/table>\\r\\n<p>\\u00a0<\\/p>\",\"fulltext\":\"\",\"state\":1,\"catid\":\"79\",\"created\":\"2023-11-03 10:07:35\",\"created_by\":\"57\",\"created_by_alias\":\"\",\"modified\":\"2023-11-03 10:07:35\",\"modified_by\":null,\"checked_out\":null,\"checked_out_time\":null,\"publish_up\":\"2023-11-03 10:07:35\",\"publish_down\":\"0000-00-00 00:00:00\",\"images\":\"{\\\"image_intro\\\":\\\"\\\",\\\"float_intro\\\":\\\"\\\",\\\"image_intro_alt\\\":\\\"\\\",\\\"image_intro_caption\\\":\\\"\\\",\\\"image_fulltext\\\":\\\"\\\",\\\"float_fulltext\\\":\\\"\\\",\\\"image_fulltext_alt\\\":\\\"\\\",\\\"image_fulltext_caption\\\":\\\"\\\"}\",\"urls\":\"{\\\"urla\\\":false,\\\"urlatext\\\":\\\"\\\",\\\"targeta\\\":\\\"\\\",\\\"urlb\\\":false,\\\"urlbtext\\\":\\\"\\\",\\\"targetb\\\":\\\"\\\",\\\"urlc\\\":false,\\\"urlctext\\\":\\\"\\\",\\\"targetc\\\":\\\"\\\"}\",\"attribs\":\"{\\\"article_layout\\\":\\\"\\\",\\\"show_title\\\":\\\"\\\",\\\"link_titles\\\":\\\"\\\",\\\"show_tags\\\":\\\"\\\",\\\"show_intro\\\":\\\"\\\",\\\"info_block_position\\\":\\\"\\\",\\\"info_block_show_title\\\":\\\"\\\",\\\"show_category\\\":\\\"\\\",\\\"link_category\\\":\\\"\\\",\\\"show_parent_category\\\":\\\"\\\",\\\"link_parent_category\\\":\\\"\\\",\\\"show_associations\\\":\\\"\\\",\\\"show_author\\\":\\\"\\\",\\\"link_author\\\":\\\"\\\",\\\"show_create_date\\\":\\\"\\\",\\\"show_modify_date\\\":\\\"\\\",\\\"show_publish_date\\\":\\\"\\\",\\\"show_item_navigation\\\":\\\"\\\",\\\"show_icons\\\":\\\"\\\",\\\"show_print_icon\\\":\\\"\\\",\\\"show_email_icon\\\":\\\"\\\",\\\"show_vote\\\":\\\"\\\",\\\"show_hits\\\":\\\"\\\",\\\"show_noauth\\\":\\\"\\\",\\\"urls_position\\\":\\\"\\\",\\\"alternative_readmore\\\":\\\"\\\",\\\"article_page_title\\\":\\\"\\\",\\\"show_publishing_options\\\":\\\"\\\",\\\"show_article_options\\\":\\\"\\\",\\\"show_urls_images_backend\\\":\\\"\\\",\\\"show_urls_images_frontend\\\":\\\"\\\",\\\"helix_ultimate_image\\\":\\\"\\\",\\\"helix_ultimate_article_format\\\":\\\"standard\\\",\\\"helix_ultimate_audio\\\":\\\"\\\",\\\"helix_ultimate_gallery\\\":\\\"\\\",\\\"helix_ultimate_video\\\":\\\"\\\"}\",\"version\":1,\"ordering\":null,\"metakey\":\"\",\"metadesc\":\"\",\"access\":\"1\",\"hits\":null,\"metadata\":\"{\\\"robots\\\":\\\"\\\",\\\"author\\\":\\\"\\\",\\\"rights\\\":\\\"\\\",\\\"xreference\\\":\\\"\\\"}\",\"featured\":\"0\",\"language\":\"en-GB\",\"xreference\":\"\",\"note\":\"\"}',0),(1865,278,1,'','2023-11-03 10:09:21',57,6373,'9b7c03617af91bb565be11bdedfac7f203dad90f','{\"id\":278,\"asset_id\":\"972\",\"title\":\"European projects\",\"alias\":\"european-projects\",\"introtext\":\"<div style=\\\"text-align: left;\\\"><strong>In progress<\\/strong><\\/div>\\r\\n<ul>\\r\\n<li><a href=\\\"index.php?option=com_content&amp;view=article&amp;id=357&amp;lang=en\\\">EmpowerED<\\/a><\\/li>\\r\\n<li><a href=\\\"index.php?option=com_content&amp;view=article&amp;id=355&amp;lang=en\\\">Fostering green social innovation and social entrepreneurship in school education<\\/a><\\/li>\\r\\n<li><a href=\\\"index.php?option=com_content&amp;view=article&amp;id=354&amp;lang=en\\\">G4E (Geeks for Education)<\\/a><\\/li>\\r\\n<li><a href=\\\"index.php?option=com_content&amp;view=article&amp;id=353&amp;lang=en\\\">European herItage 3D gamEs platform for teaching mAths (IDEA)<\\/a><\\/li>\\r\\n<li><a href=\\\"index.php?option=com_content&amp;view=article&amp;id=347&amp;lang=en\\\">Enhancing Youth Entrepreneurship Skills, Careers Guidance and Competences in Agriculture Thought a Game based Virtual Reality Platform (AGRIENT)<\\/a><\\/li>\\r\\n<li><a href=\\\"index.php?option=com_content&amp;view=article&amp;id=282&amp;lang=en\\\">Combating Digital Exclusion: Children educate digitally illiterate adults in safe and creative web<\\/a><\\/li>\\r\\n<li><a href=\\\"index.php?option=com_content&amp;view=article&amp;id=281&amp;lang=en\\\">Networked European School Web Radio (NEStOR)<\\/a><\\/li>\\r\\n<li><a href=\\\"index.php?option=com_content&amp;view=article&amp;id=292&amp;lang=en\\\">Optical Performance Monitoring Enabling Dynamic Networks Using A Holistic Cross-Layer, Self-Configurable Truly Flexible Approach<\\/a><\\/li>\\r\\n<li><a href=\\\"index.php?option=com_content&amp;view=article&amp;id=285&amp;lang=en\\\">National Support Service eTwinning (2015)<\\/a><\\/li>\\r\\n<li><a href=\\\"index.php?option=com_content&amp;view=article&amp;id=283&amp;lang=en\\\">Virtual Reality for STEM Entrepreneurship Training (VR4STREM)<\\/a><\\/li>\\r\\n<li><a href=\\\"index.php?option=com_content&amp;view=article&amp;id=284&amp;lang=en\\\" target=\\\"_self\\\"><span class=\\\"st\\\">An innovative virtual reality educational environment for school physics education (World-of-Physics)<\\/span><\\/a><\\/li>\\r\\n<\\/ul>\\r\\n<div style=\\\"text-align: left;\\\"><strong>Completed<\\/strong><\\/div>\\r\\n<div style=\\\"text-align: left;\\\">\\r\\n<ul>\\r\\n<li><a href=\\\"index.php?option=com_content&amp;view=article&amp;id=280&amp;lang=en\\\">eSafety Label+: Become the next eSafety champion<\\/a><\\/li>\\r\\n<li><a href=\\\"index.php?option=com_content&amp;view=article&amp;id=289&amp;lang=en\\\">Photonics for High-Performance, Low-Cost and Low-Energy Data Centers and High Performance Computing Systems: Terabit\\/s Optical Interconnect Technologies for On-Board, Board-to-Board and Rack-to-Rack data links<\\/a><\\/li>\\r\\n<li><a href=\\\"index.php?option=com_content&amp;view=article&amp;id=290&amp;lang=en\\\">Business Continuity as a Service<\\/a><\\/li>\\r\\n<li><a href=\\\"index.php?option=com_content&amp;view=article&amp;id=291&amp;lang=en\\\">Virtual Microgrids for Smart Energy Networks<\\/a><\\/li>\\r\\n<li><a href=\\\"index.php?option=com_content&amp;view=article&amp;id=286&amp;lang=en\\\">TRANSversal key competences for lifelong learning: TraIning teachers in competence based education<\\/a><\\/li>\\r\\n<li>National Support Service eTwinning (2004-2014)<\\/li>\\r\\n<li><a href=\\\"index.php?option=com_content&amp;view=article&amp;id=293&amp;lang=en\\\">Governments Enabled with IPv6<\\/a><\\/li>\\r\\n<li><a href=\\\"index.php?option=com_content&amp;view=article&amp;id=295&amp;lang=en\\\">European Grid Initiative: Integrated Sustainable Pan-European Infrastructure for Researchers in Europe<\\/a><\\/li>\\r\\n<li><a href=\\\"index.php?option=com_content&amp;view=article&amp;id=294&amp;lang=en\\\">European Middleware Initiative<\\/a><\\/li>\\r\\n<li><a href=\\\"index.php?option=com_content&amp;view=article&amp;id=288&amp;lang=en\\\">Enabling Grids for E-sciencE-III<\\/a><\\/li>\\r\\n<li>Enabling Grids for E-sciencE-II<\\/li>\\r\\n<li><a href=\\\"index.php?option=com_content&amp;view=article&amp;id=287&amp;lang=en\\\">Dynamic Impairment Constraint Networking for Transparent Mesh Optical Networks<\\/a><\\/li>\\r\\n<li>Phosphorus - Lambda User Controlled Infrastructure for European Research<\\/li>\\r\\n<li>Enabling Grids for E-science in Europe<\\/li>\\r\\n<li>D.I.G.I.-Q: Quality and on-line confidence in SME\\\"s e-Business processes<\\/li>\\r\\n<li>European network IPv6 - 6net<\\/li>\\r\\n<li>\\u0391.\\u039d.\\u0391.\\u0399.S. - Advanced Network Architecture for in flight cabin systems<\\/li>\\r\\n<\\/ul>\\r\\n<\\/div>\\r\\n<div>\\u00a0<\\/div>\\r\\n<div>\\u00a0<\\/div>\\r\\n<div>\\u00a0<\\/div>\",\"fulltext\":\"\",\"state\":1,\"catid\":\"81\",\"created\":\"2019-04-08 09:25:31\",\"created_by\":\"57\",\"created_by_alias\":\"\",\"modified\":\"2023-11-03 10:09:21\",\"modified_by\":\"57\",\"checked_out\":\"57\",\"checked_out_time\":\"2023-11-03 10:08:27\",\"publish_up\":\"2019-04-08 09:25:31\",\"publish_down\":\"0000-00-00 00:00:00\",\"images\":\"{\\\"image_intro\\\":\\\"\\\",\\\"float_intro\\\":\\\"\\\",\\\"image_intro_alt\\\":\\\"\\\",\\\"image_intro_caption\\\":\\\"\\\",\\\"image_fulltext\\\":\\\"\\\",\\\"float_fulltext\\\":\\\"\\\",\\\"image_fulltext_alt\\\":\\\"\\\",\\\"image_fulltext_caption\\\":\\\"\\\"}\",\"urls\":\"{\\\"urla\\\":false,\\\"urlatext\\\":\\\"\\\",\\\"targeta\\\":\\\"\\\",\\\"urlb\\\":false,\\\"urlbtext\\\":\\\"\\\",\\\"targetb\\\":\\\"\\\",\\\"urlc\\\":false,\\\"urlctext\\\":\\\"\\\",\\\"targetc\\\":\\\"\\\"}\",\"attribs\":\"{\\\"article_layout\\\":\\\"\\\",\\\"show_title\\\":\\\"\\\",\\\"link_titles\\\":\\\"\\\",\\\"show_tags\\\":\\\"\\\",\\\"show_intro\\\":\\\"\\\",\\\"info_block_position\\\":\\\"\\\",\\\"info_block_show_title\\\":\\\"\\\",\\\"show_category\\\":\\\"\\\",\\\"link_category\\\":\\\"\\\",\\\"show_parent_category\\\":\\\"\\\",\\\"link_parent_category\\\":\\\"\\\",\\\"show_associations\\\":\\\"\\\",\\\"show_author\\\":\\\"\\\",\\\"link_author\\\":\\\"\\\",\\\"show_create_date\\\":\\\"\\\",\\\"show_modify_date\\\":\\\"\\\",\\\"show_publish_date\\\":\\\"\\\",\\\"show_item_navigation\\\":\\\"\\\",\\\"show_icons\\\":\\\"\\\",\\\"show_print_icon\\\":\\\"\\\",\\\"show_email_icon\\\":\\\"\\\",\\\"show_vote\\\":\\\"\\\",\\\"show_hits\\\":\\\"\\\",\\\"show_noauth\\\":\\\"\\\",\\\"urls_position\\\":\\\"\\\",\\\"alternative_readmore\\\":\\\"\\\",\\\"article_page_title\\\":\\\"\\\",\\\"show_publishing_options\\\":\\\"\\\",\\\"show_article_options\\\":\\\"\\\",\\\"show_urls_images_backend\\\":\\\"\\\",\\\"show_urls_images_frontend\\\":\\\"\\\",\\\"helix_ultimate_image\\\":\\\"\\\",\\\"helix_ultimate_article_format\\\":\\\"standard\\\",\\\"helix_ultimate_audio\\\":\\\"\\\",\\\"helix_ultimate_gallery\\\":\\\"\\\",\\\"helix_ultimate_video\\\":\\\"\\\"}\",\"version\":16,\"ordering\":\"0\",\"metakey\":\"\",\"metadesc\":\"\",\"access\":\"1\",\"hits\":\"1083\",\"metadata\":\"{\\\"robots\\\":\\\"\\\",\\\"author\\\":\\\"\\\",\\\"rights\\\":\\\"\\\",\\\"xreference\\\":\\\"\\\"}\",\"featured\":\"0\",\"language\":\"en-GB\",\"xreference\":\"\",\"note\":\"\"}',0),(1866,357,1,'','2023-11-06 08:35:32',57,3658,'df25123d66aedb3e131b4b8e29212568d2ec06f3','{\"id\":357,\"asset_id\":\"1076\",\"title\":\"EmpowerED, thriving Edtech ecosystem for better learning\",\"alias\":\"empowered\",\"introtext\":\"<table id=\\\"AutoNumber1\\\" style=\\\"width: 90%;\\\" border=\\\"0\\\" cellspacing=\\\"1\\\" cellpadding=\\\"2\\\">\\r\\n<tbody>\\r\\n<tr>\\r\\n<td width=\\\"50%\\\">\\u00a0<\\/td>\\r\\n<\\/tr>\\r\\n<tr>\\r\\n<td width=\\\"50%\\\"><b>Funding:\\u00a0<\\/b>Digital Europe<\\/td>\\r\\n<\\/tr>\\r\\n<tr>\\r\\n<td width=\\\"50%\\\"><b><b>Start date:\\u00a0<\\/b><\\/b>01\\/01\\/2023<\\/td>\\r\\n<\\/tr>\\r\\n<tr>\\r\\n<td width=\\\"50%\\\"><b>End date:\\u00a0<\\/b>31\\/12\\/2025<\\/td>\\r\\n<\\/tr>\\r\\n<tr>\\r\\n<td width=\\\"50%\\\"><b>Website: \\u00a0<\\/b><a href=\\\"https:\\/\\/www.empowerededtech.eu\\/\\\" target=\\\"_blank\\\" rel=\\\"noopener noreferrer\\\">https:\\/\\/www.empowerededtech.eu\\/<\\/a><\\/td>\\r\\n<\\/tr>\\r\\n<tr>\\r\\n<td width=\\\"50%\\\">\\r\\n<div><b>Description: <\\/b><\\/div>\\r\\n<div>\\r\\n<div>EmpowerED, running from 2023 to 2025, aims to establish a pan-European network and platform for exchanges between European EdTech initiatives, support organisations, practitioners, and policymakers. The project will map the EdTech landscape in Europe to reflect the current state of play in the sector. This will provide insight into trends linked to new schooling models and innovative education solutions. EmpowerED will provide policymakers with a clearer understanding of how they can better support, and work with, start-ups and SMEs in the fast-expanding EdTech ecosystem. The project will help consolidate and amplify the work of current EdTech organisations and will directly provide support to start-ups and SMEs, for example by offering training and capacity-building opportunities. EmpowerED will create a thriving EdTech ecosystem for better learning across the EU.<\\/div>\\r\\n<\\/div>\\r\\n<div>\\u00a0<\\/div>\\r\\n<\\/td>\\r\\n<\\/tr>\\r\\n<\\/tbody>\\r\\n<\\/table>\",\"fulltext\":\"\",\"state\":1,\"catid\":\"79\",\"created\":\"2023-11-03 10:07:35\",\"created_by\":\"57\",\"created_by_alias\":\"\",\"modified\":\"2023-11-06 08:35:32\",\"modified_by\":\"57\",\"checked_out\":\"57\",\"checked_out_time\":\"2023-11-06 08:35:09\",\"publish_up\":\"2023-11-03 10:07:35\",\"publish_down\":\"0000-00-00 00:00:00\",\"images\":\"{\\\"image_intro\\\":\\\"\\\",\\\"float_intro\\\":\\\"\\\",\\\"image_intro_alt\\\":\\\"\\\",\\\"image_intro_caption\\\":\\\"\\\",\\\"image_fulltext\\\":\\\"\\\",\\\"float_fulltext\\\":\\\"\\\",\\\"image_fulltext_alt\\\":\\\"\\\",\\\"image_fulltext_caption\\\":\\\"\\\"}\",\"urls\":\"{\\\"urla\\\":false,\\\"urlatext\\\":\\\"\\\",\\\"targeta\\\":\\\"\\\",\\\"urlb\\\":false,\\\"urlbtext\\\":\\\"\\\",\\\"targetb\\\":\\\"\\\",\\\"urlc\\\":false,\\\"urlctext\\\":\\\"\\\",\\\"targetc\\\":\\\"\\\"}\",\"attribs\":\"{\\\"article_layout\\\":\\\"\\\",\\\"show_title\\\":\\\"\\\",\\\"link_titles\\\":\\\"\\\",\\\"show_tags\\\":\\\"\\\",\\\"show_intro\\\":\\\"\\\",\\\"info_block_position\\\":\\\"\\\",\\\"info_block_show_title\\\":\\\"\\\",\\\"show_category\\\":\\\"\\\",\\\"link_category\\\":\\\"\\\",\\\"show_parent_category\\\":\\\"\\\",\\\"link_parent_category\\\":\\\"\\\",\\\"show_associations\\\":\\\"\\\",\\\"show_author\\\":\\\"\\\",\\\"link_author\\\":\\\"\\\",\\\"show_create_date\\\":\\\"\\\",\\\"show_modify_date\\\":\\\"\\\",\\\"show_publish_date\\\":\\\"\\\",\\\"show_item_navigation\\\":\\\"\\\",\\\"show_icons\\\":\\\"\\\",\\\"show_print_icon\\\":\\\"\\\",\\\"show_email_icon\\\":\\\"\\\",\\\"show_vote\\\":\\\"\\\",\\\"show_hits\\\":\\\"\\\",\\\"show_noauth\\\":\\\"\\\",\\\"urls_position\\\":\\\"\\\",\\\"alternative_readmore\\\":\\\"\\\",\\\"article_page_title\\\":\\\"\\\",\\\"show_publishing_options\\\":\\\"\\\",\\\"show_article_options\\\":\\\"\\\",\\\"show_urls_images_backend\\\":\\\"\\\",\\\"show_urls_images_frontend\\\":\\\"\\\",\\\"helix_ultimate_image\\\":\\\"\\\",\\\"helix_ultimate_article_format\\\":\\\"standard\\\",\\\"helix_ultimate_audio\\\":\\\"\\\",\\\"helix_ultimate_gallery\\\":\\\"\\\",\\\"helix_ultimate_video\\\":\\\"\\\"}\",\"version\":2,\"ordering\":\"0\",\"metakey\":\"\",\"metadesc\":\"\",\"access\":\"1\",\"hits\":\"7\",\"metadata\":\"{\\\"robots\\\":\\\"\\\",\\\"author\\\":\\\"\\\",\\\"rights\\\":\\\"\\\",\\\"xreference\\\":\\\"\\\"}\",\"featured\":\"0\",\"language\":\"en-GB\",\"xreference\":\"\",\"note\":\"\"}',0),(1867,278,1,'','2023-11-06 08:36:40',57,6420,'4274aa5833c273b84027b8838754cf8a193983db','{\"id\":278,\"asset_id\":\"972\",\"title\":\"European projects\",\"alias\":\"european-projects\",\"introtext\":\"<div style=\\\"text-align: left;\\\"><strong>In progress<\\/strong><\\/div>\\r\\n<ul>\\r\\n<li><a href=\\\"index.php?option=com_content&amp;view=article&amp;id=357&amp;lang=en\\\">EmpowerED, thriving Edtech ecosystem for better learning<\\/a><\\/li>\\r\\n<li><a href=\\\"index.php?option=com_content&amp;view=article&amp;id=355&amp;lang=en\\\">Fostering green social innovation and social entrepreneurship in school education<\\/a><\\/li>\\r\\n<li><a href=\\\"index.php?option=com_content&amp;view=article&amp;id=354&amp;lang=en\\\">G4E (Geeks for Education)<\\/a><\\/li>\\r\\n<li><a href=\\\"index.php?option=com_content&amp;view=article&amp;id=353&amp;lang=en\\\">European herItage 3D gamEs platform for teaching mAths (IDEA)<\\/a><\\/li>\\r\\n<li><a href=\\\"index.php?option=com_content&amp;view=article&amp;id=347&amp;lang=en\\\">Enhancing Youth Entrepreneurship Skills, Careers Guidance and Competences in Agriculture Thought a Game based Virtual Reality Platform (AGRIENT)<\\/a><\\/li>\\r\\n<li><a href=\\\"index.php?option=com_content&amp;view=article&amp;id=282&amp;lang=en\\\">Combating Digital Exclusion: Children educate digitally illiterate adults in safe and creative web<\\/a><\\/li>\\r\\n<li><a href=\\\"index.php?option=com_content&amp;view=article&amp;id=281&amp;lang=en\\\">Networked European School Web Radio (NEStOR)<\\/a><\\/li>\\r\\n<li><a href=\\\"index.php?option=com_content&amp;view=article&amp;id=292&amp;lang=en\\\">Optical Performance Monitoring Enabling Dynamic Networks Using A Holistic Cross-Layer, Self-Configurable Truly Flexible Approach<\\/a><\\/li>\\r\\n<li><a href=\\\"index.php?option=com_content&amp;view=article&amp;id=285&amp;lang=en\\\">National Support Service eTwinning (2015)<\\/a><\\/li>\\r\\n<li><a href=\\\"index.php?option=com_content&amp;view=article&amp;id=283&amp;lang=en\\\">Virtual Reality for STEM Entrepreneurship Training (VR4STREM)<\\/a><\\/li>\\r\\n<li><a href=\\\"index.php?option=com_content&amp;view=article&amp;id=284&amp;lang=en\\\" target=\\\"_self\\\"><span class=\\\"st\\\">An innovative virtual reality educational environment for school physics education (World-of-Physics)<\\/span><\\/a><\\/li>\\r\\n<\\/ul>\\r\\n<div style=\\\"text-align: left;\\\"><strong>Completed<\\/strong><\\/div>\\r\\n<div style=\\\"text-align: left;\\\">\\r\\n<ul>\\r\\n<li><a href=\\\"index.php?option=com_content&amp;view=article&amp;id=280&amp;lang=en\\\">eSafety Label+: Become the next eSafety champion<\\/a><\\/li>\\r\\n<li><a href=\\\"index.php?option=com_content&amp;view=article&amp;id=289&amp;lang=en\\\">Photonics for High-Performance, Low-Cost and Low-Energy Data Centers and High Performance Computing Systems: Terabit\\/s Optical Interconnect Technologies for On-Board, Board-to-Board and Rack-to-Rack data links<\\/a><\\/li>\\r\\n<li><a href=\\\"index.php?option=com_content&amp;view=article&amp;id=290&amp;lang=en\\\">Business Continuity as a Service<\\/a><\\/li>\\r\\n<li><a href=\\\"index.php?option=com_content&amp;view=article&amp;id=291&amp;lang=en\\\">Virtual Microgrids for Smart Energy Networks<\\/a><\\/li>\\r\\n<li><a href=\\\"index.php?option=com_content&amp;view=article&amp;id=286&amp;lang=en\\\">TRANSversal key competences for lifelong learning: TraIning teachers in competence based education<\\/a><\\/li>\\r\\n<li>National Support Service eTwinning (2004-2014)<\\/li>\\r\\n<li><a href=\\\"index.php?option=com_content&amp;view=article&amp;id=293&amp;lang=en\\\">Governments Enabled with IPv6<\\/a><\\/li>\\r\\n<li><a href=\\\"index.php?option=com_content&amp;view=article&amp;id=295&amp;lang=en\\\">European Grid Initiative: Integrated Sustainable Pan-European Infrastructure for Researchers in Europe<\\/a><\\/li>\\r\\n<li><a href=\\\"index.php?option=com_content&amp;view=article&amp;id=294&amp;lang=en\\\">European Middleware Initiative<\\/a><\\/li>\\r\\n<li><a href=\\\"index.php?option=com_content&amp;view=article&amp;id=288&amp;lang=en\\\">Enabling Grids for E-sciencE-III<\\/a><\\/li>\\r\\n<li>Enabling Grids for E-sciencE-II<\\/li>\\r\\n<li><a href=\\\"index.php?option=com_content&amp;view=article&amp;id=287&amp;lang=en\\\">Dynamic Impairment Constraint Networking for Transparent Mesh Optical Networks<\\/a><\\/li>\\r\\n<li>Phosphorus - Lambda User Controlled Infrastructure for European Research<\\/li>\\r\\n<li>Enabling Grids for E-science in Europe<\\/li>\\r\\n<li>D.I.G.I.-Q: Quality and on-line confidence in SME\\\"s e-Business processes<\\/li>\\r\\n<li>European network IPv6 - 6net<\\/li>\\r\\n<li>\\u0391.\\u039d.\\u0391.\\u0399.S. - Advanced Network Architecture for in flight cabin systems<\\/li>\\r\\n<\\/ul>\\r\\n<\\/div>\\r\\n<div>\\u00a0<\\/div>\\r\\n<div>\\u00a0<\\/div>\\r\\n<div>\\u00a0<\\/div>\",\"fulltext\":\"\",\"state\":1,\"catid\":\"81\",\"created\":\"2019-04-08 09:25:31\",\"created_by\":\"57\",\"created_by_alias\":\"\",\"modified\":\"2023-11-06 08:36:40\",\"modified_by\":\"57\",\"checked_out\":\"57\",\"checked_out_time\":\"2023-11-06 08:36:28\",\"publish_up\":\"2019-04-08 09:25:31\",\"publish_down\":\"0000-00-00 00:00:00\",\"images\":\"{\\\"image_intro\\\":\\\"\\\",\\\"float_intro\\\":\\\"\\\",\\\"image_intro_alt\\\":\\\"\\\",\\\"image_intro_caption\\\":\\\"\\\",\\\"image_fulltext\\\":\\\"\\\",\\\"float_fulltext\\\":\\\"\\\",\\\"image_fulltext_alt\\\":\\\"\\\",\\\"image_fulltext_caption\\\":\\\"\\\"}\",\"urls\":\"{\\\"urla\\\":false,\\\"urlatext\\\":\\\"\\\",\\\"targeta\\\":\\\"\\\",\\\"urlb\\\":false,\\\"urlbtext\\\":\\\"\\\",\\\"targetb\\\":\\\"\\\",\\\"urlc\\\":false,\\\"urlctext\\\":\\\"\\\",\\\"targetc\\\":\\\"\\\"}\",\"attribs\":\"{\\\"article_layout\\\":\\\"\\\",\\\"show_title\\\":\\\"\\\",\\\"link_titles\\\":\\\"\\\",\\\"show_tags\\\":\\\"\\\",\\\"show_intro\\\":\\\"\\\",\\\"info_block_position\\\":\\\"\\\",\\\"info_block_show_title\\\":\\\"\\\",\\\"show_category\\\":\\\"\\\",\\\"link_category\\\":\\\"\\\",\\\"show_parent_category\\\":\\\"\\\",\\\"link_parent_category\\\":\\\"\\\",\\\"show_associations\\\":\\\"\\\",\\\"show_author\\\":\\\"\\\",\\\"link_author\\\":\\\"\\\",\\\"show_create_date\\\":\\\"\\\",\\\"show_modify_date\\\":\\\"\\\",\\\"show_publish_date\\\":\\\"\\\",\\\"show_item_navigation\\\":\\\"\\\",\\\"show_icons\\\":\\\"\\\",\\\"show_print_icon\\\":\\\"\\\",\\\"show_email_icon\\\":\\\"\\\",\\\"show_vote\\\":\\\"\\\",\\\"show_hits\\\":\\\"\\\",\\\"show_noauth\\\":\\\"\\\",\\\"urls_position\\\":\\\"\\\",\\\"alternative_readmore\\\":\\\"\\\",\\\"article_page_title\\\":\\\"\\\",\\\"show_publishing_options\\\":\\\"\\\",\\\"show_article_options\\\":\\\"\\\",\\\"show_urls_images_backend\\\":\\\"\\\",\\\"show_urls_images_frontend\\\":\\\"\\\",\\\"helix_ultimate_image\\\":\\\"\\\",\\\"helix_ultimate_article_format\\\":\\\"standard\\\",\\\"helix_ultimate_audio\\\":\\\"\\\",\\\"helix_ultimate_gallery\\\":\\\"\\\",\\\"helix_ultimate_video\\\":\\\"\\\"}\",\"version\":17,\"ordering\":\"0\",\"metakey\":\"\",\"metadesc\":\"\",\"access\":\"1\",\"hits\":\"1089\",\"metadata\":\"{\\\"robots\\\":\\\"\\\",\\\"author\\\":\\\"\\\",\\\"rights\\\":\\\"\\\",\\\"xreference\\\":\\\"\\\"}\",\"featured\":\"0\",\"language\":\"en-GB\",\"xreference\":\"\",\"note\":\"\"}',0),(1868,250,1,'','2023-11-06 08:38:39',57,5818,'69bb203b6901e1a873dab20919dcfc385ecf6538','{\"id\":250,\"asset_id\":\"906\",\"title\":\"\\u0395\\u03c5\\u03c1\\u03c9\\u03c0\\u03b1\\u03ca\\u03ba\\u03ac \\u0388\\u03c1\\u03b3\\u03b1\",\"alias\":\"2015-07-27-09-41-56\",\"introtext\":\"<div><strong>\\u03a3\\u03b5 \\u03b5\\u03be\\u03ad\\u03bb\\u03b9\\u03be\\u03b7<\\/strong>\\r\\n<ul>\\r\\n<li><a href=\\\"index.php?option=com_content&amp;view=article&amp;id=357&amp;lang=en\\\">EmpowerED, thriving Edtech ecosystem for better learning<\\/a><\\/li>\\r\\n<li><a href=\\\"index.php\\/el\\/erga\\/evropaikaerga?id=356\\\">\\u03a0\\u03c1\\u03bf\\u03ce\\u03b8\\u03b7\\u03c3\\u03b7 \\u03c4\\u03b7\\u03c2 \\u03c0\\u03c1\\u03ac\\u03c3\\u03b9\\u03bd\\u03b7\\u03c2 \\u03ba\\u03bf\\u03b9\\u03bd\\u03c9\\u03bd\\u03b9\\u03ba\\u03ae\\u03c2 \\u03ba\\u03b1\\u03b9\\u03bd\\u03bf\\u03c4\\u03bf\\u03bc\\u03af\\u03b1\\u03c2 \\u03ba\\u03b1\\u03b9 \\u03b5\\u03c0\\u03b9\\u03c7\\u03b5\\u03b9\\u03c1\\u03b7\\u03bc\\u03b1\\u03c4\\u03b9\\u03ba\\u03cc\\u03c4\\u03b7\\u03c4\\u03b1\\u03c2 \\u03c3\\u03c4\\u03b7\\u03bd \\u03c3\\u03c7\\u03bf\\u03bb\\u03b9\\u03ba\\u03ae \\u03b5\\u03ba\\u03c0\\u03b1\\u03af\\u03b4\\u03b5\\u03c5\\u03c3\\u03b7<\\/a><\\/li>\\r\\n<li>Networked European School Web Radio (NESTOR)<\\/li>\\r\\n<li>\\u039a\\u03b1\\u03c4\\u03b1\\u03c0\\u03bf\\u03bb\\u03ad\\u03bc\\u03b7\\u03c3\\u03b7 \\u03c4\\u03bf\\u03c5 \\u03c8\\u03b7\\u03c6\\u03b9\\u03b1\\u03ba\\u03bf\\u03cd \\u03b1\\u03c0\\u03bf\\u03ba\\u03bb\\u03b5\\u03b9\\u03c3\\u03bc\\u03bf\\u03cd: \\u03a4\\u03b1 \\u03c0\\u03b1\\u03b9\\u03b4\\u03b9\\u03ac \\u03b5\\u03ba\\u03c0\\u03b1\\u03b9\\u03b4\\u03b5\\u03cd\\u03bf\\u03c5\\u03bd \\u03c8\\u03b7\\u03c6\\u03b9\\u03b1\\u03ba\\u03ac \\u03b1\\u03bd\\u03b1\\u03bb\\u03c6\\u03ac\\u03b2\\u03b7\\u03c4\\u03bf\\u03c5\\u03c2 \\u03b5\\u03bd\\u03b7\\u03bb\\u03af\\u03ba\\u03bf\\u03c5\\u03c2 \\u03c3\\u03c4\\u03b7 \\u03c7\\u03c1\\u03ae\\u03c3\\u03b7 \\u03c4\\u03bf\\u03c5 \\u03b1\\u03c3\\u03c6\\u03b1\\u03bb\\u03bf\\u03cd\\u03c2 \\u03ba\\u03b1\\u03b9 \\u03b4\\u03b7\\u03bc\\u03b9\\u03bf\\u03c5\\u03c1\\u03b3\\u03b9\\u03ba\\u03bf\\u03cd \\u03b4\\u03b9\\u03b1\\u03b4\\u03b9\\u03ba\\u03c4\\u03cd\\u03bf\\u03c5<\\/li>\\r\\n<li>Optical Performance Monitoring Enabling Dynamic Networks Using A Holistic Cross-Layer, Self-Configurable Truly Flexible Approach<\\/li>\\r\\n<li><a href=\\\"index.php?option=com_content&amp;view=article&amp;id=263:vr4stem&amp;catid=12:projects\\\">Virtual Reality for STEM Entrepreneurship Training (VR4STREM)<\\/a><\\/li>\\r\\n<li><span class=\\\"st\\\">An innovative virtual reality educational environment for school physics education (World-of-Physics)<\\/span><\\/li>\\r\\n<\\/ul>\\r\\n<strong>\\u039f\\u03bb\\u03bf\\u03ba\\u03bb\\u03b7\\u03c1\\u03c9\\u03bc\\u03ad\\u03bd\\u03b1<\\/strong>\\r\\n<ul>\\r\\n<li><a href=\\\"index.php?option=com_content&amp;view=article&amp;id=264%3Aesafe&amp;catid=12%3Aprojects&amp;lang=el\\\">eSafety Label+: Become the next eSafety champion<\\/a><\\/li>\\r\\n<li>Photonics for High-Performance, Low-Cost and Low-Energy Data Centers and High Performance Computing Systems: Terabit\\/s Optical Interconnect Technologies for On-Board, Board-to-Board and Rack-to-Rack data links<\\/li>\\r\\n<li>Business Continuity as a Service<\\/li>\\r\\n<li>Virtual Microgrids for Smart Energy Networks<\\/li>\\r\\n<li>\\u0391.\\u039d.\\u0391.\\u0399.S. - Advanced Network Architecture for in flight cabin systems<\\/li>\\r\\n<li>\\u03a0\\u03b1\\u03bd\\u03b5\\u03c5\\u03c1\\u03c9\\u03c0\\u03b1\\u03ca\\u03ba\\u03cc \\u03b4\\u03af\\u03ba\\u03c4\\u03c5\\u03bf IPv6 - 6net<\\/li>\\r\\n<li>D.I.G.I.-Q: Quality and on-line confidence in SME\\\"s e-Business processes<\\/li>\\r\\n<li>Enabling Grids for E-science in Europe<\\/li>\\r\\n<li>Phosphorus - Lambda User Controlled Infrastructure for European Research<\\/li>\\r\\n<li>Dynamic Impairment Constraint Networking for Transparent Mesh Optical Networks<\\/li>\\r\\n<li>Enabling Grids for E-sciencE-II<\\/li>\\r\\n<li>Enabling Grids for E-sciencE-III<\\/li>\\r\\n<li>European Middleware Initiative<\\/li>\\r\\n<li>European Grid Initiative: Integrated Sustainable Pan-European Infrastructure for Researchers in Europe<\\/li>\\r\\n<li>Governments Enabled with IPv6<\\/li>\\r\\n<li>National Support Service eTwinning (2004-2007)<\\/li>\\r\\n<li>TRANSversal key competences for lifelong learning: TraIning teachers in competence based education<\\/li>\\r\\n<\\/ul>\\r\\n<\\/div>\",\"fulltext\":\"\",\"state\":1,\"catid\":\"46\",\"created\":\"2015-07-27 09:39:10\",\"created_by\":\"57\",\"created_by_alias\":\"\",\"modified\":\"2023-11-06 08:38:39\",\"modified_by\":\"57\",\"checked_out\":\"57\",\"checked_out_time\":\"2023-11-06 08:38:03\",\"publish_up\":\"2015-07-27 09:39:10\",\"publish_down\":\"0000-00-00 00:00:00\",\"images\":\"{\\\"image_intro\\\":\\\"\\\",\\\"float_intro\\\":\\\"\\\",\\\"image_intro_alt\\\":\\\"\\\",\\\"image_intro_caption\\\":\\\"\\\",\\\"image_fulltext\\\":\\\"\\\",\\\"float_fulltext\\\":\\\"\\\",\\\"image_fulltext_alt\\\":\\\"\\\",\\\"image_fulltext_caption\\\":\\\"\\\"}\",\"urls\":\"{\\\"urla\\\":false,\\\"urlatext\\\":\\\"\\\",\\\"targeta\\\":\\\"\\\",\\\"urlb\\\":false,\\\"urlbtext\\\":\\\"\\\",\\\"targetb\\\":\\\"\\\",\\\"urlc\\\":false,\\\"urlctext\\\":\\\"\\\",\\\"targetc\\\":\\\"\\\"}\",\"attribs\":\"{\\\"article_layout\\\":\\\"\\\",\\\"show_title\\\":\\\"\\\",\\\"link_titles\\\":\\\"\\\",\\\"show_tags\\\":\\\"\\\",\\\"show_intro\\\":\\\"\\\",\\\"info_block_position\\\":\\\"\\\",\\\"info_block_show_title\\\":\\\"\\\",\\\"show_category\\\":\\\"\\\",\\\"link_category\\\":\\\"\\\",\\\"show_parent_category\\\":\\\"\\\",\\\"link_parent_category\\\":\\\"\\\",\\\"show_associations\\\":\\\"\\\",\\\"show_author\\\":\\\"\\\",\\\"link_author\\\":\\\"\\\",\\\"show_create_date\\\":\\\"\\\",\\\"show_modify_date\\\":\\\"\\\",\\\"show_publish_date\\\":\\\"\\\",\\\"show_item_navigation\\\":\\\"\\\",\\\"show_icons\\\":\\\"\\\",\\\"show_print_icon\\\":\\\"\\\",\\\"show_email_icon\\\":\\\"\\\",\\\"show_vote\\\":\\\"\\\",\\\"show_hits\\\":\\\"\\\",\\\"show_noauth\\\":\\\"\\\",\\\"urls_position\\\":\\\"\\\",\\\"alternative_readmore\\\":\\\"\\\",\\\"article_page_title\\\":\\\"\\\",\\\"show_publishing_options\\\":\\\"\\\",\\\"show_article_options\\\":\\\"\\\",\\\"show_urls_images_backend\\\":\\\"\\\",\\\"show_urls_images_frontend\\\":\\\"\\\",\\\"helix_ultimate_image\\\":\\\"\\\",\\\"helix_ultimate_article_format\\\":\\\"standard\\\",\\\"helix_ultimate_audio\\\":\\\"\\\",\\\"helix_ultimate_gallery\\\":\\\"\\\",\\\"helix_ultimate_video\\\":\\\"\\\"}\",\"version\":18,\"ordering\":\"1\",\"metakey\":\"\",\"metadesc\":\"\",\"access\":\"1\",\"hits\":\"2184\",\"metadata\":\"{\\\"robots\\\":\\\"\\\",\\\"author\\\":\\\"\\\",\\\"rights\\\":\\\"\\\",\\\"xreference\\\":\\\"\\\"}\",\"featured\":\"0\",\"language\":\"el-GR\",\"xreference\":\"\",\"note\":\"\"}',0);

--
-- Table structure for table `ntsn2_update_sites`
--

CREATE TABLE `ntsn2_update_sites` (
  `update_site_id` int NOT NULL AUTO_INCREMENT,
  `name` varchar(100) CHARACTER SET utf8mb4 COLLATE utf8mb4_unicode_ci DEFAULT '',
  `type` varchar(20) CHARACTER SET utf8mb4 COLLATE utf8mb4_unicode_ci DEFAULT '',
  `location` text CHARACTER SET utf8mb4 COLLATE utf8mb4_unicode_ci NOT NULL,
  `enabled` int DEFAULT '0',
  `last_check_timestamp` bigint DEFAULT '0',
  `extra_query` varchar(1000) CHARACTER SET utf8mb4 COLLATE utf8mb4_unicode_ci DEFAULT '',
  PRIMARY KEY (`update_site_id`)
) ENGINE=InnoDB AUTO_INCREMENT=13 DEFAULT CHARSET=utf8mb4 COLLATE=utf8mb4_unicode_ci COMMENT='Update Sites';

--
-- Dumping data for table `ntsn2_update_sites`
--

INSERT INTO `ntsn2_update_sites` VALUES (1,'Joomla! Core','collection','https://update.joomla.org/core/list.xml',1,1721112419,''),(2,'Accredited Joomla! Translations','collection','https://update.joomla.org/language/translationlist_3.xml',1,1721112418,''),(3,'Joomla! Update Component Update Site','extension','https://update.joomla.org/core/extensions/com_joomlaupdate.xml',1,1721112418,''),(4,'J2XML Updates','extension','http://www.eshiol.it/updates/packages/j2xml-updates?format=xml&dummy=extension.xml',1,1721112419,''),(5,'J2XML Importer 1.5 Updates','extension','http://www.eshiol.it/updates/plugins/j2xml-importer-15-updates?format=xml&dummy=extension.xml',1,1721112420,''),(7,'Plazart Framework Update','extension','https://raw.githubusercontent.com/templaza/plazart/master/update.xml',1,1721112420,''),(8,'System - Helix Framework','extension','http://www.joomshaper.com/updates/plg_system_helix.xml',1,1721112420,''),(9,'SunFw FrameWork Updates','extension','http://www.joomlashine.com/versioning/extensions/sunfwframework.xml',1,1721112440,''),(10,'System - Helix Ultimate Framework','extension','http://www.joomshaper.com/updates/plg-system-helixultimate.xml',1,1721112441,''),(12,'Slideshow CK Update','extension','https://update.joomlack.fr/mod_slideshowck_update.xml',1,1721112442,'');

--
-- Table structure for table `ntsn2_update_sites_extensions`
--

CREATE TABLE `ntsn2_update_sites_extensions` (
  `update_site_id` int NOT NULL DEFAULT '0',
  `extension_id` int NOT NULL DEFAULT '0',
  PRIMARY KEY (`update_site_id`,`extension_id`)
) ENGINE=InnoDB DEFAULT CHARSET=utf8mb4 COLLATE=utf8mb4_unicode_ci COMMENT='Links extensions to update sites';

--
-- Dumping data for table `ntsn2_update_sites_extensions`
--

INSERT INTO `ntsn2_update_sites_extensions` VALUES (1,700),(2,802),(2,10009),(3,28),(4,10005),(5,10006),(7,10013),(8,10018),(9,10022),(10,10030),(12,10041);

--
-- Table structure for table `ntsn2_updates`
--

CREATE TABLE `ntsn2_updates` (
  `update_id` int NOT NULL AUTO_INCREMENT,
  `update_site_id` int DEFAULT '0',
  `extension_id` int DEFAULT '0',
  `name` varchar(100) CHARACTER SET utf8mb4 COLLATE utf8mb4_unicode_ci DEFAULT '',
  `description` text CHARACTER SET utf8mb4 COLLATE utf8mb4_unicode_ci NOT NULL,
  `element` varchar(100) CHARACTER SET utf8mb4 COLLATE utf8mb4_unicode_ci DEFAULT '',
  `type` varchar(20) CHARACTER SET utf8mb4 COLLATE utf8mb4_unicode_ci DEFAULT '',
  `folder` varchar(20) CHARACTER SET utf8mb4 COLLATE utf8mb4_unicode_ci DEFAULT '',
  `client_id` tinyint DEFAULT '0',
  `version` varchar(32) CHARACTER SET utf8mb4 COLLATE utf8mb4_unicode_ci DEFAULT '',
  `data` text CHARACTER SET utf8mb4 COLLATE utf8mb4_unicode_ci NOT NULL,
  `detailsurl` text CHARACTER SET utf8mb4 COLLATE utf8mb4_unicode_ci NOT NULL,
  `infourl` text CHARACTER SET utf8mb4 COLLATE utf8mb4_unicode_ci NOT NULL,
  `extra_query` varchar(1000) CHARACTER SET utf8mb4 COLLATE utf8mb4_unicode_ci DEFAULT '',
  PRIMARY KEY (`update_id`)
) ENGINE=InnoDB AUTO_INCREMENT=5040 DEFAULT CHARSET=utf8mb4 COLLATE=utf8mb4_unicode_ci COMMENT='Available Updates';

--
-- Dumping data for table `ntsn2_updates`
--

INSERT INTO `ntsn2_updates` VALUES (4958,2,0,'Afrikaans','','pkg_af-ZA','package','',0,'3.9.16.1','','https://update.joomla.org/language/details3/af-ZA_details.xml','',''),(4959,2,0,'Albanian','','pkg_sq-AL','package','',0,'3.1.1.2','','https://update.joomla.org/language/details3/sq-AL_details.xml','',''),(4960,2,0,'Arabic Unitag','','pkg_ar-AA','package','',0,'3.9.27.1','','https://update.joomla.org/language/details3/ar-AA_details.xml','',''),(4961,2,0,'Armenian','','pkg_hy-AM','package','',0,'3.4.4.1','','https://update.joomla.org/language/details3/hy-AM_details.xml','',''),(4962,2,0,'Basque','','pkg_eu-ES','package','',0,'3.9.24.1','','https://update.joomla.org/language/details3/eu-ES_details.xml','',''),(4963,2,0,'Belarusian','','pkg_be-BY','package','',0,'3.2.1.2','','https://update.joomla.org/language/details3/be-BY_details.xml','',''),(4964,2,0,'Bengali, Bangladesh','','pkg_bn-BD','package','',0,'3.8.10.1','','https://update.joomla.org/language/details3/bn-BD_details.xml','',''),(4965,2,0,'Bosnian','','pkg_bs-BA','package','',0,'3.9.24.1','','https://update.joomla.org/language/details3/bs-BA_details.xml','',''),(4966,2,0,'Bulgarian','','pkg_bg-BG','package','',0,'3.6.5.2','','https://update.joomla.org/language/details3/bg-BG_details.xml','',''),(4967,2,0,'Catalan','','pkg_ca-ES','package','',0,'3.9.23.1','','https://update.joomla.org/language/details3/ca-ES_details.xml','',''),(4968,2,0,'Chinese, Simplified','','pkg_zh-CN','package','',0,'3.10.6.1','','https://update.joomla.org/language/details3/zh-CN_details.xml','',''),(4969,2,0,'Chinese, Traditional','','pkg_zh-TW','package','',0,'3.8.0.1','','https://update.joomla.org/language/details3/zh-TW_details.xml','',''),(4970,2,0,'Croatian','','pkg_hr-HR','package','',0,'3.10.11.1','','https://update.joomla.org/language/details3/hr-HR_details.xml','',''),(4971,2,0,'Czech','','pkg_cs-CZ','package','',0,'3.10.11.1','','https://update.joomla.org/language/details3/cs-CZ_details.xml','',''),(4972,2,0,'Danish','','pkg_da-DK','package','',0,'3.10.10.1','','https://update.joomla.org/language/details3/da-DK_details.xml','',''),(4973,2,0,'Dari Persian','','pkg_prs-AF','package','',0,'3.4.4.3','','https://update.joomla.org/language/details3/prs-AF_details.xml','',''),(4974,2,0,'Dutch','','pkg_nl-NL','package','',0,'3.10.12.1','','https://update.joomla.org/language/details3/nl-NL_details.xml','',''),(4975,2,0,'Dzongkha','','pkg_dz-BT','package','',0,'3.6.2.1','','https://update.joomla.org/language/details3/dz-BT_details.xml','',''),(4976,2,0,'English, Australia','','pkg_en-AU','package','',0,'3.9.28.1','','https://update.joomla.org/language/details3/en-AU_details.xml','',''),(4977,2,0,'English, Canada','','pkg_en-CA','package','',0,'3.9.28.1','','https://update.joomla.org/language/details3/en-CA_details.xml','',''),(4978,2,0,'English, New Zealand','','pkg_en-NZ','package','',0,'3.9.28.1','','https://update.joomla.org/language/details3/en-NZ_details.xml','',''),(4979,2,0,'English, USA','','pkg_en-US','package','',0,'3.9.28.1','','https://update.joomla.org/language/details3/en-US_details.xml','',''),(4980,2,0,'Esperanto','','pkg_eo-XX','package','',0,'3.8.11.1','','https://update.joomla.org/language/details3/eo-XX_details.xml','',''),(4981,2,0,'Estonian','','pkg_et-EE','package','',0,'3.9.21.1','','https://update.joomla.org/language/details3/et-EE_details.xml','',''),(4982,2,0,'Finnish','','pkg_fi-FI','package','',0,'3.9.16.1','','https://update.joomla.org/language/details3/fi-FI_details.xml','',''),(4983,2,0,'Flemish','','pkg_nl-BE','package','',0,'3.10.11.1','','https://update.joomla.org/language/details3/nl-BE_details.xml','',''),(4984,2,0,'French','','pkg_fr-FR','package','',0,'3.10.12.1','','https://update.joomla.org/language/details3/fr-FR_details.xml','',''),(4985,2,0,'French, Canada','','pkg_fr-CA','package','',0,'3.6.5.1','','https://update.joomla.org/language/details3/fr-CA_details.xml','',''),(4986,2,0,'Galician','','pkg_gl-ES','package','',0,'3.3.1.2','','https://update.joomla.org/language/details3/gl-ES_details.xml','',''),(4987,2,0,'Georgian','','pkg_ka-GE','package','',0,'3.10.12.1','','https://update.joomla.org/language/details3/ka-GE_details.xml','',''),(4988,2,0,'German','','pkg_de-DE','package','',0,'3.10.12.1','','https://update.joomla.org/language/details3/de-DE_details.xml','',''),(4989,2,0,'German, Austria','','pkg_de-AT','package','',0,'3.10.12.1','','https://update.joomla.org/language/details3/de-AT_details.xml','',''),(4990,2,0,'German, Liechtenstein','','pkg_de-LI','package','',0,'3.10.12.1','','https://update.joomla.org/language/details3/de-LI_details.xml','',''),(4991,2,0,'German, Luxembourg','','pkg_de-LU','package','',0,'3.10.12.1','','https://update.joomla.org/language/details3/de-LU_details.xml','',''),(4992,2,0,'German, Switzerland','','pkg_de-CH','package','',0,'3.10.12.1','','https://update.joomla.org/language/details3/de-CH_details.xml','',''),(4993,2,10009,'Greek','','pkg_el-GR','package','',0,'3.10.11.1','','https://update.joomla.org/language/details3/el-GR_details.xml','',''),(4994,2,0,'Hebrew','','pkg_he-IL','package','',0,'3.1.1.2','','https://update.joomla.org/language/details3/he-IL_details.xml','',''),(4995,2,0,'Hindi, India','','pkg_hi-IN','package','',0,'3.3.6.2','','https://update.joomla.org/language/details3/hi-IN_details.xml','',''),(4996,2,0,'Hungarian','','pkg_hu-HU','package','',0,'3.10.12.2','','https://update.joomla.org/language/details3/hu-HU_details.xml','',''),(4997,2,0,'Indonesian, Bahasa Indonesia','','pkg_id-ID','package','',0,'3.6.2.1','','https://update.joomla.org/language/details3/id-ID_details.xml','',''),(4998,2,0,'Irish','','pkg_ga-IE','package','',0,'3.10.12.1','','https://update.joomla.org/language/details3/ga-IE_details.xml','',''),(4999,2,0,'Italian','','pkg_it-IT','package','',0,'3.10.12.1','','https://update.joomla.org/language/details3/it-IT_details.xml','',''),(5000,2,0,'Japanese','','pkg_ja-JP','package','',0,'3.10.12.1','','https://update.joomla.org/language/details3/ja-JP_details.xml','',''),(5001,2,0,'Kazakh','','pkg_kk-KZ','package','',0,'3.9.23.1','','https://update.joomla.org/language/details3/kk-KZ_details.xml','',''),(5002,2,0,'Khmer','','pkg_km-KH','package','',0,'3.4.5.1','','https://update.joomla.org/language/details3/km-KH_details.xml','',''),(5003,2,0,'Korean','','pkg_ko-KR','package','',0,'3.8.9.1','','https://update.joomla.org/language/details3/ko-KR_details.xml','',''),(5004,2,0,'Latvian','','pkg_lv-LV','package','',0,'3.9.25.2','','https://update.joomla.org/language/details3/lv-LV_details.xml','',''),(5005,2,0,'Lithuanian','','pkg_lt-LT','package','',0,'3.9.16.1','','https://update.joomla.org/language/details3/lt-LT_details.xml','',''),(5006,2,0,'Macedonian','','pkg_mk-MK','package','',0,'3.6.5.1','','https://update.joomla.org/language/details3/mk-MK_details.xml','',''),(5007,2,0,'Malay','','pkg_ms-MY','package','',0,'3.4.1.2','','https://update.joomla.org/language/details3/ms-MY_details.xml','',''),(5008,2,0,'Montenegrin','','pkg_srp-ME','package','',0,'3.3.1.2','','https://update.joomla.org/language/details3/srp-ME_details.xml','',''),(5009,2,0,'Norwegian Bokmål','','pkg_nb-NO','package','',0,'3.10.12.2','','https://update.joomla.org/language/details3/nb-NO_details.xml','',''),(5010,2,0,'Norwegian Nynorsk','','pkg_nn-NO','package','',0,'3.4.2.1','','https://update.joomla.org/language/details3/nn-NO_details.xml','',''),(5011,2,0,'Persian Farsi','','pkg_fa-IR','package','',0,'3.10.12.1','','https://update.joomla.org/language/details3/fa-IR_details.xml','',''),(5012,2,0,'Polish','','pkg_pl-PL','package','',0,'3.10.10.1','','https://update.joomla.org/language/details3/pl-PL_details.xml','',''),(5013,2,0,'Portuguese, Brazil','','pkg_pt-BR','package','',0,'3.9.21.1','','https://update.joomla.org/language/details3/pt-BR_details.xml','',''),(5014,2,0,'Portuguese, Portugal','','pkg_pt-PT','package','',0,'3.9.29.2','','https://update.joomla.org/language/details3/pt-PT_details.xml','',''),(5015,2,0,'Romanian','','pkg_ro-RO','package','',0,'3.10.12.1','','https://update.joomla.org/language/details3/ro-RO_details.xml','',''),(5016,2,0,'Russian','','pkg_ru-RU','package','',0,'3.10.12.1','','https://update.joomla.org/language/details3/ru-RU_details.xml','',''),(5017,2,0,'Serbian, Cyrillic','','pkg_sr-RS','package','',0,'3.10.2.1','','https://update.joomla.org/language/details3/sr-RS_details.xml','',''),(5018,2,0,'Serbian, Latin','','pkg_sr-YU','package','',0,'3.10.2.1','','https://update.joomla.org/language/details3/sr-YU_details.xml','',''),(5019,2,0,'Sinhala','','pkg_si-LK','package','',0,'3.3.1.2','','https://update.joomla.org/language/details3/si-LK_details.xml','',''),(5020,2,0,'Slovak','','pkg_sk-SK','package','',0,'3.10.5.1','','https://update.joomla.org/language/details3/sk-SK_details.xml','',''),(5021,2,0,'Slovenian','','pkg_sl-SI','package','',0,'3.10.12.1','','https://update.joomla.org/language/details3/sl-SI_details.xml','',''),(5022,2,0,'Spanish','','pkg_es-ES','package','',0,'3.10.10.1','','https://update.joomla.org/language/details3/es-ES_details.xml','',''),(5023,2,0,'Spanish, Colombia','','pkg_es-CO','package','',0,'3.9.15.1','','https://update.joomla.org/language/details3/es-CO_details.xml','',''),(5024,2,0,'Swahili','','pkg_sw-KE','package','',0,'3.10.12.1','','https://update.joomla.org/language/details3/sw-KE_details.xml','',''),(5025,2,0,'Swedish','','pkg_sv-SE','package','',0,'3.10.12.1','','https://update.joomla.org/language/details3/sv-SE_details.xml','',''),(5026,2,0,'Syriac, East','','pkg_sy-IQ','package','',0,'3.4.5.1','','https://update.joomla.org/language/details3/sy-IQ_details.xml','',''),(5027,2,0,'Tamil, India','','pkg_ta-IN','package','',0,'3.10.11.1','','https://update.joomla.org/language/details3/ta-IN_details.xml','',''),(5028,2,0,'Thai','','pkg_th-TH','package','',0,'3.10.12.1','','https://update.joomla.org/language/details3/th-TH_details.xml','',''),(5029,2,0,'Turkish','','pkg_tr-TR','package','',0,'3.9.28.1','','https://update.joomla.org/language/details3/tr-TR_details.xml','',''),(5030,2,0,'Turkmen','','pkg_tk-TM','package','',0,'3.5.0.2','','https://update.joomla.org/language/details3/tk-TM_details.xml','',''),(5031,2,0,'Ukrainian','','pkg_uk-UA','package','',0,'3.10.2.1','','https://update.joomla.org/language/details3/uk-UA_details.xml','',''),(5032,2,0,'Uyghur','','pkg_ug-CN','package','',0,'3.7.5.2','','https://update.joomla.org/language/details3/ug-CN_details.xml','',''),(5033,2,0,'Vietnamese','','pkg_vi-VN','package','',0,'3.2.1.2','','https://update.joomla.org/language/details3/vi-VN_details.xml','',''),(5034,2,0,'Welsh','','pkg_cy-GB','package','',0,'3.10.12.1','','https://update.joomla.org/language/details3/cy-GB_details.xml','',''),(5035,4,0,'J2XML','J2XML 3.3 - share your content','j2xml','package','',0,'3.3.20.471','','http://www.eshiol.it/updates/packages/j2xml-updates?format=xml&dummy=extension.xml','https://www.eshiol.it/',''),(5036,1,700,'Joomla','','joomla','file','',0,'3.10.12','','https://update.joomla.org/core/extension.xml','',''),(5037,7,10013,'Plazart - Plugin Version 6.9','Plugin Plazart https://github.com/templaza/plazart','plazart','plugin','system',0,'7.0','','https://raw.githubusercontent.com/templaza/plazart/master/update.xml','https://github.com/templaza/plazart',''),(5038,10,10030,'System - Helix Ultimate Framework','','helixultimate','plugin','system',0,'2.1.1','','http://www.joomshaper.com/updates/plg-system-helixultimate.xml','',''),(5039,12,10041,'Slideshow CK','Show your images with a nice effect','mod_slideshowck','module','',0,'2.0.0','','https://update.joomlack.fr/mod_slideshowck_update.xml','https://www.joomlack.fr/extensions-joomla/slideshow-ck','');

--
-- Table structure for table `ntsn2_user_keys`
--

CREATE TABLE `ntsn2_user_keys` (
  `id` int unsigned NOT NULL AUTO_INCREMENT,
  `user_id` varchar(150) CHARACTER SET utf8mb4 COLLATE utf8mb4_unicode_ci NOT NULL,
  `token` varchar(255) CHARACTER SET utf8mb4 COLLATE utf8mb4_unicode_ci NOT NULL,
  `series` varchar(191) CHARACTER SET utf8mb4 COLLATE utf8mb4_unicode_ci NOT NULL,
  `invalid` tinyint NOT NULL,
  `time` varchar(200) CHARACTER SET utf8mb4 COLLATE utf8mb4_unicode_ci NOT NULL,
  `uastring` varchar(255) CHARACTER SET utf8mb4 COLLATE utf8mb4_unicode_ci NOT NULL,
  PRIMARY KEY (`id`),
  UNIQUE KEY `series` (`series`),
  KEY `user_id` (`user_id`)
) ENGINE=InnoDB DEFAULT CHARSET=utf8mb4 COLLATE=utf8mb4_unicode_ci;

--
-- Dumping data for table `ntsn2_user_keys`
--


--
-- Table structure for table `ntsn2_user_notes`
--

CREATE TABLE `ntsn2_user_notes` (
  `id` int unsigned NOT NULL AUTO_INCREMENT,
  `user_id` int unsigned NOT NULL DEFAULT '0',
  `catid` int unsigned NOT NULL DEFAULT '0',
  `subject` varchar(100) CHARACTER SET utf8mb4 COLLATE utf8mb4_unicode_ci NOT NULL DEFAULT '',
  `body` text CHARACTER SET utf8mb4 COLLATE utf8mb4_unicode_ci NOT NULL,
  `state` tinyint NOT NULL DEFAULT '0',
  `checked_out` int unsigned NOT NULL DEFAULT '0',
  `checked_out_time` datetime NOT NULL DEFAULT '0000-00-00 00:00:00',
  `created_user_id` int unsigned NOT NULL DEFAULT '0',
  `created_time` datetime NOT NULL DEFAULT '0000-00-00 00:00:00',
  `modified_user_id` int unsigned NOT NULL,
  `modified_time` datetime NOT NULL DEFAULT '0000-00-00 00:00:00',
  `review_time` datetime NOT NULL DEFAULT '0000-00-00 00:00:00',
  `publish_up` datetime NOT NULL DEFAULT '0000-00-00 00:00:00',
  `publish_down` datetime NOT NULL DEFAULT '0000-00-00 00:00:00',
  PRIMARY KEY (`id`),
  KEY `idx_user_id` (`user_id`),
  KEY `idx_category_id` (`catid`)
) ENGINE=InnoDB DEFAULT CHARSET=utf8mb4 COLLATE=utf8mb4_unicode_ci;

--
-- Dumping data for table `ntsn2_user_notes`
--


--
-- Table structure for table `ntsn2_user_profiles`
--

CREATE TABLE `ntsn2_user_profiles` (
  `user_id` int NOT NULL,
  `profile_key` varchar(100) CHARACTER SET utf8mb4 COLLATE utf8mb4_unicode_ci NOT NULL,
  `profile_value` text CHARACTER SET utf8mb4 COLLATE utf8mb4_unicode_ci NOT NULL,
  `ordering` int NOT NULL DEFAULT '0',
  UNIQUE KEY `idx_user_id_profile_key` (`user_id`,`profile_key`)
) ENGINE=InnoDB DEFAULT CHARSET=utf8mb4 COLLATE=utf8mb4_unicode_ci COMMENT='Simple user profile storage table';

--
-- Dumping data for table `ntsn2_user_profiles`
--


--
-- Table structure for table `ntsn2_user_usergroup_map`
--

CREATE TABLE `ntsn2_user_usergroup_map` (
  `user_id` int unsigned NOT NULL DEFAULT '0' COMMENT 'Foreign Key to #__users.id',
  `group_id` int unsigned NOT NULL DEFAULT '0' COMMENT 'Foreign Key to #__usergroups.id',
  PRIMARY KEY (`user_id`,`group_id`)
) ENGINE=InnoDB DEFAULT CHARSET=utf8mb4 COLLATE=utf8mb4_unicode_ci;

--
-- Dumping data for table `ntsn2_user_usergroup_map`
--

INSERT INTO `ntsn2_user_usergroup_map` VALUES (57,8);

--
-- Table structure for table `ntsn2_usergroups`
--

CREATE TABLE `ntsn2_usergroups` (
  `id` int unsigned NOT NULL AUTO_INCREMENT COMMENT 'Primary Key',
  `parent_id` int unsigned NOT NULL DEFAULT '0' COMMENT 'Adjacency List Reference Id',
  `lft` int NOT NULL DEFAULT '0' COMMENT 'Nested set lft.',
  `rgt` int NOT NULL DEFAULT '0' COMMENT 'Nested set rgt.',
  `title` varchar(100) CHARACTER SET utf8mb4 COLLATE utf8mb4_unicode_ci NOT NULL DEFAULT '',
  PRIMARY KEY (`id`),
  UNIQUE KEY `idx_usergroup_parent_title_lookup` (`parent_id`,`title`),
  KEY `idx_usergroup_title_lookup` (`title`),
  KEY `idx_usergroup_adjacency_lookup` (`parent_id`),
  KEY `idx_usergroup_nested_set_lookup` (`lft`,`rgt`) USING BTREE
) ENGINE=InnoDB AUTO_INCREMENT=10 DEFAULT CHARSET=utf8mb4 COLLATE=utf8mb4_unicode_ci;

--
-- Dumping data for table `ntsn2_usergroups`
--

INSERT INTO `ntsn2_usergroups` VALUES (1,0,1,18,'Public'),(2,1,8,15,'Registered'),(3,2,9,14,'Author'),(4,3,10,13,'Editor'),(5,4,11,12,'Publisher'),(6,1,4,7,'Manager'),(7,6,5,6,'Administrator'),(8,1,16,17,'Super Users'),(9,1,2,3,'Guest');

--
-- Table structure for table `ntsn2_users`
--

CREATE TABLE `ntsn2_users` (
  `id` int NOT NULL AUTO_INCREMENT,
  `name` varchar(400) CHARACTER SET utf8mb4 COLLATE utf8mb4_unicode_ci NOT NULL DEFAULT '',
  `username` varchar(150) CHARACTER SET utf8mb4 COLLATE utf8mb4_unicode_ci NOT NULL DEFAULT '',
  `email` varchar(100) CHARACTER SET utf8mb4 COLLATE utf8mb4_unicode_ci NOT NULL DEFAULT '',
  `password` varchar(100) CHARACTER SET utf8mb4 COLLATE utf8mb4_unicode_ci NOT NULL DEFAULT '',
  `block` tinyint NOT NULL DEFAULT '0',
  `sendEmail` tinyint DEFAULT '0',
  `registerDate` datetime NOT NULL DEFAULT '0000-00-00 00:00:00',
  `lastvisitDate` datetime NOT NULL DEFAULT '0000-00-00 00:00:00',
  `activation` varchar(100) CHARACTER SET utf8mb4 COLLATE utf8mb4_unicode_ci NOT NULL DEFAULT '',
  `params` text CHARACTER SET utf8mb4 COLLATE utf8mb4_unicode_ci NOT NULL,
  `lastResetTime` datetime NOT NULL DEFAULT '0000-00-00 00:00:00' COMMENT 'Date of last password reset',
  `resetCount` int NOT NULL DEFAULT '0' COMMENT 'Count of password resets since lastResetTime',
  `otpKey` varchar(1000) CHARACTER SET utf8mb4 COLLATE utf8mb4_unicode_ci NOT NULL DEFAULT '' COMMENT 'Two factor authentication encrypted keys',
  `otep` varchar(1000) CHARACTER SET utf8mb4 COLLATE utf8mb4_unicode_ci NOT NULL DEFAULT '' COMMENT 'One time emergency passwords',
  `requireReset` tinyint NOT NULL DEFAULT '0' COMMENT 'Require user to reset password on next login',
  PRIMARY KEY (`id`),
  UNIQUE KEY `idx_username` (`username`),
  KEY `idx_name` (`name`(100)),
  KEY `idx_block` (`block`),
  KEY `email` (`email`)
) ENGINE=InnoDB AUTO_INCREMENT=58 DEFAULT CHARSET=utf8mb4 COLLATE=utf8mb4_unicode_ci;

--
-- Dumping data for table `ntsn2_users`
--

INSERT INTO `ntsn2_users` VALUES (57,'Super User','ntsadmin','nts@cti.gr','$2y$10$oMT17nSLQMo1DDMeLQTZv.3fgskkSzfTOjIP1dwD4VOv2aUtQAKIO',0,1,'2019-04-03 09:25:27','2024-07-16 06:46:56','0','{}','0000-00-00 00:00:00',0,'','',0);

--
-- Table structure for table `ntsn2_utf8_conversion`
--

CREATE TABLE `ntsn2_utf8_conversion` (
  `converted` tinyint NOT NULL DEFAULT '0'
) ENGINE=InnoDB DEFAULT CHARSET=utf8mb4 COLLATE=utf8mb4_unicode_ci;

--
-- Dumping data for table `ntsn2_utf8_conversion`
--

INSERT INTO `ntsn2_utf8_conversion` VALUES (5);

--
-- Table structure for table `ntsn2_viewlevels`
--

CREATE TABLE `ntsn2_viewlevels` (
  `id` int unsigned NOT NULL AUTO_INCREMENT COMMENT 'Primary Key',
  `title` varchar(100) CHARACTER SET utf8mb4 COLLATE utf8mb4_unicode_ci NOT NULL DEFAULT '',
  `ordering` int NOT NULL DEFAULT '0',
  `rules` varchar(5120) CHARACTER SET utf8mb4 COLLATE utf8mb4_unicode_ci NOT NULL COMMENT 'JSON encoded access control.',
  PRIMARY KEY (`id`),
  UNIQUE KEY `idx_assetgroup_title_lookup` (`title`)
) ENGINE=InnoDB AUTO_INCREMENT=7 DEFAULT CHARSET=utf8mb4 COLLATE=utf8mb4_unicode_ci;

--
-- Dumping data for table `ntsn2_viewlevels`
--

INSERT INTO `ntsn2_viewlevels` VALUES (1,'Public',0,'[1]'),(2,'Registered',2,'[6,2,8]'),(3,'Special',3,'[6,3,8]'),(5,'Guest',1,'[9]'),(6,'Super Users',4,'[8]');


